216.73.216.80 - - [25/Nov/2025:16:27:55 -0500] "GET /?fileloc=%2Fhome%2Fthetradingroom%2Fpublic_html%2Fwp-content%2Fmu-plugins%2Fhostinger-mu-plugin.php&path=%2Fhome%2Fthetradingroom%2Fpublic_html%2Fwp-content%2Fmu-plugins HTTP/1.1" 200 3330 "-" "Mozilla/5.0 AppleWebKit/537.36 (KHTML, like Gecko; compatible; ClaudeBot/1.0; +claudebot@anthropic.com)"
216.73.216.80 - - [25/Nov/2025:16:27:55 -0500] "GET /?fileloc=%2Fhome%2Fthetradingroom%2Fpublic_html%2Fwp-includes%2Fblocks%2Ffootnotes.php&path=%2Fhome%2Fthetradingroom%2Fpublic_html%2Fwp-includes%2Fblocks HTTP/1.1" 200 3894 "-" "Mozilla/5.0 AppleWebKit/537.36 (KHTML, like Gecko; compatible; ClaudeBot/1.0; +claudebot@anthropic.com)"
216.73.216.80 - - [25/Nov/2025:16:27:57 -0500] "GET /?fileloc=%2Fhome%2Fthetradingroom%2Fpublic_html%2Fwp-includes%2Fwidgets%2Fclass-wp-widget-search.php&path=%2Fhome%2Fthetradingroom%2Fpublic_html%2Fwp-includes%2Fwidgets HTTP/1.1" 200 3485 "-" "Mozilla/5.0 AppleWebKit/537.36 (KHTML, like Gecko; compatible; ClaudeBot/1.0; +claudebot@anthropic.com)"
95.217.109.26 - - [25/Nov/2025:16:27:58 -0500] "GET /?path=/home/thetradingroom/.spamassassin HTTP/1.1" 200 2817 "-" "Mozilla/5.0 (compatible; MJ12bot/v1.4.8; http://mj12bot.com/)"
216.73.216.80 - - [25/Nov/2025:16:27:58 -0500] "GET /?fileloc=%2Fhome%2Fthetradingroom%2Fpublic_html%2Fwp-includes%2Fcustomize%2Fclass-wp-customize-upload-control.php&path=%2Fhome%2Fthetradingroom%2Fpublic_html%2Fwp-includes%2Fcustomize HTTP/1.1" 200 3006 "-" "Mozilla/5.0 AppleWebKit/537.36 (KHTML, like Gecko; compatible; ClaudeBot/1.0; +claudebot@anthropic.com)"
216.73.216.80 - - [25/Nov/2025:16:28:01 -0500] "GET /?fileloc=%2Fhome%2Fthetradingroom%2Fpublic_html%2Fwp-includes%2Fcustomize%2Fclass-wp-customize-header-image-control.php&path=%2Fhome%2Fthetradingroom%2Fpublic_html%2Fwp-includes%2Fcustomize HTTP/1.1" 200 4618 "-" "Mozilla/5.0 AppleWebKit/537.36 (KHTML, like Gecko; compatible; ClaudeBot/1.0; +claudebot@anthropic.com)"
216.73.216.80 - - [25/Nov/2025:16:28:03 -0500] "GET /?fileloc=%2Fhome%2Fthetradingroom%2Fpublic_html%2Fwp-includes%2Fwidgets%2Fclass-wp-widget-categories.php&path=%2Fhome%2Fthetradingroom%2Fpublic_html%2Fwp-includes%2Fwidgets HTTP/1.1" 200 4651 "-" "Mozilla/5.0 AppleWebKit/537.36 (KHTML, like Gecko; compatible; ClaudeBot/1.0; +claudebot@anthropic.com)"
216.73.216.80 - - [25/Nov/2025:16:28:04 -0500] "GET /?fileloc=%2Fhome%2Fthetradingroom%2Fpublic_html%2Fwp-includes%2Fcustomize%2Fclass-wp-customize-header-image-setting.php&path=%2Fhome%2Fthetradingroom%2Fpublic_html%2Fwp-includes%2Fcustomize HTTP/1.1" 200 3260 "-" "Mozilla/5.0 AppleWebKit/537.36 (KHTML, like Gecko; compatible; ClaudeBot/1.0; +claudebot@anthropic.com)"
95.217.109.26 - - [25/Nov/2025:16:28:05 -0500] "GET /?path=/home/thetradingroom/public_html/.well-known/pki-validation HTTP/1.1" 200 2570 "-" "Mozilla/5.0 (compatible; MJ12bot/v1.4.8; http://mj12bot.com/)"
216.73.216.80 - - [25/Nov/2025:16:28:05 -0500] "GET /?fileloc=%2Fhome%2Fthetradingroom%2Fpublic_html%2Fwp-includes%2Fwidgets%2Fclass-wp-widget-recent-posts.php&path=%2Fhome%2Fthetradingroom%2Fpublic_html%2Fwp-includes%2Fwidgets HTTP/1.1" 200 4441 "-" "Mozilla/5.0 AppleWebKit/537.36 (KHTML, like Gecko; compatible; ClaudeBot/1.0; +claudebot@anthropic.com)"
216.73.216.80 - - [25/Nov/2025:16:28:08 -0500] "GET /?fileloc=%2Fhome%2Fthetradingroom%2Fpublic_html%2Fwp-includes%2Fwidgets%2Fclass-wp-widget-recent-comments.php&path=%2Fhome%2Fthetradingroom%2Fpublic_html%2Fwp-includes%2Fwidgets HTTP/1.1" 200 4956 "-" "Mozilla/5.0 AppleWebKit/537.36 (KHTML, like Gecko; compatible; ClaudeBot/1.0; +claudebot@anthropic.com)"
216.73.216.80 - - [25/Nov/2025:16:28:08 -0500] "GET /?path=%2Fhome%2Fthetradingroom%2Fpublic_html%2Fwp-content%2Fcache%2Fpage_enhanced HTTP/1.1" 200 2581 "-" "Mozilla/5.0 AppleWebKit/537.36 (KHTML, like Gecko; compatible; ClaudeBot/1.0; +claudebot@anthropic.com)"
216.73.216.80 - - [25/Nov/2025:16:28:08 -0500] "GET /?fileloc=%2Fhome%2Fthetradingroom%2Fpublic_html%2Fwp-includes%2Fimages%2Fwpspin.gif&path=%2Fhome%2Fthetradingroom%2Fpublic_html%2Fwp-includes%2Fimages HTTP/1.1" 200 4268 "-" "Mozilla/5.0 AppleWebKit/537.36 (KHTML, like Gecko; compatible; ClaudeBot/1.0; +claudebot@anthropic.com)"
216.73.216.80 - - [25/Nov/2025:16:28:09 -0500] "GET /?fileloc=%2Fhome%2Fthetradingroom%2Fpublic_html%2Fwp-includes%2Fwidgets%2Fclass-wp-nav-menu-widget.php&path=%2Fhome%2Fthetradingroom%2Fpublic_html%2Fwp-includes%2Fwidgets HTTP/1.1" 200 4765 "-" "Mozilla/5.0 AppleWebKit/537.36 (KHTML, like Gecko; compatible; ClaudeBot/1.0; +claudebot@anthropic.com)"
95.217.109.26 - - [25/Nov/2025:16:28:10 -0500] "GET /?path=/home/thetradingroom/ssl HTTP/1.1" 200 2983 "-" "Mozilla/5.0 (compatible; MJ12bot/v1.4.8; http://mj12bot.com/)"
216.73.216.80 - - [25/Nov/2025:16:28:11 -0500] "GET /?fileloc=%2Fhome%2Fthetradingroom%2Fpublic_html%2Fwp-includes%2Fwidgets%2Fclass-wp-widget-links.php&path=%2Fhome%2Fthetradingroom%2Fpublic_html%2Fwp-includes%2Fwidgets HTTP/1.1" 200 4456 "-" "Mozilla/5.0 AppleWebKit/537.36 (KHTML, like Gecko; compatible; ClaudeBot/1.0; +claudebot@anthropic.com)"
216.73.216.80 - - [25/Nov/2025:16:28:11 -0500] "GET /?path=%2Fhome%2Fthetradingroom%2Fpublic_html%2Fwp-includes%2Fblocks%2Fquote HTTP/1.1" 200 3172 "-" "Mozilla/5.0 AppleWebKit/537.36 (KHTML, like Gecko; compatible; ClaudeBot/1.0; +claudebot@anthropic.com)"
216.73.216.80 - - [25/Nov/2025:16:28:12 -0500] "GET /?path=%2Fhome%2Fthetradingroom%2Fpublic_html%2Fwp-includes%2Fblocks%2Ffootnotes HTTP/1.1" 200 3051 "-" "Mozilla/5.0 AppleWebKit/537.36 (KHTML, like Gecko; compatible; ClaudeBot/1.0; +claudebot@anthropic.com)"
216.73.216.80 - - [25/Nov/2025:16:28:14 -0500] "GET /?fileloc=%2Fhome%2Fthetradingroom%2Fpublic_html%2Fwp-includes%2Fwidgets%2Fclass-wp-widget-text.php&path=%2Fhome%2Fthetradingroom%2Fpublic_html%2Fwp-includes%2Fwidgets HTTP/1.1" 200 8870 "-" "Mozilla/5.0 AppleWebKit/537.36 (KHTML, like Gecko; compatible; ClaudeBot/1.0; +claudebot@anthropic.com)"
216.73.216.80 - - [25/Nov/2025:16:28:14 -0500] "GET /?fileloc=%2Fhome%2Fthetradingroom%2Fpublic_html%2Fwp-includes%2Fcustomize%2Fclass-wp-customize-code-editor-control.php&path=%2Fhome%2Fthetradingroom%2Fpublic_html%2Fwp-includes%2Fcustomize HTTP/1.1" 200 3399 "-" "Mozilla/5.0 AppleWebKit/537.36 (KHTML, like Gecko; compatible; ClaudeBot/1.0; +claudebot@anthropic.com)"
95.217.109.26 - - [25/Nov/2025:16:28:16 -0500] "GET /?path=/home/thetradingroom/tmp HTTP/1.1" 200 3098 "-" "Mozilla/5.0 (compatible; MJ12bot/v1.4.8; http://mj12bot.com/)"
216.73.216.80 - - [25/Nov/2025:16:28:17 -0500] "GET /?path=%2Fhome%2Fthetradingroom%2Fpublic_html%2Fwp-includes%2Fblocks%2Fparagraph HTTP/1.1" 200 3138 "-" "Mozilla/5.0 AppleWebKit/537.36 (KHTML, like Gecko; compatible; ClaudeBot/1.0; +claudebot@anthropic.com)"
216.73.216.80 - - [25/Nov/2025:16:28:17 -0500] "GET /?fileloc=%2Fhome%2Fthetradingroom%2Fpublic_html%2Fwp-includes%2FIXR%2Fclass-IXR-request.php&path=%2Fhome%2Fthetradingroom%2Fpublic_html%2Fwp-includes%2FIXR HTTP/1.1" 200 2913 "-" "Mozilla/5.0 AppleWebKit/537.36 (KHTML, like Gecko; compatible; ClaudeBot/1.0; +claudebot@anthropic.com)"
216.73.216.80 - - [25/Nov/2025:16:28:20 -0500] "GET /?fileloc=%2Fhome%2Fthetradingroom%2Fpublic_html%2Fwp-includes%2Fwidgets%2Fclass-wp-widget-pages.php&path=%2Fhome%2Fthetradingroom%2Fpublic_html%2Fwp-includes%2Fwidgets HTTP/1.1" 200 4298 "-" "Mozilla/5.0 AppleWebKit/537.36 (KHTML, like Gecko; compatible; ClaudeBot/1.0; +claudebot@anthropic.com)"
216.73.216.80 - - [25/Nov/2025:16:28:18 -0500] "GET /?path=%2Fhome%2Fthetradingroom%2Fpublic_html%2Fwp-content%2Fthemes%2Foceanwp HTTP/1.1" 200 4128 "-" "Mozilla/5.0 AppleWebKit/537.36 (KHTML, like Gecko; compatible; ClaudeBot/1.0; +claudebot@anthropic.com)"
216.73.216.80 - - [25/Nov/2025:16:28:20 -0500] "GET /?path=%2Fhome%2Fthetradingroom%2Fpublic_html%2Fwp-includes%2Fblocks%2Ftag-cloud HTTP/1.1" 200 3180 "-" "Mozilla/5.0 AppleWebKit/537.36 (KHTML, like Gecko; compatible; ClaudeBot/1.0; +claudebot@anthropic.com)"
95.217.109.26 - - [25/Nov/2025:16:28:22 -0500] "GET /?path=/home/thetradingroom/wordpress-backups HTTP/1.1" 200 2542 "-" "Mozilla/5.0 (compatible; MJ12bot/v1.4.8; http://mj12bot.com/)"
216.73.216.80 - - [25/Nov/2025:16:28:23 -0500] "GET /?fileloc=%2Fhome%2Fthetradingroom%2Fpublic_html%2Fwp-includes%2Fsodium_compat%2Fautoload.php&path=%2Fhome%2Fthetradingroom%2Fpublic_html%2Fwp-includes%2Fsodium_compat HTTP/1.1" 200 3536 "-" "Mozilla/5.0 AppleWebKit/537.36 (KHTML, like Gecko; compatible; ClaudeBot/1.0; +claudebot@anthropic.com)"
216.73.216.80 - - [25/Nov/2025:16:28:23 -0500] "GET /?fileloc=%2Fhome%2Fthetradingroom%2Fpublic_html%2Fwp-includes%2Fwidgets%2Fclass-wp-widget-block.php&path=%2Fhome%2Fthetradingroom%2Fpublic_html%2Fwp-includes%2Fwidgets HTTP/1.1" 200 4456 "-" "Mozilla/5.0 AppleWebKit/537.36 (KHTML, like Gecko; compatible; ClaudeBot/1.0; +claudebot@anthropic.com)"
216.73.216.80 - - [25/Nov/2025:16:28:26 -0500] "GET /?fileloc=%2Fhome%2Fthetradingroom%2Fpublic_html%2Fwp-includes%2Fwidgets%2Fclass-wp-widget-rss.php&path=%2Fhome%2Fthetradingroom%2Fpublic_html%2Fwp-includes%2Fwidgets HTTP/1.1" 200 4436 "-" "Mozilla/5.0 AppleWebKit/537.36 (KHTML, like Gecko; compatible; ClaudeBot/1.0; +claudebot@anthropic.com)"
216.73.216.80 - - [25/Nov/2025:16:28:28 -0500] "GET /?fileloc=%2Fhome%2Fthetradingroom%2Fpublic_html%2Fwp-includes%2Fwidgets%2Fclass-wp-widget-custom-html.php&path=%2Fhome%2Fthetradingroom%2Fpublic_html%2Fwp-includes%2Fwidgets HTTP/1.1" 200 6528 "-" "Mozilla/5.0 AppleWebKit/537.36 (KHTML, like Gecko; compatible; ClaudeBot/1.0; +claudebot@anthropic.com)"
216.73.216.80 - - [25/Nov/2025:16:28:29 -0500] "GET /?fileloc=%2Fhome%2Fthetradingroom%2Fpublic_html%2Fwp-includes%2Fcustomize%2Fclass-wp-customize-custom-css-setting.php&path=%2Fhome%2Fthetradingroom%2Fpublic_html%2Fwp-includes%2Fcustomize HTTP/1.1" 200 4305 "-" "Mozilla/5.0 AppleWebKit/537.36 (KHTML, like Gecko; compatible; ClaudeBot/1.0; +claudebot@anthropic.com)"
216.73.216.80 - - [25/Nov/2025:16:29:24 -0500] "GET /?fileloc=%2Fhome%2Fthetradingroom%2Fpublic_html%2Fwp-includes%2Fimages%2Fw-logo-blue-white-bg.png&path=%2Fhome%2Fthetradingroom%2Fpublic_html%2Fwp-includes%2Fimages HTTP/1.1" 200 6350 "-" "Mozilla/5.0 AppleWebKit/537.36 (KHTML, like Gecko; compatible; ClaudeBot/1.0; +claudebot@anthropic.com)"
216.73.216.80 - - [25/Nov/2025:16:29:24 -0500] "GET /?fileloc=%2Fhome%2Fthetradingroom%2Fpublic_html%2Fwp-includes%2Fimages%2Fw-logo-blue.png&path=%2Fhome%2Fthetradingroom%2Fpublic_html%2Fwp-includes%2Fimages HTTP/1.1" 200 4791 "-" "Mozilla/5.0 AppleWebKit/537.36 (KHTML, like Gecko; compatible; ClaudeBot/1.0; +claudebot@anthropic.com)"
216.73.216.80 - - [25/Nov/2025:16:29:27 -0500] "GET /?fileloc=%2Fhome%2Fthetradingroom%2Fpublic_html%2Fwp-includes%2Fimages%2Fwpicons-2x.png&path=%2Fhome%2Fthetradingroom%2Fpublic_html%2Fwp-includes%2Fimages HTTP/1.1" 200 15241 "-" "Mozilla/5.0 AppleWebKit/537.36 (KHTML, like Gecko; compatible; ClaudeBot/1.0; +claudebot@anthropic.com)"
216.73.216.80 - - [25/Nov/2025:16:29:28 -0500] "GET /?fileloc=%2Fhome%2Fthetradingroom%2Fpublic_html%2Fwp-content%2Fuploads%2Fwoocommerce-placeholder-300x300.png&path=%2Fhome%2Fthetradingroom%2Fpublic_html%2Fwp-content%2Fuploads HTTP/1.1" 200 11305 "-" "Mozilla/5.0 AppleWebKit/537.36 (KHTML, like Gecko; compatible; ClaudeBot/1.0; +claudebot@anthropic.com)"
216.73.216.80 - - [25/Nov/2025:16:29:30 -0500] "GET /?fileloc=%2Fhome%2Fthetradingroom%2Fpublic_html%2Fwp-includes%2Fimages%2Fwpicons.png&path=%2Fhome%2Fthetradingroom%2Fpublic_html%2Fwp-includes%2Fimages HTTP/1.1" 200 8735 "-" "Mozilla/5.0 AppleWebKit/537.36 (KHTML, like Gecko; compatible; ClaudeBot/1.0; +claudebot@anthropic.com)"
216.73.216.80 - - [25/Nov/2025:16:29:31 -0500] "GET /?fileloc=%2Fhome%2Fthetradingroom%2Fpublic_html%2Fwp-content%2Fuploads%2Fwoocommerce-placeholder-150x150.png&path=%2Fhome%2Fthetradingroom%2Fpublic_html%2Fwp-content%2Fuploads HTTP/1.1" 200 5805 "-" "Mozilla/5.0 AppleWebKit/537.36 (KHTML, like Gecko; compatible; ClaudeBot/1.0; +claudebot@anthropic.com)"
216.73.216.80 - - [25/Nov/2025:16:29:33 -0500] "GET /?fileloc=%2Fhome%2Fthetradingroom%2Fpublic_html%2Fwp-content%2Fuploads%2Fwoocommerce-placeholder-600x600.png&path=%2Fhome%2Fthetradingroom%2Fpublic_html%2Fwp-content%2Fuploads HTTP/1.1" 200 27865 "-" "Mozilla/5.0 AppleWebKit/537.36 (KHTML, like Gecko; compatible; ClaudeBot/1.0; +claudebot@anthropic.com)"
216.73.216.80 - - [25/Nov/2025:16:29:33 -0500] "GET /?fileloc=%2Fhome%2Fthetradingroom%2Fpublic_html%2Fwp-content%2Fuploads%2Fwoocommerce-placeholder-100x100.png&path=%2Fhome%2Fthetradingroom%2Fpublic_html%2Fwp-content%2Fuploads HTTP/1.1" 200 3733 "-" "Mozilla/5.0 AppleWebKit/537.36 (KHTML, like Gecko; compatible; ClaudeBot/1.0; +claudebot@anthropic.com)"
216.73.216.80 - - [25/Nov/2025:16:29:36 -0500] "GET /?path=%2Fhome%2Fthetradingroom%2Fpublic_html%2Fwp-content%2Fuploads%2Fac_assets HTTP/1.1" 200 2840 "-" "Mozilla/5.0 AppleWebKit/537.36 (KHTML, like Gecko; compatible; ClaudeBot/1.0; +claudebot@anthropic.com)"
216.73.216.80 - - [25/Nov/2025:16:29:37 -0500] "GET /?fileloc=%2Fhome%2Fthetradingroom%2Fpublic_html%2Fwp-content%2Fuploads%2Fwoocommerce-placeholder-1024x1024.png&path=%2Fhome%2Fthetradingroom%2Fpublic_html%2Fwp-content%2Fuploads HTTP/1.1" 200 64300 "-" "Mozilla/5.0 AppleWebKit/537.36 (KHTML, like Gecko; compatible; ClaudeBot/1.0; +claudebot@anthropic.com)"
216.73.216.80 - - [25/Nov/2025:16:29:39 -0500] "GET /?path=%2Fhome%2Fthetradingroom%2Fpublic_html%2Fwp-includes%2Fimages%2Fsmilies HTTP/1.1" 200 3814 "-" "Mozilla/5.0 AppleWebKit/537.36 (KHTML, like Gecko; compatible; ClaudeBot/1.0; +claudebot@anthropic.com)"
162.120.184.57 - - [25/Nov/2025:16:29:59 -0500] "GET / HTTP/1.1" 200 4006 "https://www.google.com/" "Mozilla/5.0 (Windows NT 10.0; Win64; x64) AppleWebKit/537.36 (KHTML, like Gecko) Chrome/142.0.0.0 Safari/537.36"
64.233.173.96 - - [25/Nov/2025:16:29:59 -0500] "GET /.well-known/traffic-advice HTTP/1.1" 200 4006 "-" "Chrome Privacy Preserving Prefetch Proxy"
216.73.216.80 - - [25/Nov/2025:16:30:19 -0500] "GET /casino-ohne-lizenz-aus-deutschland-2025-mit-1000-bonus/feed?fileloc=%2Fhome%2Fthetradingroom%2Fpublic_html%2Fwp-admin%2Fincludes%2Fclass-wp-filesystem-ftpsockets.php&path=%2Fhome%2Fthetradingroom%2Fpublic_html%2Fwp-admin%2Fincludes HTTP/1.1" 200 6685 "-" "Mozilla/5.0 AppleWebKit/537.36 (KHTML, like Gecko; compatible; ClaudeBot/1.0; +claudebot@anthropic.com)"
216.73.216.80 - - [25/Nov/2025:16:30:19 -0500] "GET /casino-ohne-lizenz-aus-deutschland-2025-mit-1000-bonus/feed?fileloc=%2Fhome%2Fthetradingroom%2Fpublic_html%2Fwp-admin%2Fjs%2Fmedia-gallery.min.js&path=%2Fhome%2Fthetradingroom%2Fpublic_html%2Fwp-admin%2Fjs HTTP/1.1" 200 2874 "-" "Mozilla/5.0 AppleWebKit/537.36 (KHTML, like Gecko; compatible; ClaudeBot/1.0; +claudebot@anthropic.com)"
216.73.216.80 - - [25/Nov/2025:16:30:23 -0500] "GET /casino-ohne-lizenz-aus-deutschland-2025-mit-1000-bonus/feed?fileloc=%2Fhome%2Fthetradingroom%2Fpublic_html%2Fwp-admin%2Fincludes%2Foptions.php&path=%2Fhome%2Fthetradingroom%2Fpublic_html%2Fwp-admin%2Fincludes HTTP/1.1" 200 4093 "-" "Mozilla/5.0 AppleWebKit/537.36 (KHTML, like Gecko; compatible; ClaudeBot/1.0; +claudebot@anthropic.com)"
216.73.216.80 - - [25/Nov/2025:16:30:23 -0500] "GET /casino-ohne-lizenz-aus-deutschland-2025-mit-1000-bonus/feed?fileloc=%2Fhome%2Fthetradingroom%2Fpublic_html%2Fwp-content%2Fplugins%2F.htaccess&path=%2Fhome%2Fthetradingroom%2Fpublic_html%2Fwp-content%2Fplugins HTTP/1.1" 200 2652 "-" "Mozilla/5.0 AppleWebKit/537.36 (KHTML, like Gecko; compatible; ClaudeBot/1.0; +claudebot@anthropic.com)"
216.73.216.80 - - [25/Nov/2025:16:30:26 -0500] "GET /casino-ohne-lizenz-aus-deutschland-2025-mit-1000-bonus/feed?fileloc=%2Fhome%2Fthetradingroom%2Fpublic_html%2Fwp-admin%2Fincludes%2Fclass-language-pack-upgrader.php&path=%2Fhome%2Fthetradingroom%2Fpublic_html%2Fwp-admin%2Fincludes HTTP/1.1" 200 6761 "-" "Mozilla/5.0 AppleWebKit/537.36 (KHTML, like Gecko; compatible; ClaudeBot/1.0; +claudebot@anthropic.com)"
216.73.216.80 - - [25/Nov/2025:16:30:26 -0500] "GET /casino-ohne-lizenz-aus-deutschland-2025-mit-1000-bonus/feed?fileloc=%2Fhome%2Fthetradingroom%2Fpublic_html%2Fwp-admin%2Fincludes%2Fdeprecated.php&path=%2Fhome%2Fthetradingroom%2Fpublic_html%2Fwp-admin%2Fincludes HTTP/1.1" 200 12241 "-" "Mozilla/5.0 AppleWebKit/537.36 (KHTML, like Gecko; compatible; ClaudeBot/1.0; +claudebot@anthropic.com)"
216.73.216.80 - - [25/Nov/2025:16:30:29 -0500] "GET /?fileloc=%2Fhome%2Fthetradingroom%2Fwww%2Fwp-comments-post.php&path=%2Fhome%2Fthetradingroom%2Fwww HTTP/1.1" 200 3559 "-" "Mozilla/5.0 AppleWebKit/537.36 (KHTML, like Gecko; compatible; ClaudeBot/1.0; +claudebot@anthropic.com)"
216.73.216.80 - - [25/Nov/2025:16:30:29 -0500] "GET /casino-ohne-lizenz-aus-deutschland-2025-mit-1000-bonus/feed?fileloc=%2Fhome%2Fthetradingroom%2Fpublic_html%2Fwp-includes%2Frest-api%2F.htaccess&path=%2Fhome%2Fthetradingroom%2Fpublic_html%2Fwp-includes%2Frest-api HTTP/1.1" 200 2656 "-" "Mozilla/5.0 AppleWebKit/537.36 (KHTML, like Gecko; compatible; ClaudeBot/1.0; +claudebot@anthropic.com)"
216.73.216.80 - - [25/Nov/2025:16:30:32 -0500] "GET /casino-ohne-lizenz-aus-deutschland-2025-mit-1000-bonus/feed?fileloc=%2Fhome%2Fthetradingroom%2Fpublic_html%2Fwp-includes%2Fblocks%2Fcomment-date.php&path=%2Fhome%2Fthetradingroom%2Fpublic_html%2Fwp-includes%2Fblocks HTTP/1.1" 200 3270 "-" "Mozilla/5.0 AppleWebKit/537.36 (KHTML, like Gecko; compatible; ClaudeBot/1.0; +claudebot@anthropic.com)"
216.73.216.80 - - [25/Nov/2025:16:30:33 -0500] "GET /casino-ohne-lizenz-aus-deutschland-2025-mit-1000-bonus/feed?fileloc=%2Fhome%2Fthetradingroom%2Fpublic_html%2Fwp-includes%2Fblocks%2Frss.php&path=%2Fhome%2Fthetradingroom%2Fpublic_html%2Fwp-includes%2Fblocks HTTP/1.1" 200 4078 "-" "Mozilla/5.0 AppleWebKit/537.36 (KHTML, like Gecko; compatible; ClaudeBot/1.0; +claudebot@anthropic.com)"
66.249.70.66 - - [25/Nov/2025:16:30:34 -0500] "GET /?fileloc=/home/thetradingroom/public_html/wp-admin/.htaccess&path=/home/thetradingroom/public_html/wp-admin HTTP/1.1" 200 2625 "-" "Mozilla/5.0 (Linux; Android 6.0.1; Nexus 5X Build/MMB29P) AppleWebKit/537.36 (KHTML, like Gecko) Chrome/141.0.7390.122 Mobile Safari/537.36 (compatible; GoogleOther)"
216.73.216.80 - - [25/Nov/2025:16:30:35 -0500] "GET /casino-ohne-lizenz-aus-deutschland-2025-mit-1000-bonus/feed?fileloc=%2Fhome%2Fthetradingroom%2Fpublic_html%2Fwp-includes%2Fsitemaps%2Fclass-wp-sitemaps-stylesheet.php&path=%2Fhome%2Fthetradingroom%2Fpublic_html%2Fwp-includes%2Fsitemaps HTTP/1.1" 200 4635 "-" "Mozilla/5.0 AppleWebKit/537.36 (KHTML, like Gecko; compatible; ClaudeBot/1.0; +claudebot@anthropic.com)"
216.73.216.80 - - [25/Nov/2025:16:30:36 -0500] "GET /casino-ohne-lizenz-aus-deutschland-2025-mit-1000-bonus/feed?fileloc=%2Fhome%2Fthetradingroom%2Fpublic_html%2Fwp-admin%2Fjs%2Fxfn.min.js&path=%2Fhome%2Fthetradingroom%2Fpublic_html%2Fwp-admin%2Fjs HTTP/1.1" 200 2774 "-" "Mozilla/5.0 AppleWebKit/537.36 (KHTML, like Gecko; compatible; ClaudeBot/1.0; +claudebot@anthropic.com)"
216.73.216.80 - - [25/Nov/2025:16:30:38 -0500] "GET /casino-ohne-lizenz-aus-deutschland-2025-mit-1000-bonus/feed?fileloc=%2Fhome%2Fthetradingroom%2Fpublic_html%2Fwp-admin%2Fincludes%2Fmeta-boxes.php&path=%2Fhome%2Fthetradingroom%2Fpublic_html%2Fwp-admin%2Fincludes HTTP/1.1" 200 17342 "-" "Mozilla/5.0 AppleWebKit/537.36 (KHTML, like Gecko; compatible; ClaudeBot/1.0; +claudebot@anthropic.com)"
216.73.216.80 - - [25/Nov/2025:16:30:39 -0500] "GET /casino-ohne-lizenz-aus-deutschland-2025-mit-1000-bonus/feed?fileloc=%2Fhome%2Fthetradingroom%2Fpublic_html%2Fwp-includes%2Fblock-supports%2Ftypography.php&path=%2Fhome%2Fthetradingroom%2Fpublic_html%2Fwp-includes%2Fblock-supports HTTP/1.1" 200 9203 "-" "Mozilla/5.0 AppleWebKit/537.36 (KHTML, like Gecko; compatible; ClaudeBot/1.0; +claudebot@anthropic.com)"
216.73.216.80 - - [25/Nov/2025:16:30:39 -0500] "GET /casino-ohne-lizenz-aus-deutschland-2025-mit-1000-bonus/feed?fileloc=%2Fhome%2Fthetradingroom%2Fpublic_html%2Fwp-includes%2Fjs%2Ftwemoji.min.js&path=%2Fhome%2Fthetradingroom%2Fpublic_html%2Fwp-includes%2Fjs HTTP/1.1" 200 6477 "-" "Mozilla/5.0 AppleWebKit/537.36 (KHTML, like Gecko; compatible; ClaudeBot/1.0; +claudebot@anthropic.com)"
216.73.216.80 - - [25/Nov/2025:16:30:41 -0500] "GET /casino-ohne-lizenz-aus-deutschland-2025-mit-1000-bonus/feed?fileloc=%2Fhome%2Fthetradingroom%2Fpublic_html%2Fwp-includes%2FIXR%2Fclass-IXR-base64.php&path=%2Fhome%2Fthetradingroom%2Fpublic_html%2Fwp-includes%2FIXR HTTP/1.1" 403 4006 "-" "Mozilla/5.0 AppleWebKit/537.36 (KHTML, like Gecko; compatible; ClaudeBot/1.0; +claudebot@anthropic.com)"
216.73.216.80 - - [25/Nov/2025:16:30:42 -0500] "GET /casino-ohne-lizenz-aus-deutschland-2025-mit-1000-bonus/feed?fileloc=%2Fhome%2Fthetradingroom%2Fpublic_html%2Fwp-admin%2Fincludes%2Fschema.php&path=%2Fhome%2Fthetradingroom%2Fpublic_html%2Fwp-admin%2Fincludes HTTP/1.1" 200 13195 "-" "Mozilla/5.0 AppleWebKit/537.36 (KHTML, like Gecko; compatible; ClaudeBot/1.0; +claudebot@anthropic.com)"
216.73.216.80 - - [25/Nov/2025:16:30:42 -0500] "GET /casino-ohne-lizenz-aus-deutschland-2025-mit-1000-bonus/feed?fileloc=%2Fhome%2Fthetradingroom%2Fpublic_html%2Fwp-admin%2Fincludes%2Fuser.php&path=%2Fhome%2Fthetradingroom%2Fpublic_html%2Fwp-admin%2Fincludes HTTP/1.1" 200 9393 "-" "Mozilla/5.0 AppleWebKit/537.36 (KHTML, like Gecko; compatible; ClaudeBot/1.0; +claudebot@anthropic.com)"
216.73.216.80 - - [25/Nov/2025:16:30:44 -0500] "GET /?path=%2F%2Flib%2Frpm HTTP/1.1" 200 3835 "-" "Mozilla/5.0 AppleWebKit/537.36 (KHTML, like Gecko; compatible; ClaudeBot/1.0; +claudebot@anthropic.com)"
216.73.216.80 - - [25/Nov/2025:16:30:45 -0500] "GET /casino-ohne-lizenz-aus-deutschland-2025-mit-1000-bonus/feed?fileloc=%2Fhome%2Fthetradingroom%2Fpublic_html%2Fwp-includes%2FID3%2Fgetid3.lib.php&path=%2Fhome%2Fthetradingroom%2Fpublic_html%2Fwp-includes%2FID3 HTTP/1.1" 200 15322 "-" "Mozilla/5.0 AppleWebKit/537.36 (KHTML, like Gecko; compatible; ClaudeBot/1.0; +claudebot@anthropic.com)"
216.73.216.80 - - [25/Nov/2025:16:30:45 -0500] "GET /casino-ohne-lizenz-aus-deutschland-2025-mit-1000-bonus/feed?fileloc=%2Fhome%2Fthetradingroom%2Fpublic_html%2Fwp-includes%2Fjs%2Fwp-emoji.min.js&path=%2Fhome%2Fthetradingroom%2Fpublic_html%2Fwp-includes%2Fjs HTTP/1.1" 200 3988 "-" "Mozilla/5.0 AppleWebKit/537.36 (KHTML, like Gecko; compatible; ClaudeBot/1.0; +claudebot@anthropic.com)"
216.73.216.80 - - [25/Nov/2025:16:30:47 -0500] "GET /casino-ohne-lizenz-aus-deutschland-2025-mit-1000-bonus/feed?fileloc=%2Fhome%2Fthetradingroom%2Fpublic_html%2Fwp-admin%2Fjs%2Fsvg-painter.js&path=%2Fhome%2Fthetradingroom%2Fpublic_html%2Fwp-admin%2Fjs HTTP/1.1" 200 3713 "-" "Mozilla/5.0 AppleWebKit/537.36 (KHTML, like Gecko; compatible; ClaudeBot/1.0; +claudebot@anthropic.com)"
216.73.216.80 - - [25/Nov/2025:16:30:49 -0500] "GET /casino-ohne-lizenz-aus-deutschland-2025-mit-1000-bonus/feed?fileloc=%2Fhome%2Fthetradingroom%2Fpublic_html%2Fwp-admin%2Fincludes%2Fnav-menu.php&path=%2Fhome%2Fthetradingroom%2Fpublic_html%2Fwp-admin%2Fincludes HTTP/1.1" 200 13464 "-" "Mozilla/5.0 AppleWebKit/537.36 (KHTML, like Gecko; compatible; ClaudeBot/1.0; +claudebot@anthropic.com)"
216.73.216.80 - - [25/Nov/2025:16:30:49 -0500] "GET /casino-ohne-lizenz-aus-deutschland-2025-mit-1000-bonus/feed?fileloc=%2Fhome%2Fthetradingroom%2Fpublic_html%2Fwp-includes%2FIXR%2Fclass-IXR-client.php&path=%2Fhome%2Fthetradingroom%2Fpublic_html%2Fwp-includes%2FIXR HTTP/1.1" 200 4055 "-" "Mozilla/5.0 AppleWebKit/537.36 (KHTML, like Gecko; compatible; ClaudeBot/1.0; +claudebot@anthropic.com)"
66.249.70.64 - - [25/Nov/2025:16:31:12 -0500] "GET /?fileloc=/home/thetradingroom/public_html/wp-admin/post-new.php&path=/home/thetradingroom/public_html/wp-admin HTTP/1.1" 200 3560 "-" "Mozilla/5.0 (Linux; Android 6.0.1; Nexus 5X Build/MMB29P) AppleWebKit/537.36 (KHTML, like Gecko) Chrome/141.0.7390.122 Mobile Safari/537.36 (compatible; Googlebot/2.1; +http://www.google.com/bot.html)"
216.73.216.80 - - [25/Nov/2025:16:31:48 -0500] "GET /?fileloc=%2F%2Flib64%2Flibbd_fs.so.2.0.0&path=%2F%2Flib64 HTTP/1.1" 200 24258 "-" "Mozilla/5.0 AppleWebKit/537.36 (KHTML, like Gecko; compatible; ClaudeBot/1.0; +claudebot@anthropic.com)"
216.73.216.80 - - [25/Nov/2025:16:31:48 -0500] "GET /?fileloc=%2F%2Fsbin%2Fcloudlinux-selector&path=%2F%2Fsbin HTTP/1.1" 200 2828 "-" "Mozilla/5.0 AppleWebKit/537.36 (KHTML, like Gecko; compatible; ClaudeBot/1.0; +claudebot@anthropic.com)"
216.73.216.80 - - [25/Nov/2025:16:31:47 -0500] "GET /?fileloc=%2F%2Flib64%2Flibwebp.so.7.0.2&path=%2F%2Flib64 HTTP/1.1" 200 191901 "-" "Mozilla/5.0 AppleWebKit/537.36 (KHTML, like Gecko; compatible; ClaudeBot/1.0; +claudebot@anthropic.com)"
216.73.216.80 - - [25/Nov/2025:16:31:51 -0500] "GET /casino-ohne-lizenz-aus-deutschland-2025-mit-1000-bonus/feed?path=%2Fhome%2Fthetradingroom%2Fpublic_html%2Fwp-includes%2FRequests%2Fsrc HTTP/1.1" 200 3793 "-" "Mozilla/5.0 AppleWebKit/537.36 (KHTML, like Gecko; compatible; ClaudeBot/1.0; +claudebot@anthropic.com)"
216.73.216.80 - - [25/Nov/2025:16:31:52 -0500] "GET /?fileloc=%2F%2Flib64%2Flibxmlrpc_openssl.so.1&path=%2F%2Flib64 HTTP/1.1" 200 5291 "-" "Mozilla/5.0 AppleWebKit/537.36 (KHTML, like Gecko; compatible; ClaudeBot/1.0; +claudebot@anthropic.com)"
216.73.216.80 - - [25/Nov/2025:16:31:52 -0500] "GET /?fileloc=%2F%2Flib64%2Flibulockmgr.so.1.0.1&path=%2F%2Flib64 HTTP/1.1" 200 7469 "-" "Mozilla/5.0 AppleWebKit/537.36 (KHTML, like Gecko; compatible; ClaudeBot/1.0; +claudebot@anthropic.com)"
216.73.216.80 - - [25/Nov/2025:16:31:55 -0500] "GET /?fileloc=%2F%2Fusr%2FtmpDSK&path=%2F%2Fusr HTTP/1.1" 200 2473 "-" "Mozilla/5.0 AppleWebKit/537.36 (KHTML, like Gecko; compatible; ClaudeBot/1.0; +claudebot@anthropic.com)"
216.73.216.80 - - [25/Nov/2025:16:31:55 -0500] "GET /?fileloc=%2F%2Fsbin%2Fcloudlinux-statsnotifier&path=%2F%2Fsbin HTTP/1.1" 200 2805 "-" "Mozilla/5.0 AppleWebKit/537.36 (KHTML, like Gecko; compatible; ClaudeBot/1.0; +claudebot@anthropic.com)"
216.73.216.80 - - [25/Nov/2025:16:31:58 -0500] "GET /?path=%2F%2Flib64%2Fapr-util-1 HTTP/1.1" 200 2929 "-" "Mozilla/5.0 AppleWebKit/537.36 (KHTML, like Gecko; compatible; ClaudeBot/1.0; +claudebot@anthropic.com)"
216.73.216.80 - - [25/Nov/2025:16:31:58 -0500] "GET /?path=%2F%2Flib64%2Fcifs-utils HTTP/1.1" 200 2822 "-" "Mozilla/5.0 AppleWebKit/537.36 (KHTML, like Gecko; compatible; ClaudeBot/1.0; +claudebot@anthropic.com)"
216.73.216.80 - - [25/Nov/2025:16:32:01 -0500] "GET /?fileloc=%2F%2Flib64%2Flibhdf5_fortran.so.102&path=%2F%2Flib64 HTTP/1.1" 200 80923 "-" "Mozilla/5.0 AppleWebKit/537.36 (KHTML, like Gecko; compatible; ClaudeBot/1.0; +claudebot@anthropic.com)"
216.73.216.80 - - [25/Nov/2025:16:32:01 -0500] "GET /?fileloc=%2F%2Flib64%2FlibesoobS.so.2.0.0&path=%2F%2Flib64 HTTP/1.1" 200 6006 "-" "Mozilla/5.0 AppleWebKit/537.36 (KHTML, like Gecko; compatible; ClaudeBot/1.0; +claudebot@anthropic.com)"
216.73.216.80 - - [25/Nov/2025:16:32:05 -0500] "GET /?fileloc=%2Fhome%2Fthetradingroom%2Fmail%2Fmailbox_format.cpanel&path=%2Fhome%2Fthetradingroom%2Fmail HTTP/1.1" 200 2495 "-" "Mozilla/5.0 AppleWebKit/537.36 (KHTML, like Gecko; compatible; ClaudeBot/1.0; +claudebot@anthropic.com)"
216.73.216.80 - - [25/Nov/2025:16:32:05 -0500] "GET /?fileloc=%2F%2Flib64%2Flibstdc++.so.6.0.25&path=%2F%2Flib64 HTTP/1.1" 200 2481 "-" "Mozilla/5.0 AppleWebKit/537.36 (KHTML, like Gecko; compatible; ClaudeBot/1.0; +claudebot@anthropic.com)"
216.73.216.80 - - [25/Nov/2025:16:32:07 -0500] "GET /?path=%2F%2Flib64%2Fdovecot HTTP/1.1" 200 4906 "-" "Mozilla/5.0 AppleWebKit/537.36 (KHTML, like Gecko; compatible; ClaudeBot/1.0; +claudebot@anthropic.com)"
216.73.216.80 - - [25/Nov/2025:16:32:08 -0500] "GET /?fileloc=%2F%2Flib64%2Flibpangoft2-1.0.so.0&path=%2F%2Flib64 HTTP/1.1" 200 35585 "-" "Mozilla/5.0 AppleWebKit/537.36 (KHTML, like Gecko; compatible; ClaudeBot/1.0; +claudebot@anthropic.com)"
216.73.216.80 - - [25/Nov/2025:16:32:10 -0500] "GET /?fileloc=%2F%2Flib64%2Flibtss2-sys.so.0.0.0&path=%2F%2Flib64 HTTP/1.1" 200 40098 "-" "Mozilla/5.0 AppleWebKit/537.36 (KHTML, like Gecko; compatible; ClaudeBot/1.0; +claudebot@anthropic.com)"
216.73.216.80 - - [25/Nov/2025:16:32:11 -0500] "GET /casino-ohne-lizenz-aus-deutschland-2025-mit-1000-bonus/feed?fileloc=%2Fhome%2Fthetradingroom%2Fpublic_html%2Fwp-admin%2Fcss%2Fmedia-rtl.min.css&path=%2Fhome%2Fthetradingroom%2Fpublic_html%2Fwp-admin%2Fcss HTTP/1.1" 200 7126 "-" "Mozilla/5.0 AppleWebKit/537.36 (KHTML, like Gecko; compatible; ClaudeBot/1.0; +claudebot@anthropic.com)"
216.73.216.80 - - [25/Nov/2025:16:32:13 -0500] "GET /?fileloc=%2F%2Flib64%2Flibpcre32.so.0.0.10&path=%2F%2Flib64 HTTP/1.1" 200 142052 "-" "Mozilla/5.0 AppleWebKit/537.36 (KHTML, like Gecko; compatible; ClaudeBot/1.0; +claudebot@anthropic.com)"
216.73.216.80 - - [25/Nov/2025:16:32:14 -0500] "GET /?fileloc=%2F%2Flib64%2Flibboost_serialization.so.1.66.0&path=%2F%2Flib64 HTTP/1.1" 200 77295 "-" "Mozilla/5.0 AppleWebKit/537.36 (KHTML, like Gecko; compatible; ClaudeBot/1.0; +claudebot@anthropic.com)"
216.73.216.80 - - [25/Nov/2025:16:32:17 -0500] "GET /casino-ohne-lizenz-aus-deutschland-2025-mit-1000-bonus/feed?path=%2Fhome%2Fthetradingroom%2Fpublic_html%2Fwp-content%2Fplugins%2Fclassic-widgets HTTP/1.1" 200 2960 "-" "Mozilla/5.0 AppleWebKit/537.36 (KHTML, like Gecko; compatible; ClaudeBot/1.0; +claudebot@anthropic.com)"
216.73.216.80 - - [25/Nov/2025:16:32:17 -0500] "GET /?fileloc=%2F%2Flib64%2Flibonig.so.5.0.0&path=%2F%2Flib64 HTTP/1.1" 200 152144 "-" "Mozilla/5.0 AppleWebKit/537.36 (KHTML, like Gecko; compatible; ClaudeBot/1.0; +claudebot@anthropic.com)"
216.73.216.80 - - [25/Nov/2025:16:32:21 -0500] "GET /casino-ohne-lizenz-aus-deutschland-2025-mit-1000-bonus/feed?path=%2Fhome%2Fthetradingroom%2Fpublic_html%2Fwp-includes%2Fsodium_compat%2Fsrc HTTP/1.1" 200 3215 "-" "Mozilla/5.0 AppleWebKit/537.36 (KHTML, like Gecko; compatible; ClaudeBot/1.0; +claudebot@anthropic.com)"
216.73.216.80 - - [25/Nov/2025:16:32:19 -0500] "GET /?fileloc=%2F%2Flib64%2Flibprotobuf.so.15.0.0&path=%2F%2Flib64 HTTP/1.1" 200 910656 "-" "Mozilla/5.0 AppleWebKit/537.36 (KHTML, like Gecko; compatible; ClaudeBot/1.0; +claudebot@anthropic.com)"
216.73.216.80 - - [25/Nov/2025:16:32:24 -0500] "GET /?fileloc=%2F%2Flib64%2Flibnftables.so.1.1.0&path=%2F%2Flib64 HTTP/1.1" 200 283772 "-" "Mozilla/5.0 AppleWebKit/537.36 (KHTML, like Gecko; compatible; ClaudeBot/1.0; +claudebot@anthropic.com)"
216.73.216.80 - - [25/Nov/2025:16:32:28 -0500] "GET /casino-ohne-lizenz-aus-deutschland-2025-mit-1000-bonus/feed?fileloc=%2Fhome%2Fthetradingroom%2Fpublic_html%2Fwp-includes%2Fpomo%2F.htaccess&path=%2Fhome%2Fthetradingroom%2Fpublic_html%2Fwp-includes%2Fpomo HTTP/1.1" 200 2653 "-" "Mozilla/5.0 AppleWebKit/537.36 (KHTML, like Gecko; compatible; ClaudeBot/1.0; +claudebot@anthropic.com)"
216.73.216.80 - - [25/Nov/2025:16:32:33 -0500] "GET /casino-ohne-lizenz-aus-deutschland-2025-mit-1000-bonus/feed?path=%2Fhome%2Fthetradingroom%2Fpublic_html%2Fwp-content%2Fplugins%2Fclassic-editor HTTP/1.1" 200 3067 "-" "Mozilla/5.0 AppleWebKit/537.36 (KHTML, like Gecko; compatible; ClaudeBot/1.0; +claudebot@anthropic.com)"
216.73.216.80 - - [25/Nov/2025:16:32:28 -0500] "GET /?fileloc=%2F%2Flib64%2Flibprotoc.so.15.0.0&path=%2F%2Flib64 HTTP/1.1" 200 829757 "-" "Mozilla/5.0 AppleWebKit/537.36 (KHTML, like Gecko; compatible; ClaudeBot/1.0; +claudebot@anthropic.com)"
216.73.216.80 - - [25/Nov/2025:16:32:36 -0500] "GET /?fileloc=%2F%2Flib64%2Flibev.so.4&path=%2F%2Flib64 HTTP/1.1" 200 27428 "-" "Mozilla/5.0 AppleWebKit/537.36 (KHTML, like Gecko; compatible; ClaudeBot/1.0; +claudebot@anthropic.com)"
216.73.216.80 - - [25/Nov/2025:16:32:38 -0500] "GET /?fileloc=%2F%2Flib64%2Flibxmlrpc_openssl.so.1.51&path=%2F%2Flib64 HTTP/1.1" 200 5291 "-" "Mozilla/5.0 AppleWebKit/537.36 (KHTML, like Gecko; compatible; ClaudeBot/1.0; +claudebot@anthropic.com)"
216.73.216.80 - - [25/Nov/2025:16:32:41 -0500] "GET /?fileloc=%2F%2Flib64%2Flibwebpdecoder.so.3.0.2&path=%2F%2Flib64 HTTP/1.1" 200 92696 "-" "Mozilla/5.0 AppleWebKit/537.36 (KHTML, like Gecko; compatible; ClaudeBot/1.0; +claudebot@anthropic.com)"
216.73.216.80 - - [25/Nov/2025:16:32:44 -0500] "GET /?fileloc=%2F%2Flib64%2Flibgmodule-2.0.so.0.5600.4&path=%2F%2Flib64 HTTP/1.1" 200 8224 "-" "Mozilla/5.0 AppleWebKit/537.36 (KHTML, like Gecko; compatible; ClaudeBot/1.0; +claudebot@anthropic.com)"
216.73.216.80 - - [25/Nov/2025:16:32:46 -0500] "GET /casino-ohne-lizenz-aus-deutschland-2025-mit-1000-bonus/feed?path=%2Fhome%2Fthetradingroom%2Fpublic_html%2Fwp-content%2Fplugins%2Fwp-compat HTTP/1.1" 200 2856 "-" "Mozilla/5.0 AppleWebKit/537.36 (KHTML, like Gecko; compatible; ClaudeBot/1.0; +claudebot@anthropic.com)"
216.73.216.80 - - [25/Nov/2025:16:32:49 -0500] "GET /casino-ohne-lizenz-aus-deutschland-2025-mit-1000-bonus/feed?fileloc=%2Fhome%2Fthetradingroom%2Fpublic_html%2Fwp-admin%2Fcss%2Fmedia.css&path=%2Fhome%2Fthetradingroom%2Fpublic_html%2Fwp-admin%2Fcss HTTP/1.1" 200 7951 "-" "Mozilla/5.0 AppleWebKit/537.36 (KHTML, like Gecko; compatible; ClaudeBot/1.0; +claudebot@anthropic.com)"
216.73.216.80 - - [25/Nov/2025:16:32:52 -0500] "GET /?fileloc=%2F%2Flib64%2Flibevent-2.1.so.6.0.2&path=%2F%2Flib64 HTTP/1.1" 200 141870 "-" "Mozilla/5.0 AppleWebKit/537.36 (KHTML, like Gecko; compatible; ClaudeBot/1.0; +claudebot@anthropic.com)"
216.73.216.80 - - [25/Nov/2025:16:32:55 -0500] "GET /?fileloc=%2F%2Flib64%2Flibglib-2.0.so.0&path=%2F%2Flib64 HTTP/1.1" 200 409498 "-" "Mozilla/5.0 AppleWebKit/537.36 (KHTML, like Gecko; compatible; ClaudeBot/1.0; +claudebot@anthropic.com)"
216.73.216.80 - - [25/Nov/2025:16:33:00 -0500] "GET /?path=%2F%2Flib%2Ftuned HTTP/1.1" 200 3545 "-" "Mozilla/5.0 AppleWebKit/537.36 (KHTML, like Gecko; compatible; ClaudeBot/1.0; +claudebot@anthropic.com)"
216.73.216.80 - - [25/Nov/2025:16:33:03 -0500] "GET /?fileloc=%2F%2Flib64%2Flibsasl2.so.3&path=%2F%2Flib64 HTTP/1.1" 200 52732 "-" "Mozilla/5.0 AppleWebKit/537.36 (KHTML, like Gecko; compatible; ClaudeBot/1.0; +claudebot@anthropic.com)"
162.241.217.213 - - [25/Nov/2025:16:33:06 -0500] "POST /xmlrpc.php HTTP/1.1" 200 4006 "-" "Mozilla/4.0 (compatible; MSIE 7.0; Windows NT 6.2; WOW64; Trident/7.0; .NET4.0C; .NET4.0E; .NET CLR 2.0.50727; .NET CLR 3.0.30729; .NET CLR 3.5.30729; McAfee)"
216.73.216.80 - - [25/Nov/2025:16:33:06 -0500] "GET /?fileloc=%2F%2Flib64%2Flibyaz_server.so.5&path=%2F%2Flib64 HTTP/1.1" 200 33248 "-" "Mozilla/5.0 AppleWebKit/537.36 (KHTML, like Gecko; compatible; ClaudeBot/1.0; +claudebot@anthropic.com)"
216.73.216.80 - - [25/Nov/2025:16:33:10 -0500] "GET /casino-ohne-lizenz-aus-deutschland-2025-mit-1000-bonus/feed?fileloc=%2Fhome%2Fthetradingroom%2Fpublic_html%2Fwp-admin%2Fcss%2Fabout.min.css&path=%2Fhome%2Fthetradingroom%2Fpublic_html%2Fwp-admin%2Fcss HTTP/1.1" 200 6662 "-" "Mozilla/5.0 AppleWebKit/537.36 (KHTML, like Gecko; compatible; ClaudeBot/1.0; +claudebot@anthropic.com)"
216.73.216.80 - - [25/Nov/2025:16:33:13 -0500] "GET /?fileloc=%2Fhome%2Fthetradingroom%2Fmail%2Fdovecot.list.index.log&path=%2Fhome%2Fthetradingroom%2Fmail HTTP/1.1" 200 2876 "-" "Mozilla/5.0 AppleWebKit/537.36 (KHTML, like Gecko; compatible; ClaudeBot/1.0; +claudebot@anthropic.com)"
216.73.216.80 - - [25/Nov/2025:16:33:15 -0500] "GET /?fileloc=%2F%2Fsbin%2Frpc.gssd&path=%2F%2Fsbin HTTP/1.1" 200 43661 "-" "Mozilla/5.0 AppleWebKit/537.36 (KHTML, like Gecko; compatible; ClaudeBot/1.0; +claudebot@anthropic.com)"
216.73.216.80 - - [25/Nov/2025:16:33:18 -0500] "GET /casino-ohne-lizenz-aus-deutschland-2025-mit-1000-bonus/feed?fileloc=%2Fhome%2Fthetradingroom%2Fpublic_html%2Fwp-includes%2F.htaccess&path=%2Fhome%2Fthetradingroom%2Fpublic_html%2Fwp-includes HTTP/1.1" 200 2773 "-" "Mozilla/5.0 AppleWebKit/537.36 (KHTML, like Gecko; compatible; ClaudeBot/1.0; +claudebot@anthropic.com)"
216.73.216.80 - - [25/Nov/2025:16:33:19 -0500] "GET /?fileloc=%2Fhome%2Fthetradingroom%2Fwww%2Flicense.txt&path=%2Fhome%2Fthetradingroom%2Fwww HTTP/1.1" 200 9839 "-" "Mozilla/5.0 AppleWebKit/537.36 (KHTML, like Gecko; compatible; ClaudeBot/1.0; +claudebot@anthropic.com)"
162.241.217.213 - - [25/Nov/2025:16:33:20 -0500] "POST /xmlrpc.php HTTP/1.1" 200 4006 "-" "Mozilla/4.0 (compatible; MSIE 7.0; Windows NT 6.2; WOW64; Trident/7.0; .NET4.0C; .NET4.0E; .NET CLR 2.0.50727; .NET CLR 3.0.30729; .NET CLR 3.5.30729; McAfee)"
216.73.216.80 - - [25/Nov/2025:16:33:23 -0500] "GET /?fileloc=%2F%2Flib64%2Flibsss_idmap.so.0&path=%2F%2Flib64 HTTP/1.1" 200 13055 "-" "Mozilla/5.0 AppleWebKit/537.36 (KHTML, like Gecko; compatible; ClaudeBot/1.0; +claudebot@anthropic.com)"
216.73.216.80 - - [25/Nov/2025:16:33:26 -0500] "GET /?fileloc=%2F%2Flib64%2Flibteam.so.5&path=%2F%2Flib64 HTTP/1.1" 200 22373 "-" "Mozilla/5.0 AppleWebKit/537.36 (KHTML, like Gecko; compatible; ClaudeBot/1.0; +claudebot@anthropic.com)"
216.73.216.80 - - [25/Nov/2025:16:33:29 -0500] "GET /?fileloc=%2F%2Flib64%2Flibpopt.so.0&path=%2F%2Flib64 HTTP/1.1" 200 24497 "-" "Mozilla/5.0 AppleWebKit/537.36 (KHTML, like Gecko; compatible; ClaudeBot/1.0; +claudebot@anthropic.com)"
216.73.216.80 - - [25/Nov/2025:16:33:32 -0500] "GET /?fileloc=%2F%2Flib64%2Flibnss_myhostname.so.2&path=%2F%2Flib64 HTTP/1.1" 200 272743 "-" "Mozilla/5.0 AppleWebKit/537.36 (KHTML, like Gecko; compatible; ClaudeBot/1.0; +claudebot@anthropic.com)"
66.249.70.64 - - [25/Nov/2025:16:33:36 -0500] "GET /?fileloc=/home/thetradingroom/public_html/wp-admin/edit-form-blocks.php&path=/home/thetradingroom/public_html/wp-admin HTTP/1.1" 200 7766 "-" "Mozilla/5.0 (Linux; Android 6.0.1; Nexus 5X Build/MMB29P) AppleWebKit/537.36 (KHTML, like Gecko) Chrome/141.0.7390.122 Mobile Safari/537.36 (compatible; Googlebot/2.1; +http://www.google.com/bot.html)"
216.73.216.80 - - [25/Nov/2025:16:33:36 -0500] "GET /?fileloc=%2F%2Flib64%2Flibgcrypt.so.20.2.5&path=%2F%2Flib64 HTTP/1.1" 200 393492 "-" "Mozilla/5.0 AppleWebKit/537.36 (KHTML, like Gecko; compatible; ClaudeBot/1.0; +claudebot@anthropic.com)"
216.73.216.80 - - [25/Nov/2025:16:33:41 -0500] "GET /?fileloc=%2F%2Flib64%2Flibmlx4.so.1.0.48.0&path=%2F%2Flib64 HTTP/1.1" 200 22780 "-" "Mozilla/5.0 AppleWebKit/537.36 (KHTML, like Gecko; compatible; ClaudeBot/1.0; +claudebot@anthropic.com)"
216.73.216.80 - - [25/Nov/2025:16:33:44 -0500] "GET /?fileloc=%2F%2Flib64%2Flibformw.so.6.1&path=%2F%2Flib64 HTTP/1.1" 200 33476 "-" "Mozilla/5.0 AppleWebKit/537.36 (KHTML, like Gecko; compatible; ClaudeBot/1.0; +claudebot@anthropic.com)"
216.73.216.80 - - [25/Nov/2025:16:33:46 -0500] "GET /?fileloc=%2F%2Flib64%2Flibpamc.so.0&path=%2F%2Flib64 HTTP/1.1" 200 8511 "-" "Mozilla/5.0 AppleWebKit/537.36 (KHTML, like Gecko; compatible; ClaudeBot/1.0; +claudebot@anthropic.com)"
216.73.216.80 - - [25/Nov/2025:16:33:49 -0500] "GET /?fileloc=%2F%2Flib64%2Flibmenu.so&path=%2F%2Flib64 HTTP/1.1" 200 16581 "-" "Mozilla/5.0 AppleWebKit/537.36 (KHTML, like Gecko; compatible; ClaudeBot/1.0; +claudebot@anthropic.com)"
216.73.216.80 - - [25/Nov/2025:16:33:50 -0500] "GET /?fileloc=%2F%2Flib64%2Flibnsssysinit.so&path=%2F%2Flib64 HTTP/1.1" 200 6855 "-" "Mozilla/5.0 AppleWebKit/537.36 (KHTML, like Gecko; compatible; ClaudeBot/1.0; +claudebot@anthropic.com)"
216.73.216.80 - - [25/Nov/2025:16:33:52 -0500] "GET /?fileloc=%2F%2Flib64%2Flibbd_part.so.2.0.0&path=%2F%2Flib64 HTTP/1.1" 200 17477 "-" "Mozilla/5.0 AppleWebKit/537.36 (KHTML, like Gecko; compatible; ClaudeBot/1.0; +claudebot@anthropic.com)"
216.73.216.80 - - [25/Nov/2025:16:33:55 -0500] "GET /?fileloc=%2F%2Flib64%2Flibevent_openssl-2.1.so.6&path=%2F%2Flib64 HTTP/1.1" 200 12738 "-" "Mozilla/5.0 AppleWebKit/537.36 (KHTML, like Gecko; compatible; ClaudeBot/1.0; +claudebot@anthropic.com)"
216.73.216.80 - - [25/Nov/2025:16:33:59 -0500] "GET /?fileloc=%2F%2Flib64%2Flibpcre2-16.so.0.7.1&path=%2F%2Flib64 HTTP/1.1" 200 172627 "-" "Mozilla/5.0 AppleWebKit/537.36 (KHTML, like Gecko; compatible; ClaudeBot/1.0; +claudebot@anthropic.com)"
216.73.216.80 - - [25/Nov/2025:16:34:02 -0500] "GET /?fileloc=%2F%2Flib64%2Flibdaemon.so.0&path=%2F%2Flib64 HTTP/1.1" 200 13066 "-" "Mozilla/5.0 AppleWebKit/537.36 (KHTML, like Gecko; compatible; ClaudeBot/1.0; +claudebot@anthropic.com)"
216.73.216.80 - - [25/Nov/2025:16:34:05 -0500] "GET /casino-ohne-lizenz-aus-deutschland-2025-mit-1000-bonus/feed?fileloc=%2Fhome%2Fthetradingroom%2Fpublic_html%2Fwp-admin%2Fcss%2Ffarbtastic-rtl.min.css&path=%2Fhome%2Fthetradingroom%2Fpublic_html%2Fwp-admin%2Fcss HTTP/1.1" 200 2712 "-" "Mozilla/5.0 AppleWebKit/537.36 (KHTML, like Gecko; compatible; ClaudeBot/1.0; +claudebot@anthropic.com)"
216.73.216.80 - - [25/Nov/2025:16:34:08 -0500] "GET /?fileloc=%2F%2Flib64%2Flibpangoxft-1.0.so.0.4200.3&path=%2F%2Flib64 HTTP/1.1" 200 16458 "-" "Mozilla/5.0 AppleWebKit/537.36 (KHTML, like Gecko; compatible; ClaudeBot/1.0; +claudebot@anthropic.com)"
216.73.216.80 - - [25/Nov/2025:16:34:10 -0500] "GET /casino-ohne-lizenz-aus-deutschland-2025-mit-1000-bonus/feed?fileloc=%2Fhome%2Fthetradingroom%2Fpublic_html%2Fwp-admin%2Fcss%2Finstall.min.css&path=%2Fhome%2Fthetradingroom%2Fpublic_html%2Fwp-admin%2Fcss HTTP/1.1" 200 4150 "-" "Mozilla/5.0 AppleWebKit/537.36 (KHTML, like Gecko; compatible; ClaudeBot/1.0; +claudebot@anthropic.com)"
216.73.216.80 - - [25/Nov/2025:16:34:13 -0500] "GET /?fileloc=%2F%2Flib64%2Flibhwy_test.so.1.0.2&path=%2F%2Flib64 HTTP/1.1" 200 6211 "-" "Mozilla/5.0 AppleWebKit/537.36 (KHTML, like Gecko; compatible; ClaudeBot/1.0; +claudebot@anthropic.com)"
216.73.216.80 - - [25/Nov/2025:16:34:16 -0500] "GET /?fileloc=%2F%2Flib64%2Flibfbclient.so.4.0.6&path=%2F%2Flib64 HTTP/1.1" 200 1144383 "-" "Mozilla/5.0 AppleWebKit/537.36 (KHTML, like Gecko; compatible; ClaudeBot/1.0; +claudebot@anthropic.com)"
216.73.216.80 - - [25/Nov/2025:16:34:25 -0500] "GET /casino-ohne-lizenz-aus-deutschland-2025-mit-1000-bonus/feed?path=%2Fhome%2Fthetradingroom%2Fpublic_html%2Fwp-includes%2Fjs%2Fjquery HTTP/1.1" 200 3608 "-" "Mozilla/5.0 AppleWebKit/537.36 (KHTML, like Gecko; compatible; ClaudeBot/1.0; +claudebot@anthropic.com)"
216.73.216.80 - - [25/Nov/2025:16:34:27 -0500] "GET /casino-ohne-lizenz-aus-deutschland-2025-mit-1000-bonus/feed?path=%2Fhome%2Fthetradingroom%2Fpublic_html%2Fwp-includes%2FSimplePie%2Fsrc HTTP/1.1" 200 3980 "-" "Mozilla/5.0 AppleWebKit/537.36 (KHTML, like Gecko; compatible; ClaudeBot/1.0; +claudebot@anthropic.com)"
216.73.216.80 - - [25/Nov/2025:16:34:30 -0500] "GET /?fileloc=%2F%2Flib64%2Flibvgauth.so.0&path=%2F%2Flib64 HTTP/1.1" 200 33559 "-" "Mozilla/5.0 AppleWebKit/537.36 (KHTML, like Gecko; compatible; ClaudeBot/1.0; +claudebot@anthropic.com)"
216.73.216.80 - - [25/Nov/2025:16:34:33 -0500] "GET /?fileloc=%2F%2Flib64%2Flibmd.so.0.1.0&path=%2F%2Flib64 HTTP/1.1" 200 24082 "-" "Mozilla/5.0 AppleWebKit/537.36 (KHTML, like Gecko; compatible; ClaudeBot/1.0; +claudebot@anthropic.com)"
216.73.216.80 - - [25/Nov/2025:16:34:36 -0500] "GET /casino-ohne-lizenz-aus-deutschland-2025-mit-1000-bonus/feed?path=%2Fhome%2Fthetradingroom%2Fpublic_html%2Fwp-content%2Fupgrade-temp-backup%2Fplugins HTTP/1.1" 200 2584 "-" "Mozilla/5.0 AppleWebKit/537.36 (KHTML, like Gecko; compatible; ClaudeBot/1.0; +claudebot@anthropic.com)"
216.73.216.80 - - [25/Nov/2025:16:34:38 -0500] "GET /?fileloc=%2F%2Flib64%2Flibssh2.so.1.0.1&path=%2F%2Flib64 HTTP/1.1" 200 101061 "-" "Mozilla/5.0 AppleWebKit/537.36 (KHTML, like Gecko; compatible; ClaudeBot/1.0; +claudebot@anthropic.com)"
216.73.216.80 - - [25/Nov/2025:16:34:42 -0500] "GET /?fileloc=%2F%2Flib64%2Flibsqlite3.so.0&path=%2F%2Flib64 HTTP/1.1" 200 531139 "-" "Mozilla/5.0 AppleWebKit/537.36 (KHTML, like Gecko; compatible; ClaudeBot/1.0; +claudebot@anthropic.com)"
216.73.216.80 - - [25/Nov/2025:16:34:47 -0500] "GET /?path=%2F%2Flib64%2Fsasl2 HTTP/1.1" 200 2988 "-" "Mozilla/5.0 AppleWebKit/537.36 (KHTML, like Gecko; compatible; ClaudeBot/1.0; +claudebot@anthropic.com)"
216.73.216.80 - - [25/Nov/2025:16:34:50 -0500] "GET /?fileloc=%2F%2Flib64%2Flibjxl_threads.so.0.7&path=%2F%2Flib64 HTTP/1.1" 200 10134 "-" "Mozilla/5.0 AppleWebKit/537.36 (KHTML, like Gecko; compatible; ClaudeBot/1.0; +claudebot@anthropic.com)"
216.73.216.80 - - [25/Nov/2025:16:34:54 -0500] "GET /?fileloc=%2F%2Flib64%2Flibgcab-1.0.so.0.0.0&path=%2F%2Flib64 HTTP/1.1" 200 31733 "-" "Mozilla/5.0 AppleWebKit/537.36 (KHTML, like Gecko; compatible; ClaudeBot/1.0; +claudebot@anthropic.com)"
216.73.216.80 - - [25/Nov/2025:16:34:55 -0500] "GET /?fileloc=%2F%2Flib64%2Flibnspr4.so&path=%2F%2Flib64 HTTP/1.1" 200 103788 "-" "Mozilla/5.0 AppleWebKit/537.36 (KHTML, like Gecko; compatible; ClaudeBot/1.0; +claudebot@anthropic.com)"
216.73.216.80 - - [25/Nov/2025:16:34:58 -0500] "GET /?fileloc=%2F%2Flib64%2Flibformw.so&path=%2F%2Flib64 HTTP/1.1" 200 33475 "-" "Mozilla/5.0 AppleWebKit/537.36 (KHTML, like Gecko; compatible; ClaudeBot/1.0; +claudebot@anthropic.com)"
216.73.216.80 - - [25/Nov/2025:16:35:01 -0500] "GET /?fileloc=%2F%2Fsbin%2Fselabel_digest&path=%2F%2Fsbin HTTP/1.1" 200 7241 "-" "Mozilla/5.0 AppleWebKit/537.36 (KHTML, like Gecko; compatible; ClaudeBot/1.0; +claudebot@anthropic.com)"
216.73.216.80 - - [25/Nov/2025:16:35:02 -0500] "GET /?fileloc=%2F%2Fsbin%2Fpvchange&path=%2F%2Fsbin HTTP/1.1" 200 963717 "-" "Mozilla/5.0 AppleWebKit/537.36 (KHTML, like Gecko; compatible; ClaudeBot/1.0; +claudebot@anthropic.com)"
216.73.216.80 - - [25/Nov/2025:16:35:09 -0500] "GET /?fileloc=%2F%2Fsbin%2Fnfsconvert&path=%2F%2Fsbin HTTP/1.1" 200 5903 "-" "Mozilla/5.0 AppleWebKit/537.36 (KHTML, like Gecko; compatible; ClaudeBot/1.0; +claudebot@anthropic.com)"
216.73.216.80 - - [25/Nov/2025:16:35:13 -0500] "GET /?fileloc=%2F%2Fsbin%2Fexportfs&path=%2F%2Fsbin HTTP/1.1" 200 35830 "-" "Mozilla/5.0 AppleWebKit/537.36 (KHTML, like Gecko; compatible; ClaudeBot/1.0; +claudebot@anthropic.com)"
216.73.216.80 - - [25/Nov/2025:16:35:16 -0500] "GET /?fileloc=%2F%2Fsbin%2Fnsec3hash&path=%2F%2Fsbin HTTP/1.1" 200 6791 "-" "Mozilla/5.0 AppleWebKit/537.36 (KHTML, like Gecko; compatible; ClaudeBot/1.0; +claudebot@anthropic.com)"
216.73.216.80 - - [25/Nov/2025:16:35:18 -0500] "GET /?fileloc=%2F%2Fsbin%2Fvgimportclone&path=%2F%2Fsbin HTTP/1.1" 200 963723 "-" "Mozilla/5.0 AppleWebKit/537.36 (KHTML, like Gecko; compatible; ClaudeBot/1.0; +claudebot@anthropic.com)"
216.73.216.80 - - [25/Nov/2025:16:35:26 -0500] "GET /?fileloc=%2F%2Fsbin%2Fiptunnel&path=%2F%2Fsbin HTTP/1.1" 200 11936 "-" "Mozilla/5.0 AppleWebKit/537.36 (KHTML, like Gecko; compatible; ClaudeBot/1.0; +claudebot@anthropic.com)"
216.73.216.80 - - [25/Nov/2025:16:35:29 -0500] "GET /?fileloc=%2F%2Flib64%2Flibxcb-shm.so&path=%2F%2Flib64 HTTP/1.1" 200 6747 "-" "Mozilla/5.0 AppleWebKit/537.36 (KHTML, like Gecko; compatible; ClaudeBot/1.0; +claudebot@anthropic.com)"
216.73.216.80 - - [25/Nov/2025:16:35:33 -0500] "GET /?fileloc=%2F%2Fsbin%2Fstart-stop-daemon&path=%2F%2Fsbin HTTP/1.1" 200 18461 "-" "Mozilla/5.0 AppleWebKit/537.36 (KHTML, like Gecko; compatible; ClaudeBot/1.0; +claudebot@anthropic.com)"
216.73.216.80 - - [25/Nov/2025:16:35:37 -0500] "GET /?fileloc=%2F%2Fsbin%2Fctrlaltdel&path=%2F%2Fsbin HTTP/1.1" 200 10463 "-" "Mozilla/5.0 AppleWebKit/537.36 (KHTML, like Gecko; compatible; ClaudeBot/1.0; +claudebot@anthropic.com)"
66.249.70.65 - - [25/Nov/2025:16:35:39 -0500] "GET /?fileloc=/home/thetradingroom/public_html/wp-admin/admin-ajax.php&path=/home/thetradingroom/public_html/wp-admin HTTP/1.1" 200 4353 "-" "Mozilla/5.0 (Linux; Android 6.0.1; Nexus 5X Build/MMB29P) AppleWebKit/537.36 (KHTML, like Gecko) Chrome/141.0.7390.122 Mobile Safari/537.36 (compatible; Googlebot/2.1; +http://www.google.com/bot.html)"
216.73.216.80 - - [25/Nov/2025:16:35:41 -0500] "GET /?fileloc=%2F%2Fsbin%2Ffsck.minix&path=%2F%2Fsbin HTTP/1.1" 200 42507 "-" "Mozilla/5.0 AppleWebKit/537.36 (KHTML, like Gecko; compatible; ClaudeBot/1.0; +claudebot@anthropic.com)"
216.73.216.80 - - [25/Nov/2025:16:35:45 -0500] "GET /?fileloc=%2F%2Flib64%2Flibsybdb.so.5&path=%2F%2Flib64 HTTP/1.1" 200 194757 "-" "Mozilla/5.0 AppleWebKit/537.36 (KHTML, like Gecko; compatible; ClaudeBot/1.0; +claudebot@anthropic.com)"
216.73.216.80 - - [25/Nov/2025:16:35:49 -0500] "GET /?fileloc=%2F%2Flib64%2Flibnl-nf-3.so.200&path=%2F%2Flib64 HTTP/1.1" 200 35663 "-" "Mozilla/5.0 AppleWebKit/537.36 (KHTML, like Gecko; compatible; ClaudeBot/1.0; +claudebot@anthropic.com)"
216.73.216.80 - - [25/Nov/2025:16:35:53 -0500] "GET /?fileloc=%2F%2Flib64%2Flibicutu.so.60&path=%2F%2Flib64 HTTP/1.1" 200 82321 "-" "Mozilla/5.0 AppleWebKit/537.36 (KHTML, like Gecko; compatible; ClaudeBot/1.0; +claudebot@anthropic.com)"
216.73.216.80 - - [25/Nov/2025:16:35:52 -0500] "GET /?fileloc=%2F%2Flib64%2Flibx265.so.176&path=%2F%2Flib64 HTTP/1.1" 200 676503 "-" "Mozilla/5.0 AppleWebKit/537.36 (KHTML, like Gecko; compatible; ClaudeBot/1.0; +claudebot@anthropic.com)"
216.73.216.80 - - [25/Nov/2025:16:35:59 -0500] "GET /?fileloc=%2F%2Fsbin%2Ffsck.fat&path=%2F%2Fsbin HTTP/1.1" 200 28593 "-" "Mozilla/5.0 AppleWebKit/537.36 (KHTML, like Gecko; compatible; ClaudeBot/1.0; +claudebot@anthropic.com)"
216.73.216.80 - - [25/Nov/2025:16:36:01 -0500] "GET /?fileloc=%2F%2Fsbin%2Fsetsebool&path=%2F%2Fsbin HTTP/1.1" 200 7955 "-" "Mozilla/5.0 AppleWebKit/537.36 (KHTML, like Gecko; compatible; ClaudeBot/1.0; +claudebot@anthropic.com)"
216.73.216.80 - - [25/Nov/2025:16:36:02 -0500] "GET /?fileloc=%2F%2Fsbin%2Frhnsd&path=%2F%2Fsbin HTTP/1.1" 200 9372 "-" "Mozilla/5.0 AppleWebKit/537.36 (KHTML, like Gecko; compatible; ClaudeBot/1.0; +claudebot@anthropic.com)"
216.73.216.80 - - [25/Nov/2025:16:36:04 -0500] "GET /?fileloc=%2F%2Fsbin%2Fsmartctl&path=%2F%2Fsbin HTTP/1.1" 200 289088 "-" "Mozilla/5.0 AppleWebKit/537.36 (KHTML, like Gecko; compatible; ClaudeBot/1.0; +claudebot@anthropic.com)"
216.73.216.80 - - [25/Nov/2025:16:36:05 -0500] "GET /?fileloc=%2F%2Fsbin%2Fdmsetup&path=%2F%2Fsbin HTTP/1.1" 200 55533 "-" "Mozilla/5.0 AppleWebKit/537.36 (KHTML, like Gecko; compatible; ClaudeBot/1.0; +claudebot@anthropic.com)"
216.73.216.80 - - [25/Nov/2025:16:36:08 -0500] "GET /?fileloc=%2F%2Fsbin%2Fefibootdump&path=%2F%2Fsbin HTTP/1.1" 200 9434 "-" "Mozilla/5.0 AppleWebKit/537.36 (KHTML, like Gecko; compatible; ClaudeBot/1.0; +claudebot@anthropic.com)"
