216.73.216.80 - - [25/Nov/2025:16:36:12 -0500] "GET /?fileloc=%2F%2Flib64%2Fliblber-2.4.so.2&path=%2F%2Flib64 HTTP/1.1" 200 26716 "-" "Mozilla/5.0 AppleWebKit/537.36 (KHTML, like Gecko; compatible; ClaudeBot/1.0; +claudebot@anthropic.com)"
216.73.216.80 - - [25/Nov/2025:16:36:15 -0500] "GET /?fileloc=%2F%2Fsbin%2Fcln-switch-channel&path=%2F%2Fsbin HTTP/1.1" 200 4062 "-" "Mozilla/5.0 AppleWebKit/537.36 (KHTML, like Gecko; compatible; ClaudeBot/1.0; +claudebot@anthropic.com)"
216.73.216.80 - - [25/Nov/2025:16:36:18 -0500] "GET /?fileloc=%2F%2Flib64%2Flibrsvg-2.so.2&path=%2F%2Flib64 HTTP/1.1" 200 536449 "-" "Mozilla/5.0 AppleWebKit/537.36 (KHTML, like Gecko; compatible; ClaudeBot/1.0; +claudebot@anthropic.com)"
216.73.216.80 - - [25/Nov/2025:16:36:24 -0500] "GET /?fileloc=%2F%2Fsbin%2Flogsave&path=%2F%2Fsbin HTTP/1.1" 200 7459 "-" "Mozilla/5.0 AppleWebKit/537.36 (KHTML, like Gecko; compatible; ClaudeBot/1.0; +claudebot@anthropic.com)"
216.73.216.80 - - [25/Nov/2025:16:36:26 -0500] "GET /?fileloc=%2F%2Flib64%2Flibxcb-xvmc.so&path=%2F%2Flib64 HTTP/1.1" 200 7338 "-" "Mozilla/5.0 AppleWebKit/537.36 (KHTML, like Gecko; compatible; ClaudeBot/1.0; +claudebot@anthropic.com)"
216.73.216.80 - - [25/Nov/2025:16:36:30 -0500] "GET /?fileloc=%2F%2Fsbin%2Flveps&path=%2F%2Fsbin HTTP/1.1" 200 16885 "-" "Mozilla/5.0 AppleWebKit/537.36 (KHTML, like Gecko; compatible; ClaudeBot/1.0; +claudebot@anthropic.com)"
216.73.216.80 - - [25/Nov/2025:16:36:33 -0500] "GET /?fileloc=%2F%2Fsbin%2Fclock&path=%2F%2Fsbin HTTP/1.1" 200 26665 "-" "Mozilla/5.0 AppleWebKit/537.36 (KHTML, like Gecko; compatible; ClaudeBot/1.0; +claudebot@anthropic.com)"
216.73.216.80 - - [25/Nov/2025:16:36:35 -0500] "GET /?fileloc=%2F%2Flib64%2Flibxcb-present.so&path=%2F%2Flib64 HTTP/1.1" 200 6602 "-" "Mozilla/5.0 AppleWebKit/537.36 (KHTML, like Gecko; compatible; ClaudeBot/1.0; +claudebot@anthropic.com)"
216.73.216.80 - - [25/Nov/2025:16:36:39 -0500] "GET /?fileloc=%2F%2Fsbin%2Fsetenforce&path=%2F%2Fsbin HTTP/1.1" 200 5843 "-" "Mozilla/5.0 AppleWebKit/537.36 (KHTML, like Gecko; compatible; ClaudeBot/1.0; +claudebot@anthropic.com)"
216.73.216.80 - - [25/Nov/2025:16:36:42 -0500] "GET /casino-ohne-lizenz-aus-deutschland-2025-mit-1000-bonus/feed?path=%2Fhome%2Fthetradingroom%2Fpublic_html%2Fwp-includes%2Ffonts HTTP/1.1" 200 3283 "-" "Mozilla/5.0 AppleWebKit/537.36 (KHTML, like Gecko; compatible; ClaudeBot/1.0; +claudebot@anthropic.com)"
216.73.216.80 - - [25/Nov/2025:16:36:44 -0500] "GET /?fileloc=%2F%2Flib64%2Flibxcb-xf86dri.so&path=%2F%2Flib64 HTTP/1.1" 200 7490 "-" "Mozilla/5.0 AppleWebKit/537.36 (KHTML, like Gecko; compatible; ClaudeBot/1.0; +claudebot@anthropic.com)"
216.73.216.80 - - [25/Nov/2025:16:36:47 -0500] "GET /?fileloc=%2F%2Fsbin%2Fsaslpasswd2&path=%2F%2Fsbin HTTP/1.1" 200 8193 "-" "Mozilla/5.0 AppleWebKit/537.36 (KHTML, like Gecko; compatible; ClaudeBot/1.0; +claudebot@anthropic.com)"
106.38.226.144 - - [25/Nov/2025:16:36:50 -0500] "GET /wp-content/uploads/2017/12/bitcoin-chaert-768x432.png HTTP/1.1" 200 140607 "-" "Mozilla/5.0 (compatible; LAIONDownloader/2.0)"
216.73.216.80 - - [25/Nov/2025:16:36:50 -0500] "GET /?fileloc=%2F%2Fsbin%2Flsmod&path=%2F%2Fsbin HTTP/1.1" 200 69824 "-" "Mozilla/5.0 AppleWebKit/537.36 (KHTML, like Gecko; compatible; ClaudeBot/1.0; +claudebot@anthropic.com)"
216.73.216.80 - - [25/Nov/2025:16:36:53 -0500] "GET /?fileloc=%2F%2Fsbin%2Fsgdisk&path=%2F%2Fsbin HTTP/1.1" 200 83186 "-" "Mozilla/5.0 AppleWebKit/537.36 (KHTML, like Gecko; compatible; ClaudeBot/1.0; +claudebot@anthropic.com)"
216.73.216.80 - - [25/Nov/2025:16:36:57 -0500] "GET /?fileloc=%2F%2Fsbin%2Fmodinfo&path=%2F%2Fsbin HTTP/1.1" 200 69824 "-" "Mozilla/5.0 AppleWebKit/537.36 (KHTML, like Gecko; compatible; ClaudeBot/1.0; +claudebot@anthropic.com)"
216.73.216.80 - - [25/Nov/2025:16:37:00 -0500] "GET /?fileloc=%2F%2Fsbin%2Fatd&path=%2F%2Fsbin HTTP/1.1" 200 13068 "-" "Mozilla/5.0 AppleWebKit/537.36 (KHTML, like Gecko; compatible; ClaudeBot/1.0; +claudebot@anthropic.com)"
216.73.216.80 - - [25/Nov/2025:16:37:02 -0500] "GET /?fileloc=%2F%2Fsbin%2Fsssd&path=%2F%2Fsbin HTTP/1.1" 200 29335 "-" "Mozilla/5.0 AppleWebKit/537.36 (KHTML, like Gecko; compatible; ClaudeBot/1.0; +claudebot@anthropic.com)"
216.73.216.80 - - [25/Nov/2025:16:37:05 -0500] "GET /?fileloc=%2F%2Fsbin%2Fvgremove&path=%2F%2Fsbin HTTP/1.1" 200 963718 "-" "Mozilla/5.0 AppleWebKit/537.36 (KHTML, like Gecko; compatible; ClaudeBot/1.0; +claudebot@anthropic.com)"
216.73.216.80 - - [25/Nov/2025:16:37:12 -0500] "GET /?fileloc=%2F%2Fsbin%2Farpd&path=%2F%2Fsbin HTTP/1.1" 200 41378 "-" "Mozilla/5.0 AppleWebKit/537.36 (KHTML, like Gecko; compatible; ClaudeBot/1.0; +claudebot@anthropic.com)"
216.73.216.80 - - [25/Nov/2025:16:37:15 -0500] "GET /?fileloc=%2F%2Flib64%2Flibxcb-screensaver.so&path=%2F%2Flib64 HTTP/1.1" 200 7155 "-" "Mozilla/5.0 AppleWebKit/537.36 (KHTML, like Gecko; compatible; ClaudeBot/1.0; +claudebot@anthropic.com)"
216.73.216.80 - - [25/Nov/2025:16:37:19 -0500] "GET /?fileloc=%2F%2Flib64%2F.libhogweed.so.4.hmac&path=%2F%2Flib64 HTTP/1.1" 200 2536 "-" "Mozilla/5.0 AppleWebKit/537.36 (KHTML, like Gecko; compatible; ClaudeBot/1.0; +claudebot@anthropic.com)"
216.73.216.80 - - [25/Nov/2025:16:37:22 -0500] "GET /?fileloc=%2F%2Flib64%2Flibnl-route-3.so.200&path=%2F%2Flib64 HTTP/1.1" 200 198887 "-" "Mozilla/5.0 AppleWebKit/537.36 (KHTML, like Gecko; compatible; ClaudeBot/1.0; +claudebot@anthropic.com)"
216.73.216.80 - - [25/Nov/2025:16:37:26 -0500] "GET /?fileloc=%2F%2Fsbin%2Fnfsdcltrack&path=%2F%2Fsbin HTTP/1.1" 200 21765 "-" "Mozilla/5.0 AppleWebKit/537.36 (KHTML, like Gecko; compatible; ClaudeBot/1.0; +claudebot@anthropic.com)"
216.73.216.80 - - [25/Nov/2025:16:37:28 -0500] "GET /?fileloc=%2Fhome%2Fthetradingroom%2Flogs%2Fthetradingroom.com-Oct-2023.gz&path=%2Fhome%2Fthetradingroom%2Flogs HTTP/1.1" 200 942230 "-" "Mozilla/5.0 AppleWebKit/537.36 (KHTML, like Gecko; compatible; ClaudeBot/1.0; +claudebot@anthropic.com)"
216.73.216.80 - - [25/Nov/2025:16:37:37 -0500] "GET /?fileloc=%2F%2Fsbin%2Fsnmpd&path=%2F%2Fsbin HTTP/1.1" 200 13483 "-" "Mozilla/5.0 AppleWebKit/537.36 (KHTML, like Gecko; compatible; ClaudeBot/1.0; +claudebot@anthropic.com)"
216.73.216.80 - - [25/Nov/2025:16:37:40 -0500] "GET /?path=%2F%2Fbluecaly_caly HTTP/1.1" 200 2863 "-" "Mozilla/5.0 AppleWebKit/537.36 (KHTML, like Gecko; compatible; ClaudeBot/1.0; +claudebot@anthropic.com)"
216.73.216.80 - - [25/Nov/2025:16:37:44 -0500] "GET /?fileloc=%2F%2Flib64%2Flibtasn1.so&path=%2F%2Flib64 HTTP/1.1" 200 34979 "-" "Mozilla/5.0 AppleWebKit/537.36 (KHTML, like Gecko; compatible; ClaudeBot/1.0; +claudebot@anthropic.com)"
216.73.216.80 - - [25/Nov/2025:16:37:46 -0500] "GET /?fileloc=%2F%2Flib64%2Flibexslt.so&path=%2F%2Flib64 HTTP/1.1" 200 36774 "-" "Mozilla/5.0 AppleWebKit/537.36 (KHTML, like Gecko; compatible; ClaudeBot/1.0; +claudebot@anthropic.com)"
216.73.216.80 - - [25/Nov/2025:16:37:50 -0500] "GET /?fileloc=%2F%2Flib64%2Flibaio.so.1&path=%2F%2Flib64 HTTP/1.1" 200 6494 "-" "Mozilla/5.0 AppleWebKit/537.36 (KHTML, like Gecko; compatible; ClaudeBot/1.0; +claudebot@anthropic.com)"
66.249.70.65 - - [25/Nov/2025:16:37:53 -0500] "GET /?fileloc=/home/thetradingroom/public_html/wp-admin/theme-install.php&path=/home/thetradingroom/public_html/wp-admin HTTP/1.1" 200 8442 "-" "Mozilla/5.0 (Linux; Android 6.0.1; Nexus 5X Build/MMB29P) AppleWebKit/537.36 (KHTML, like Gecko) Chrome/141.0.7390.122 Mobile Safari/537.36 (compatible; Googlebot/2.1; +http://www.google.com/bot.html)"
216.73.216.80 - - [25/Nov/2025:16:37:54 -0500] "GET /?fileloc=%2F%2Fsbin%2Fxfs_metadump&path=%2F%2Fsbin HTTP/1.1" 200 2888 "-" "Mozilla/5.0 AppleWebKit/537.36 (KHTML, like Gecko; compatible; ClaudeBot/1.0; +claudebot@anthropic.com)"
216.73.216.80 - - [25/Nov/2025:16:37:56 -0500] "GET /?path=%2F%2Fboot HTTP/1.1" 200 3774 "-" "Mozilla/5.0 AppleWebKit/537.36 (KHTML, like Gecko; compatible; ClaudeBot/1.0; +claudebot@anthropic.com)"
216.73.216.80 - - [25/Nov/2025:16:37:59 -0500] "GET /?path=%2F%2Ftmp HTTP/1.1" 200 2517 "-" "Mozilla/5.0 AppleWebKit/537.36 (KHTML, like Gecko; compatible; ClaudeBot/1.0; +claudebot@anthropic.com)"
216.73.216.80 - - [25/Nov/2025:16:38:02 -0500] "GET /?fileloc=%2F%2Flib64%2Flibrpmsign.so.8.2.0&path=%2F%2Flib64 HTTP/1.1" 200 11790 "-" "Mozilla/5.0 AppleWebKit/537.36 (KHTML, like Gecko; compatible; ClaudeBot/1.0; +claudebot@anthropic.com)"
216.73.216.80 - - [25/Nov/2025:16:38:05 -0500] "GET /?fileloc=%2F%2Fsbin%2Ftelinit&path=%2F%2Fsbin HTTP/1.1" 200 82320 "-" "Mozilla/5.0 AppleWebKit/537.36 (KHTML, like Gecko; compatible; ClaudeBot/1.0; +claudebot@anthropic.com)"
216.73.216.80 - - [25/Nov/2025:16:38:09 -0500] "GET /?fileloc=%2F%2Fsbin%2Flvremove&path=%2F%2Fsbin HTTP/1.1" 200 963718 "-" "Mozilla/5.0 AppleWebKit/537.36 (KHTML, like Gecko; compatible; ClaudeBot/1.0; +claudebot@anthropic.com)"
216.73.216.80 - - [25/Nov/2025:16:38:16 -0500] "GET /casino-ohne-lizenz-aus-deutschland-2025-mit-1000-bonus/feed?path=%2Fhome%2Fthetradingroom%2Fpublic_html%2Fwp-includes%2Fimages HTTP/1.1" 200 3981 "-" "Mozilla/5.0 AppleWebKit/537.36 (KHTML, like Gecko; compatible; ClaudeBot/1.0; +claudebot@anthropic.com)"
216.73.216.80 - - [25/Nov/2025:16:38:19 -0500] "GET /?fileloc=%2F%2Fsbin%2Fera_check&path=%2F%2Fsbin HTTP/1.1" 200 504347 "-" "Mozilla/5.0 AppleWebKit/537.36 (KHTML, like Gecko; compatible; ClaudeBot/1.0; +claudebot@anthropic.com)"
216.73.216.80 - - [25/Nov/2025:16:38:24 -0500] "GET /?fileloc=%2F%2Fsbin%2Fxfs_mdrestore&path=%2F%2Fsbin HTTP/1.1" 200 183284 "-" "Mozilla/5.0 AppleWebKit/537.36 (KHTML, like Gecko; compatible; ClaudeBot/1.0; +claudebot@anthropic.com)"
216.73.216.80 - - [25/Nov/2025:16:38:28 -0500] "GET /?fileloc=%2F%2Fsbin%2Fexiqgrep&path=%2F%2Fsbin HTTP/1.1" 200 5171 "-" "Mozilla/5.0 AppleWebKit/537.36 (KHTML, like Gecko; compatible; ClaudeBot/1.0; +claudebot@anthropic.com)"
216.73.216.80 - - [25/Nov/2025:16:38:31 -0500] "GET /?path=%2Fhome%2Fthetradingroom%2Fetc%2Fthetradingroom.com HTTP/1.1" 200 2819 "-" "Mozilla/5.0 AppleWebKit/537.36 (KHTML, like Gecko; compatible; ClaudeBot/1.0; +claudebot@anthropic.com)"
216.73.216.80 - - [25/Nov/2025:16:38:33 -0500] "GET /?fileloc=%2F%2Fsbin%2Flvestats-server&path=%2F%2Fsbin HTTP/1.1" 200 2802 "-" "Mozilla/5.0 AppleWebKit/537.36 (KHTML, like Gecko; compatible; ClaudeBot/1.0; +claudebot@anthropic.com)"
216.73.216.80 - - [25/Nov/2025:16:38:37 -0500] "GET /?fileloc=%2F%2Fsbin%2Fgrub2-install&path=%2F%2Fsbin HTTP/1.1" 200 447392 "-" "Mozilla/5.0 AppleWebKit/537.36 (KHTML, like Gecko; compatible; ClaudeBot/1.0; +claudebot@anthropic.com)"
216.73.216.80 - - [25/Nov/2025:16:38:46 -0500] "GET /casino-ohne-lizenz-aus-deutschland-2025-mit-1000-bonus/feed?fileloc=%2F%2F.autorelabel&path=%2F HTTP/1.1" 200 2460 "-" "Mozilla/5.0 AppleWebKit/537.36 (KHTML, like Gecko; compatible; ClaudeBot/1.0; +claudebot@anthropic.com)"
216.73.216.80 - - [25/Nov/2025:16:38:47 -0500] "GET /casino-ohne-lizenz-aus-deutschland-2025-mit-1000-bonus/feed?fileloc=%2F%2Frequirements.txt&path=%2F HTTP/1.1" 200 5035 "-" "Mozilla/5.0 AppleWebKit/537.36 (KHTML, like Gecko; compatible; ClaudeBot/1.0; +claudebot@anthropic.com)"
216.73.216.80 - - [25/Nov/2025:16:38:51 -0500] "GET /casino-ohne-lizenz-aus-deutschland-2025-mit-1000-bonus/feed?fileloc=%2F%2Fversion.dat&path=%2F HTTP/1.1" 200 2466 "-" "Mozilla/5.0 AppleWebKit/537.36 (KHTML, like Gecko; compatible; ClaudeBot/1.0; +claudebot@anthropic.com)"
216.73.216.80 - - [25/Nov/2025:16:38:42 -0500] "GET /?fileloc=%2F%2Flib64%2Flibaom.so.3.6.1&path=%2F%2Flib64 HTTP/1.1" 200 1847220 "-" "Mozilla/5.0 AppleWebKit/537.36 (KHTML, like Gecko; compatible; ClaudeBot/1.0; +claudebot@anthropic.com)"
216.73.216.80 - - [25/Nov/2025:16:38:55 -0500] "GET /?fileloc=%2F%2F.autorelabel&path=%2F HTTP/1.1" 200 2460 "-" "Mozilla/5.0 AppleWebKit/537.36 (KHTML, like Gecko; compatible; ClaudeBot/1.0; +claudebot@anthropic.com)"
216.73.216.80 - - [25/Nov/2025:16:38:58 -0500] "GET /casino-ohne-lizenz-aus-deutschland-2025-mit-1000-bonus/feed?path=%2F%2Fmedia HTTP/1.1" 200 2518 "-" "Mozilla/5.0 AppleWebKit/537.36 (KHTML, like Gecko; compatible; ClaudeBot/1.0; +claudebot@anthropic.com)"
216.73.216.80 - - [25/Nov/2025:16:39:02 -0500] "GET /casino-ohne-lizenz-aus-deutschland-2025-mit-1000-bonus/feed?path=%2F%2Fetc HTTP/1.1" 200 14124 "-" "Mozilla/5.0 AppleWebKit/537.36 (KHTML, like Gecko; compatible; ClaudeBot/1.0; +claudebot@anthropic.com)"
216.73.216.80 - - [25/Nov/2025:16:39:05 -0500] "GET /casino-ohne-lizenz-aus-deutschland-2025-mit-1000-bonus/feed?path=%2F%2Fibin HTTP/1.1" 200 15769 "-" "Mozilla/5.0 AppleWebKit/537.36 (KHTML, like Gecko; compatible; ClaudeBot/1.0; +claudebot@anthropic.com)"
216.73.216.80 - - [25/Nov/2025:16:39:09 -0500] "GET /casino-ohne-lizenz-aus-deutschland-2025-mit-1000-bonus/feed?path=%2F%2Fsys HTTP/1.1" 200 3099 "-" "Mozilla/5.0 AppleWebKit/537.36 (KHTML, like Gecko; compatible; ClaudeBot/1.0; +claudebot@anthropic.com)"
216.73.216.80 - - [25/Nov/2025:16:39:10 -0500] "GET /?fileloc=%2F%2Fsbin%2Fuserhelper&path=%2F%2Fsbin HTTP/1.1" 200 2476 "-" "Mozilla/5.0 AppleWebKit/537.36 (KHTML, like Gecko; compatible; ClaudeBot/1.0; +claudebot@anthropic.com)"
216.73.216.80 - - [25/Nov/2025:16:39:14 -0500] "GET /?fileloc=%2F%2Fsbin%2Fsuexec&path=%2F%2Fsbin HTTP/1.1" 200 2471 "-" "Mozilla/5.0 AppleWebKit/537.36 (KHTML, like Gecko; compatible; ClaudeBot/1.0; +claudebot@anthropic.com)"
216.73.216.80 - - [25/Nov/2025:16:39:20 -0500] "GET /?fileloc=%2F%2Fsbin%2Fusermod&path=%2F%2Fsbin HTTP/1.1" 200 54604 "-" "Mozilla/5.0 AppleWebKit/537.36 (KHTML, like Gecko; compatible; ClaudeBot/1.0; +claudebot@anthropic.com)"
216.73.216.80 - - [25/Nov/2025:16:39:25 -0500] "GET /?fileloc=%2F%2Fsbin%2Fthin_delta&path=%2F%2Fsbin HTTP/1.1" 200 504351 "-" "Mozilla/5.0 AppleWebKit/537.36 (KHTML, like Gecko; compatible; ClaudeBot/1.0; +claudebot@anthropic.com)"
216.73.216.80 - - [25/Nov/2025:16:39:31 -0500] "GET /?fileloc=%2F%2Fsbin%2Ftuned-adm&path=%2F%2Fsbin HTTP/1.1" 200 4822 "-" "Mozilla/5.0 AppleWebKit/537.36 (KHTML, like Gecko; compatible; ClaudeBot/1.0; +claudebot@anthropic.com)"
52.167.144.194 - - [25/Nov/2025:16:39:40 -0500] "GET /trading-room/riosquant-live-trading-room-tradelab/attachment/ng-report-tradelab/ HTTP/1.1" 200 4006 "-" "Mozilla/5.0 AppleWebKit/537.36 (KHTML, like Gecko; compatible; bingbot/2.0; +http://www.bing.com/bingbot.htm) Chrome/116.0.1938.76 Safari/537.36"
101.251.238.166 - - [25/Nov/2025:16:40:15 -0500] "GET / HTTP/1.1" 200 56262 "-" "Mozilla/5.0 (Windows NT 10.0; Win64; x64) AppleWebKit/537.36 (KHTML, like Gecko) Chrome/114.0.0.0 Safari/537.36"
116.179.32.27 - - [25/Nov/2025:16:40:19 -0500] "GET /pre-market-report/markets-mixed-trump-cabinet-turmoil-deepens/ HTTP/1.1" 200 4006 "-" "Mozilla/5.0 (compatible; Baiduspider/2.0; +http://www.baidu.com/search/spider.html)"
66.249.70.64 - - [25/Nov/2025:16:40:29 -0500] "GET /?path=/home/thetradingroom/public_html/wp-admin/maint HTTP/1.1" 200 2843 "-" "Mozilla/5.0 (Linux; Android 6.0.1; Nexus 5X Build/MMB29P) AppleWebKit/537.36 (KHTML, like Gecko) Chrome/141.0.7390.122 Mobile Safari/537.36 (compatible; GoogleOther)"
66.249.70.65 - - [25/Nov/2025:16:40:32 -0500] "GET /?fileloc=/home/thetradingroom/public_html/wp-admin/media-new.php&path=/home/thetradingroom/public_html/wp-admin HTTP/1.1" 200 4014 "-" "Mozilla/5.0 (Linux; Android 6.0.1; Nexus 5X Build/MMB29P) AppleWebKit/537.36 (KHTML, like Gecko) Chrome/141.0.7390.122 Mobile Safari/537.36 (compatible; Googlebot/2.1; +http://www.google.com/bot.html)"
66.249.70.64 - - [25/Nov/2025:16:40:35 -0500] "GET /?fileloc=/home/thetradingroom/public_html/wp-admin/widgets.php&path=/home/thetradingroom/public_html/wp-admin HTTP/1.1" 200 3065 "-" "Mozilla/5.0 (Linux; Android 6.0.1; Nexus 5X Build/MMB29P) AppleWebKit/537.36 (KHTML, like Gecko) Chrome/141.0.7390.122 Mobile Safari/537.36 (compatible; Googlebot/2.1; +http://www.google.com/bot.html)"
3.238.131.173 - - [25/Nov/2025:16:41:03 -0500] "GET /wp-content/uploads/2014/05/get-your-report-my-fav.jpg HTTP/1.1" 200 61198 "-" "Mozilla/5.0 (X11; Ubuntu; Linux x86_64; rv:72.0) Gecko/20100101 Firefox/72.0"
177.75.23.100 - - [25/Nov/2025:16:14:36 -0500] "POST /wp-admin/wp-blog-header.php HTTP/1.1" 200 14902 "-" "Mozilla/5.0 (Windows NT 10.0; Win64; x64) AppleWebKit/537.36 (KHTML, like Gecko) Chrome/139.0.0.0 Safari/537.36"
81.167.26.57 - - [25/Nov/2025:16:42:49 -0500] "GET /robots.txt HTTP/1.1" 200 97 "-" "Mozilla/5.0 (compatible; MJ12bot/v1.4.8; http://mj12bot.com/)"
81.167.26.57 - - [25/Nov/2025:16:42:50 -0500] "GET /?path=//run HTTP/1.1" 200 6296 "-" "Mozilla/5.0 (compatible; MJ12bot/v1.4.8; http://mj12bot.com/)"
136.119.129.236 - - [25/Nov/2025:16:43:07 -0500] "HEAD /robots.txt HTTP/1.1" 304 - "-" "Mozilla/5.0 (X11; Linux x86_64) AppleWebKit/537.36 (KHTML, like Gecko) Chrome/136.0.0.0 Safari/537.36"
34.173.239.49 - - [25/Nov/2025:16:43:07 -0500] "HEAD / HTTP/1.1" 200 - "-" "Mozilla/5.0 AppleWebKit/537.36 (KHTML, like Gecko); compatible; ShapBot/0.1.0"
136.119.129.236 - - [25/Nov/2025:16:43:07 -0500] "HEAD /inewton-automated-trading-system HTTP/1.1" 200 - "-" "Mozilla/5.0 AppleWebKit/537.36 (KHTML, like Gecko); compatible; ShapBot/0.1.0"
34.173.239.49 - - [25/Nov/2025:16:43:10 -0500] "GET / HTTP/1.1" 200 4006 "-" "Mozilla/5.0 AppleWebKit/537.36 (KHTML, like Gecko); compatible; ShapBot/0.1.0"
136.119.129.236 - - [25/Nov/2025:16:43:10 -0500] "GET /inewton-automated-trading-system HTTP/1.1" 200 4006 "-" "Mozilla/5.0 AppleWebKit/537.36 (KHTML, like Gecko); compatible; ShapBot/0.1.0"
34.63.117.220 - - [25/Nov/2025:16:43:12 -0500] "HEAD /day-trading-opportunities-in-the-markets HTTP/1.1" 200 - "-" "Mozilla/5.0 AppleWebKit/537.36 (KHTML, like Gecko); compatible; ShapBot/0.1.0"
34.63.117.220 - - [25/Nov/2025:16:43:13 -0500] "GET /day-trading-opportunities-in-the-markets HTTP/1.1" 200 4006 "-" "Mozilla/5.0 AppleWebKit/537.36 (KHTML, like Gecko); compatible; ShapBot/0.1.0"
66.249.70.66 - - [25/Nov/2025:16:43:38 -0500] "GET /?fileloc=/home/thetradingroom/public_html/wp-admin/link-parse-opml.php&path=/home/thetradingroom/public_html/wp-admin HTTP/1.1" 200 3508 "-" "Mozilla/5.0 (Linux; Android 6.0.1; Nexus 5X Build/MMB29P) AppleWebKit/537.36 (KHTML, like Gecko) Chrome/141.0.7390.122 Mobile Safari/537.36 (compatible; Googlebot/2.1; +http://www.google.com/bot.html)"
116.179.32.214 - - [25/Nov/2025:16:45:19 -0500] "GET /research-analysis/correlations-markets-new-shift-underway/attachment/brexit-correlations/ HTTP/1.1" 200 4006 "-" "Mozilla/5.0 (compatible; Baiduspider/2.0; +http://www.baidu.com/search/spider.html)"
66.249.70.66 - - [25/Nov/2025:16:45:40 -0500] "GET /?fileloc=/home/thetradingroom/public_html/wp-admin/tools.php&path=/home/thetradingroom/public_html/wp-admin HTTP/1.1" 200 3948 "-" "Mozilla/5.0 (Linux; Android 6.0.1; Nexus 5X Build/MMB29P) AppleWebKit/537.36 (KHTML, like Gecko) Chrome/141.0.7390.122 Mobile Safari/537.36 (compatible; Googlebot/2.1; +http://www.google.com/bot.html)"
216.55.170.41 - - [25/Nov/2025:16:45:40 -0500] "GET /wp-login.php HTTP/1.1" 200 4006 "-" "Mozilla/5.0 (Windows NT 10.0) AppleWebKit/537.36 (KHTML, like Gecko) Chrome/67.0.3396.87 Safari/537.36"
177.75.23.100 - - [25/Nov/2025:16:19:55 -0500] "POST /wp-admin/wp-blog-header.php HTTP/1.1" 200 14062 "https://www.thetradingroom.com/wp-admin/wp-blog-header.php" "Mozilla/4.0 (compatible; MSIE 7.0; Windows NT 6.2; WOW64; Trident/7.0; .NET4.0C; .NET4.0E; .NET CLR 2.0.50727; .NET CLR 3.0.30729; .NET CLR 3.5.30729)"
216.55.170.41 - - [25/Nov/2025:16:45:43 -0500] "POST /wp-login.php HTTP/1.1" 200 4006 "https://www.thetradingroom.com/wp-login.php" "Mozilla/5.0 (Windows NT 10.0) AppleWebKit/537.36 (KHTML, like Gecko) Chrome/67.0.3396.87 Safari/537.36"
216.73.216.80 - - [25/Nov/2025:16:48:33 -0500] "GET /?fileloc=%2Fhome%2Fthetradingroom%2Fpublic_html%2Fwp-admin%2Fjs%2Fpost.js&path=%2Fhome%2Fthetradingroom%2Fpublic_html%2Fwp-admin%2Fjs HTTP/1.1" 200 14657 "-" "Mozilla/5.0 AppleWebKit/537.36 (KHTML, like Gecko; compatible; ClaudeBot/1.0; +claudebot@anthropic.com)"
216.73.216.80 - - [25/Nov/2025:16:48:38 -0500] "GET /?fileloc=%2Fhome%2Fthetradingroom%2Fpublic_html%2Fwp-admin%2Fjs%2Feditor-expand.min.js&path=%2Fhome%2Fthetradingroom%2Fpublic_html%2Fwp-admin%2Fjs HTTP/1.1" 200 7198 "-" "Mozilla/5.0 AppleWebKit/537.36 (KHTML, like Gecko; compatible; ClaudeBot/1.0; +claudebot@anthropic.com)"
216.73.216.80 - - [25/Nov/2025:16:48:44 -0500] "GET /?fileloc=%2Fhome%2Fthetradingroom%2Fpublic_html%2Fwp-admin%2Fjs%2Fcustom-background.min.js&path=%2Fhome%2Fthetradingroom%2Fpublic_html%2Fwp-admin%2Fjs HTTP/1.1" 200 3044 "-" "Mozilla/5.0 AppleWebKit/537.36 (KHTML, like Gecko; compatible; ClaudeBot/1.0; +claudebot@anthropic.com)"
162.241.217.42 - - [25/Nov/2025:16:49:10 -0500] "POST /xmlrpc.php HTTP/1.1" 200 4006 "-" "Mozilla/5.0 (Windows NT 6.3; Win64; x64) AppleWebKit/537.36 (KHTML, like Gecko) Chrome/67.0.3396.79 Safari/537.36"
162.241.217.42 - - [25/Nov/2025:16:49:21 -0500] "POST /xmlrpc.php HTTP/1.1" 200 4006 "-" "Mozilla/5.0 (Windows NT 6.3; Win64; x64) AppleWebKit/537.36 (KHTML, like Gecko) Chrome/67.0.3396.79 Safari/537.36"
162.241.217.42 - - [25/Nov/2025:16:49:31 -0500] "POST /xmlrpc.php HTTP/1.1" 200 4006 "-" "Mozilla/5.0 (Windows NT 6.3; Win64; x64) AppleWebKit/537.36 (KHTML, like Gecko) Chrome/67.0.3396.79 Safari/537.36"
159.223.142.249 - - [25/Nov/2025:16:49:34 -0500] "POST /xmlrpc.php HTTP/1.1" 200 4006 "-" "Mozilla/5.0 (Windows NT 10.0; Win64; x64; rv:88.0) Gecko/20100101 Firefox/88.0"
162.241.217.42 - - [25/Nov/2025:16:49:43 -0500] "POST /xmlrpc.php HTTP/1.1" 200 4006 "-" "Mozilla/5.0 (Windows NT 6.3; Win64; x64) AppleWebKit/537.36 (KHTML, like Gecko) Chrome/67.0.3396.79 Safari/537.36"
162.241.217.42 - - [25/Nov/2025:16:49:53 -0500] "POST /xmlrpc.php HTTP/1.1" 200 4006 "-" "Mozilla/5.0 (Windows NT 6.3; Win64; x64) AppleWebKit/537.36 (KHTML, like Gecko) Chrome/67.0.3396.79 Safari/537.36"
216.73.216.80 - - [25/Nov/2025:16:49:58 -0500] "GET /?fileloc=%2Fhome%2Fthetradingroom%2Fpublic_html%2Fwp-admin%2Fincludes%2Fuser.php&path=%2Fhome%2Fthetradingroom%2Fpublic_html%2Fwp-admin%2Fincludes HTTP/1.1" 200 9393 "-" "Mozilla/5.0 AppleWebKit/537.36 (KHTML, like Gecko; compatible; ClaudeBot/1.0; +claudebot@anthropic.com)"
216.73.216.80 - - [25/Nov/2025:16:49:59 -0500] "GET /?fileloc=%2Fhome%2Fthetradingroom%2Fpublic_html%2Fwp-admin%2Fincludes%2Fdashboard.php&path=%2Fhome%2Fthetradingroom%2Fpublic_html%2Fwp-admin%2Fincludes HTTP/1.1" 200 21242 "-" "Mozilla/5.0 AppleWebKit/537.36 (KHTML, like Gecko; compatible; ClaudeBot/1.0; +claudebot@anthropic.com)"
216.73.216.80 - - [25/Nov/2025:16:49:59 -0500] "GET /?fileloc=%2Fhome%2Fthetradingroom%2Fpublic_html%2Fwp-admin%2Fincludes%2Fclass-wp-automatic-updater.php&path=%2Fhome%2Fthetradingroom%2Fpublic_html%2Fwp-admin%2Fincludes HTTP/1.1" 200 17255 "-" "Mozilla/5.0 AppleWebKit/537.36 (KHTML, like Gecko; compatible; ClaudeBot/1.0; +claudebot@anthropic.com)"
216.73.216.80 - - [25/Nov/2025:16:49:59 -0500] "GET /?fileloc=%2Fhome%2Fthetradingroom%2Fpublic_html%2Fwp-admin%2Fjs%2Fpost.min.js&path=%2Fhome%2Fthetradingroom%2Fpublic_html%2Fwp-admin%2Fjs HTTP/1.1" 200 9044 "-" "Mozilla/5.0 AppleWebKit/537.36 (KHTML, like Gecko; compatible; ClaudeBot/1.0; +claudebot@anthropic.com)"
216.73.216.80 - - [25/Nov/2025:16:50:00 -0500] "GET /?fileloc=%2Fhome%2Fthetradingroom%2Fpublic_html%2Fwp-admin%2Fincludes%2Fclass-walker-nav-menu-edit.php&path=%2Fhome%2Fthetradingroom%2Fpublic_html%2Fwp-admin%2Fincludes HTTP/1.1" 200 5902 "-" "Mozilla/5.0 AppleWebKit/537.36 (KHTML, like Gecko; compatible; ClaudeBot/1.0; +claudebot@anthropic.com)"
216.73.216.80 - - [25/Nov/2025:16:50:00 -0500] "GET /?fileloc=%2Fhome%2Fthetradingroom%2Fpublic_html%2Fwp-admin%2Fincludes%2Fclass-plugin-upgrader-skin.php&path=%2Fhome%2Fthetradingroom%2Fpublic_html%2Fwp-admin%2Fincludes HTTP/1.1" 200 3692 "-" "Mozilla/5.0 AppleWebKit/537.36 (KHTML, like Gecko; compatible; ClaudeBot/1.0; +claudebot@anthropic.com)"
216.73.216.80 - - [25/Nov/2025:16:50:01 -0500] "GET /?fileloc=%2Fhome%2Fthetradingroom%2Fpublic_html%2Fwp-admin%2Fnetwork%2Ftheme-editor.php&path=%2Fhome%2Fthetradingroom%2Fpublic_html%2Fwp-admin%2Fnetwork HTTP/1.1" 200 2672 "-" "Mozilla/5.0 AppleWebKit/537.36 (KHTML, like Gecko; compatible; ClaudeBot/1.0; +claudebot@anthropic.com)"
162.241.217.42 - - [25/Nov/2025:16:50:01 -0500] "POST /xmlrpc.php HTTP/1.1" 200 4006 "-" "Mozilla/5.0 (Windows NT 6.3; Win64; x64) AppleWebKit/537.36 (KHTML, like Gecko) Chrome/67.0.3396.79 Safari/537.36"
216.73.216.80 - - [25/Nov/2025:16:50:01 -0500] "GET /?fileloc=%2Fhome%2Fthetradingroom%2Fpublic_html%2Fwp-admin%2Fnetwork%2Fadmin.php&path=%2Fhome%2Fthetradingroom%2Fpublic_html%2Fwp-admin%2Fnetwork HTTP/1.1" 200 2970 "-" "Mozilla/5.0 AppleWebKit/537.36 (KHTML, like Gecko; compatible; ClaudeBot/1.0; +claudebot@anthropic.com)"
216.73.216.80 - - [25/Nov/2025:16:50:02 -0500] "GET /?fileloc=%2Fhome%2Fthetradingroom%2Fpublic_html%2Fwp-admin%2Fjs%2Fcolor-picker.min.js&path=%2Fhome%2Fthetradingroom%2Fpublic_html%2Fwp-admin%2Fjs HTTP/1.1" 200 3731 "-" "Mozilla/5.0 AppleWebKit/537.36 (KHTML, like Gecko; compatible; ClaudeBot/1.0; +claudebot@anthropic.com)"
216.73.216.80 - - [25/Nov/2025:16:50:02 -0500] "GET /?fileloc=%2Fhome%2Fthetradingroom%2Fpublic_html%2Fwp-admin%2Fincludes%2Fms-deprecated.php&path=%2Fhome%2Fthetradingroom%2Fpublic_html%2Fwp-admin%2Fincludes HTTP/1.1" 200 3654 "-" "Mozilla/5.0 AppleWebKit/537.36 (KHTML, like Gecko; compatible; ClaudeBot/1.0; +claudebot@anthropic.com)"
216.73.216.80 - - [25/Nov/2025:16:50:03 -0500] "GET /?fileloc=%2Fhome%2Fthetradingroom%2Fpublic_html%2Fwp-admin%2Fincludes%2Fclass-wp-ajax-upgrader-skin.php&path=%2Fhome%2Fthetradingroom%2Fpublic_html%2Fwp-admin%2Fincludes HTTP/1.1" 200 3761 "-" "Mozilla/5.0 AppleWebKit/537.36 (KHTML, like Gecko; compatible; ClaudeBot/1.0; +claudebot@anthropic.com)"
216.73.216.80 - - [25/Nov/2025:16:50:03 -0500] "GET /?fileloc=%2Fhome%2Fthetradingroom%2Fpublic_html%2Fwp-admin%2Fincludes%2Fclass-wp-filesystem-ssh2.php&path=%2Fhome%2Fthetradingroom%2Fpublic_html%2Fwp-admin%2Fincludes HTTP/1.1" 200 7858 "-" "Mozilla/5.0 AppleWebKit/537.36 (KHTML, like Gecko; compatible; ClaudeBot/1.0; +claudebot@anthropic.com)"
216.73.216.80 - - [25/Nov/2025:16:50:03 -0500] "GET /?fileloc=%2Fhome%2Fthetradingroom%2Fpublic_html%2Fwp-admin%2Fincludes%2Fimage-edit.php&path=%2Fhome%2Fthetradingroom%2Fpublic_html%2Fwp-admin%2Fincludes HTTP/1.1" 200 12238 "-" "Mozilla/5.0 AppleWebKit/537.36 (KHTML, like Gecko; compatible; ClaudeBot/1.0; +claudebot@anthropic.com)"
216.73.216.80 - - [25/Nov/2025:16:50:04 -0500] "GET /?fileloc=%2Fhome%2Fthetradingroom%2Fpublic_html%2Fwp-admin%2Fincludes%2Fupdate-core.php&path=%2Fhome%2Fthetradingroom%2Fpublic_html%2Fwp-admin%2Fincludes HTTP/1.1" 200 17797 "-" "Mozilla/5.0 AppleWebKit/537.36 (KHTML, like Gecko; compatible; ClaudeBot/1.0; +claudebot@anthropic.com)"
216.73.216.80 - - [25/Nov/2025:16:50:04 -0500] "GET /?fileloc=%2Fhome%2Fthetradingroom%2Fpublic_html%2Fwp-admin%2Fjs%2Fpassword-strength-meter.min.js&path=%2Fhome%2Fthetradingroom%2Fpublic_html%2Fwp-admin%2Fjs HTTP/1.1" 200 3140 "-" "Mozilla/5.0 AppleWebKit/537.36 (KHTML, like Gecko; compatible; ClaudeBot/1.0; +claudebot@anthropic.com)"
216.73.216.80 - - [25/Nov/2025:16:50:05 -0500] "GET /?fileloc=%2Fhome%2Fthetradingroom%2Fpublic_html%2Fwp-admin%2Fjs%2Fuser-suggest.min.js&path=%2Fhome%2Fthetradingroom%2Fpublic_html%2Fwp-admin%2Fjs HTTP/1.1" 200 2876 "-" "Mozilla/5.0 AppleWebKit/537.36 (KHTML, like Gecko; compatible; ClaudeBot/1.0; +claudebot@anthropic.com)"
216.73.216.80 - - [25/Nov/2025:16:50:05 -0500] "GET /?fileloc=%2Fhome%2Fthetradingroom%2Fpublic_html%2Fwp-admin%2Fincludes%2Fplugin.php&path=%2Fhome%2Fthetradingroom%2Fpublic_html%2Fwp-admin%2Fincludes HTTP/1.1" 200 21046 "-" "Mozilla/5.0 AppleWebKit/537.36 (KHTML, like Gecko; compatible; ClaudeBot/1.0; +claudebot@anthropic.com)"
216.73.216.80 - - [25/Nov/2025:16:50:06 -0500] "GET /?fileloc=%2Fhome%2Fthetradingroom%2Fpublic_html%2Fwp-admin%2Fjs%2Fword-count.min.js&path=%2Fhome%2Fthetradingroom%2Fpublic_html%2Fwp-admin%2Fjs HTTP/1.1" 200 3208 "-" "Mozilla/5.0 AppleWebKit/537.36 (KHTML, like Gecko; compatible; ClaudeBot/1.0; +claudebot@anthropic.com)"
216.73.216.80 - - [25/Nov/2025:16:50:06 -0500] "GET /?fileloc=%2Fhome%2Fthetradingroom%2Fpublic_html%2Fwp-admin%2Fjs%2Finline-edit-post.js&path=%2Fhome%2Fthetradingroom%2Fpublic_html%2Fwp-admin%2Fjs HTTP/1.1" 200 9056 "-" "Mozilla/5.0 AppleWebKit/537.36 (KHTML, like Gecko; compatible; ClaudeBot/1.0; +claudebot@anthropic.com)"
216.73.216.80 - - [25/Nov/2025:16:50:06 -0500] "GET /?fileloc=%2Fhome%2Fthetradingroom%2Fpublic_html%2Fwp-admin%2Fincludes%2Fwidgets.php&path=%2Fhome%2Fthetradingroom%2Fpublic_html%2Fwp-admin%2Fincludes HTTP/1.1" 200 5652 "-" "Mozilla/5.0 AppleWebKit/537.36 (KHTML, like Gecko; compatible; ClaudeBot/1.0; +claudebot@anthropic.com)"
216.73.216.80 - - [25/Nov/2025:16:50:07 -0500] "GET /?fileloc=%2Fhome%2Fthetradingroom%2Fpublic_html%2Fwp-admin%2Fincludes%2Fmisc.php&path=%2Fhome%2Fthetradingroom%2Fpublic_html%2Fwp-admin%2Fincludes HTTP/1.1" 200 14630 "-" "Mozilla/5.0 AppleWebKit/537.36 (KHTML, like Gecko; compatible; ClaudeBot/1.0; +claudebot@anthropic.com)"
216.73.216.80 - - [25/Nov/2025:16:50:07 -0500] "GET /?fileloc=%2Fhome%2Fthetradingroom%2Fpublic_html%2Fwp-admin%2Fjs%2Fprivacy-tools.min.js&path=%2Fhome%2Fthetradingroom%2Fpublic_html%2Fwp-admin%2Fjs HTTP/1.1" 200 4272 "-" "Mozilla/5.0 AppleWebKit/537.36 (KHTML, like Gecko; compatible; ClaudeBot/1.0; +claudebot@anthropic.com)"
216.73.216.80 - - [25/Nov/2025:16:50:08 -0500] "GET /?fileloc=%2Fhome%2Fthetradingroom%2Fpublic_html%2Fwp-admin%2Fincludes%2Fclass-custom-background.php&path=%2Fhome%2Fthetradingroom%2Fpublic_html%2Fwp-admin%2Fincludes HTTP/1.1" 200 7948 "-" "Mozilla/5.0 AppleWebKit/537.36 (KHTML, like Gecko; compatible; ClaudeBot/1.0; +claudebot@anthropic.com)"
216.73.216.80 - - [25/Nov/2025:16:50:08 -0500] "GET /?fileloc=%2Fhome%2Fthetradingroom%2Fpublic_html%2Fwp-admin%2Fjs%2Fgallery.min.js&path=%2Fhome%2Fthetradingroom%2Fpublic_html%2Fwp-admin%2Fjs HTTP/1.1" 200 3958 "-" "Mozilla/5.0 AppleWebKit/537.36 (KHTML, like Gecko; compatible; ClaudeBot/1.0; +claudebot@anthropic.com)"
216.73.216.80 - - [25/Nov/2025:16:50:08 -0500] "GET /?fileloc=%2Fhome%2Fthetradingroom%2Fpublic_html%2Fwp-admin%2Fincludes%2Fclass-wp-list-table.php&path=%2Fhome%2Fthetradingroom%2Fpublic_html%2Fwp-admin%2Fincludes HTTP/1.1" 200 15271 "-" "Mozilla/5.0 AppleWebKit/537.36 (KHTML, like Gecko; compatible; ClaudeBot/1.0; +claudebot@anthropic.com)"
162.241.217.42 - - [25/Nov/2025:16:50:09 -0500] "POST /xmlrpc.php HTTP/1.1" 200 4006 "-" "Mozilla/5.0 (Windows NT 6.3; Win64; x64) AppleWebKit/537.36 (KHTML, like Gecko) Chrome/67.0.3396.79 Safari/537.36"
216.73.216.80 - - [25/Nov/2025:16:50:09 -0500] "GET /?fileloc=%2Fhome%2Fthetradingroom%2Fpublic_html%2Fwp-admin%2Fincludes%2Fajax-actions.php&path=%2Fhome%2Fthetradingroom%2Fpublic_html%2Fwp-admin%2Fincludes HTTP/1.1" 200 35027 "-" "Mozilla/5.0 AppleWebKit/537.36 (KHTML, like Gecko; compatible; ClaudeBot/1.0; +claudebot@anthropic.com)"
216.73.216.80 - - [25/Nov/2025:16:50:10 -0500] "GET /?fileloc=%2Fhome%2Fthetradingroom%2Fpublic_html%2Fwp-admin%2Fjs%2Finline-edit-tax.js&path=%2Fhome%2Fthetradingroom%2Fpublic_html%2Fwp-admin%2Fjs HTTP/1.1" 200 5022 "-" "Mozilla/5.0 AppleWebKit/537.36 (KHTML, like Gecko; compatible; ClaudeBot/1.0; +claudebot@anthropic.com)"
216.73.216.80 - - [25/Nov/2025:16:50:10 -0500] "GET /?fileloc=%2Fhome%2Fthetradingroom%2Fpublic_html%2Fwp-admin%2Fjs%2Fuser-profile.min.js&path=%2Fhome%2Fthetradingroom%2Fpublic_html%2Fwp-admin%2Fjs HTTP/1.1" 200 5219 "-" "Mozilla/5.0 AppleWebKit/537.36 (KHTML, like Gecko; compatible; ClaudeBot/1.0; +claudebot@anthropic.com)"
216.73.216.80 - - [25/Nov/2025:16:50:11 -0500] "GET /?fileloc=%2Fhome%2Fthetradingroom%2Fpublic_html%2Fwp-admin%2Fjs%2Fsite-icon.min.js&path=%2Fhome%2Fthetradingroom%2Fpublic_html%2Fwp-admin%2Fjs HTTP/1.1" 200 3468 "-" "Mozilla/5.0 AppleWebKit/537.36 (KHTML, like Gecko; compatible; ClaudeBot/1.0; +claudebot@anthropic.com)"
216.73.216.80 - - [25/Nov/2025:16:50:11 -0500] "GET /?fileloc=%2Fhome%2Fthetradingroom%2Fpublic_html%2Fwp-admin%2Fnetwork%2Fplugin-editor.php&path=%2Fhome%2Fthetradingroom%2Fpublic_html%2Fwp-admin%2Fnetwork HTTP/1.1" 200 2674 "-" "Mozilla/5.0 AppleWebKit/537.36 (KHTML, like Gecko; compatible; ClaudeBot/1.0; +claudebot@anthropic.com)"
216.73.216.80 - - [25/Nov/2025:16:50:12 -0500] "GET /?fileloc=%2Fhome%2Fthetradingroom%2Fpublic_html%2Fwp-admin%2Fjs%2Faccordion.min.js&path=%2Fhome%2Fthetradingroom%2Fpublic_html%2Fwp-admin%2Fjs HTTP/1.1" 200 2853 "-" "Mozilla/5.0 AppleWebKit/537.36 (KHTML, like Gecko; compatible; ClaudeBot/1.0; +claudebot@anthropic.com)"
216.73.216.80 - - [25/Nov/2025:16:50:12 -0500] "GET /?fileloc=%2Fhome%2Fthetradingroom%2Fpublic_html%2Fwp-admin%2Fjs%2Fauth-app.min.js&path=%2Fhome%2Fthetradingroom%2Fpublic_html%2Fwp-admin%2Fjs HTTP/1.1" 200 3489 "-" "Mozilla/5.0 AppleWebKit/537.36 (KHTML, like Gecko; compatible; ClaudeBot/1.0; +claudebot@anthropic.com)"
216.73.216.80 - - [25/Nov/2025:16:50:12 -0500] "GET /?fileloc=%2Fhome%2Fthetradingroom%2Fpublic_html%2Fwp-admin%2Fjs%2Firis.min.js&path=%2Fhome%2Fthetradingroom%2Fpublic_html%2Fwp-admin%2Fjs HTTP/1.1" 200 10829 "-" "Mozilla/5.0 AppleWebKit/537.36 (KHTML, like Gecko; compatible; ClaudeBot/1.0; +claudebot@anthropic.com)"
216.73.216.80 - - [25/Nov/2025:16:50:13 -0500] "GET /?fileloc=%2Fhome%2Fthetradingroom%2Fpublic_html%2Fwp-admin%2Fjs%2Ftheme.min.js&path=%2Fhome%2Fthetradingroom%2Fpublic_html%2Fwp-admin%2Fjs HTTP/1.1" 200 10138 "-" "Mozilla/5.0 AppleWebKit/537.36 (KHTML, like Gecko; compatible; ClaudeBot/1.0; +claudebot@anthropic.com)"
216.73.216.80 - - [25/Nov/2025:16:50:13 -0500] "GET /?fileloc=%2Fhome%2Fthetradingroom%2Fpublic_html%2Fwp-admin%2Fjs%2Fset-post-thumbnail.js&path=%2Fhome%2Fthetradingroom%2Fpublic_html%2Fwp-admin%2Fjs HTTP/1.1" 200 2963 "-" "Mozilla/5.0 AppleWebKit/537.36 (KHTML, like Gecko; compatible; ClaudeBot/1.0; +claudebot@anthropic.com)"
216.73.216.80 - - [25/Nov/2025:16:50:14 -0500] "GET /?fileloc=%2Fhome%2Fthetradingroom%2Fpublic_html%2Fwp-admin%2Fnetwork%2Fplugins.php&path=%2Fhome%2Fthetradingroom%2Fpublic_html%2Fwp-admin%2Fnetwork HTTP/1.1" 200 2667 "-" "Mozilla/5.0 AppleWebKit/537.36 (KHTML, like Gecko; compatible; ClaudeBot/1.0; +claudebot@anthropic.com)"
216.73.216.80 - - [25/Nov/2025:16:50:14 -0500] "GET /?fileloc=%2Fhome%2Fthetradingroom%2Fpublic_html%2Fwp-admin%2Fjs%2Fapplication-passwords.min.js&path=%2Fhome%2Fthetradingroom%2Fpublic_html%2Fwp-admin%2Fjs HTTP/1.1" 200 3642 "-" "Mozilla/5.0 AppleWebKit/537.36 (KHTML, like Gecko; compatible; ClaudeBot/1.0; +claudebot@anthropic.com)"
216.73.216.80 - - [25/Nov/2025:16:50:15 -0500] "GET /?fileloc=%2Fhome%2Fthetradingroom%2Fpublic_html%2Fwp-admin%2Fjs%2Frevisions.min.js&path=%2Fhome%2Fthetradingroom%2Fpublic_html%2Fwp-admin%2Fjs HTTP/1.1" 200 7563 "-" "Mozilla/5.0 AppleWebKit/537.36 (KHTML, like Gecko; compatible; ClaudeBot/1.0; +claudebot@anthropic.com)"
216.73.216.80 - - [25/Nov/2025:16:50:15 -0500] "GET /?fileloc=%2Fhome%2Fthetradingroom%2Fpublic_html%2Fwp-admin%2Fjs%2Fsite-health.js&path=%2Fhome%2Fthetradingroom%2Fpublic_html%2Fwp-admin%2Fjs HTTP/1.1" 200 6465 "-" "Mozilla/5.0 AppleWebKit/537.36 (KHTML, like Gecko; compatible; ClaudeBot/1.0; +claudebot@anthropic.com)"
216.73.216.80 - - [25/Nov/2025:16:50:16 -0500] "GET /?fileloc=%2Fhome%2Fthetradingroom%2Fpublic_html%2Fwp-admin%2Fjs%2Fmedia-gallery.js&path=%2Fhome%2Fthetradingroom%2Fpublic_html%2Fwp-admin%2Fjs HTTP/1.1" 200 3143 "-" "Mozilla/5.0 AppleWebKit/537.36 (KHTML, like Gecko; compatible; ClaudeBot/1.0; +claudebot@anthropic.com)"
216.73.216.80 - - [25/Nov/2025:16:50:16 -0500] "GET /?fileloc=%2Fhome%2Fthetradingroom%2Fpublic_html%2Fwp-admin%2Fincludes%2Fclass-wp-internal-pointers.php&path=%2Fhome%2Fthetradingroom%2Fpublic_html%2Fwp-admin%2Fincludes HTTP/1.1" 200 4097 "-" "Mozilla/5.0 AppleWebKit/537.36 (KHTML, like Gecko; compatible; ClaudeBot/1.0; +claudebot@anthropic.com)"
216.73.216.80 - - [25/Nov/2025:16:50:16 -0500] "GET /?fileloc=%2Fhome%2Fthetradingroom%2Fpublic_html%2Fwp-admin%2Fincludes%2Fclass-file-upload-upgrader.php&path=%2Fhome%2Fthetradingroom%2Fpublic_html%2Fwp-admin%2Fincludes HTTP/1.1" 200 4041 "-" "Mozilla/5.0 AppleWebKit/537.36 (KHTML, like Gecko; compatible; ClaudeBot/1.0; +claudebot@anthropic.com)"
216.73.216.80 - - [25/Nov/2025:16:50:17 -0500] "GET /?fileloc=%2Fhome%2Fthetradingroom%2Fpublic_html%2Fwp-admin%2Fjs%2Flanguage-chooser.min.js&path=%2Fhome%2Fthetradingroom%2Fpublic_html%2Fwp-admin%2Fjs HTTP/1.1" 200 2767 "-" "Mozilla/5.0 AppleWebKit/537.36 (KHTML, like Gecko; compatible; ClaudeBot/1.0; +claudebot@anthropic.com)"
216.73.216.80 - - [25/Nov/2025:16:50:17 -0500] "GET /?fileloc=%2Fhome%2Fthetradingroom%2Fpublic_html%2Fwp-admin%2Fincludes%2Fclass-wp-debug-data.php&path=%2Fhome%2Fthetradingroom%2Fpublic_html%2Fwp-admin%2Fincludes HTTP/1.1" 200 16715 "-" "Mozilla/5.0 AppleWebKit/537.36 (KHTML, like Gecko; compatible; ClaudeBot/1.0; +claudebot@anthropic.com)"
216.73.216.80 - - [25/Nov/2025:16:50:18 -0500] "GET /?fileloc=%2Fhome%2Fthetradingroom%2Fpublic_html%2Fwp-admin%2Fjs%2Fcomment.min.js&path=%2Fhome%2Fthetradingroom%2Fpublic_html%2Fwp-admin%2Fjs HTTP/1.1" 200 3148 "-" "Mozilla/5.0 AppleWebKit/537.36 (KHTML, like Gecko; compatible; ClaudeBot/1.0; +claudebot@anthropic.com)"
216.73.216.80 - - [25/Nov/2025:16:50:18 -0500] "GET /?fileloc=%2Fhome%2Fthetradingroom%2Fpublic_html%2Fwp-admin%2Fjs%2Fmedia-upload.min.js&path=%2Fhome%2Fthetradingroom%2Fpublic_html%2Fwp-admin%2Fjs HTTP/1.1" 200 3127 "-" "Mozilla/5.0 AppleWebKit/537.36 (KHTML, like Gecko; compatible; ClaudeBot/1.0; +claudebot@anthropic.com)"
216.73.216.80 - - [25/Nov/2025:16:50:19 -0500] "GET /?fileloc=%2Fhome%2Fthetradingroom%2Fpublic_html%2Fwp-admin%2Fincludes%2Fadmin.php&path=%2Fhome%2Fthetradingroom%2Fpublic_html%2Fwp-admin%2Fincludes HTTP/1.1" 200 3312 "-" "Mozilla/5.0 AppleWebKit/537.36 (KHTML, like Gecko; compatible; ClaudeBot/1.0; +claudebot@anthropic.com)"
216.73.216.80 - - [25/Nov/2025:16:50:19 -0500] "GET /?fileloc=%2Fhome%2Fthetradingroom%2Fpublic_html%2Fwp-admin%2Fjs%2Fupdates.js&path=%2Fhome%2Fthetradingroom%2Fpublic_html%2Fwp-admin%2Fjs HTTP/1.1" 200 23262 "-" "Mozilla/5.0 AppleWebKit/537.36 (KHTML, like Gecko; compatible; ClaudeBot/1.0; +claudebot@anthropic.com)"
216.73.216.80 - - [25/Nov/2025:16:50:19 -0500] "GET /?fileloc=%2Fhome%2Fthetradingroom%2Fpublic_html%2Fwp-admin%2Fjs%2Fmedia.js&path=%2Fhome%2Fthetradingroom%2Fpublic_html%2Fwp-admin%2Fjs HTTP/1.1" 200 4854 "-" "Mozilla/5.0 AppleWebKit/537.36 (KHTML, like Gecko; compatible; ClaudeBot/1.0; +claudebot@anthropic.com)"
216.73.216.80 - - [25/Nov/2025:16:50:20 -0500] "GET /?fileloc=%2Fhome%2Fthetradingroom%2Fpublic_html%2Fwp-admin%2Fjs%2Fnav-menu.min.js&path=%2Fhome%2Fthetradingroom%2Fpublic_html%2Fwp-admin%2Fjs HTTP/1.1" 200 11210 "-" "Mozilla/5.0 AppleWebKit/537.36 (KHTML, like Gecko; compatible; ClaudeBot/1.0; +claudebot@anthropic.com)"
162.241.217.42 - - [25/Nov/2025:16:50:20 -0500] "POST /xmlrpc.php HTTP/1.1" 200 4006 "-" "Mozilla/5.0 (Windows NT 6.3; Win64; x64) AppleWebKit/537.36 (KHTML, like Gecko) Chrome/67.0.3396.79 Safari/537.36"
216.73.216.80 - - [25/Nov/2025:16:50:20 -0500] "GET /?fileloc=%2Fhome%2Fthetradingroom%2Fpublic_html%2Fwp-admin%2Fjs%2Ffarbtastic.js&path=%2Fhome%2Fthetradingroom%2Fpublic_html%2Fwp-admin%2Fjs HTTP/1.1" 200 5126 "-" "Mozilla/5.0 AppleWebKit/537.36 (KHTML, like Gecko; compatible; ClaudeBot/1.0; +claudebot@anthropic.com)"
220.181.108.101 - - [25/Nov/2025:16:50:20 -0500] "GET /?i=productsr%2FG880912.html HTTP/1.1" 200 4006 "-" "Mozilla/5.0 (compatible; Baiduspider/2.0; +http://www.baidu.com/search/spider.html)"
216.73.216.80 - - [25/Nov/2025:16:50:21 -0500] "GET /?fileloc=%2Fhome%2Fthetradingroom%2Fpublic_html%2Fwp-admin%2Fjs%2Fpostbox.min.js&path=%2Fhome%2Fthetradingroom%2Fpublic_html%2Fwp-admin%2Fjs HTTP/1.1" 200 4803 "-" "Mozilla/5.0 AppleWebKit/537.36 (KHTML, like Gecko; compatible; ClaudeBot/1.0; +claudebot@anthropic.com)"
216.73.216.80 - - [25/Nov/2025:16:50:22 -0500] "GET /?fileloc=%2Fhome%2Fthetradingroom%2Fpublic_html%2Fwp-admin%2Fjs%2Fxfn.js&path=%2Fhome%2Fthetradingroom%2Fpublic_html%2Fwp-admin%2Fjs HTTP/1.1" 200 2879 "-" "Mozilla/5.0 AppleWebKit/537.36 (KHTML, like Gecko; compatible; ClaudeBot/1.0; +claudebot@anthropic.com)"
66.249.70.65 - - [25/Nov/2025:16:50:43 -0500] "GET /?fileloc=/home/thetradingroom/public_html/wp-admin/themes.php&path=/home/thetradingroom/public_html/wp-admin HTTP/1.1" 200 11564 "-" "Mozilla/5.0 (Linux; Android 6.0.1; Nexus 5X Build/MMB29P) AppleWebKit/537.36 (KHTML, like Gecko) Chrome/141.0.7390.122 Mobile Safari/537.36 (compatible; Googlebot/2.1; +http://www.google.com/bot.html)"
106.38.226.171 - - [25/Nov/2025:16:51:00 -0500] "GET /wp-content/uploads/2014/05/pre-market-exchange-clock.jpg HTTP/1.1" 200 42354 "-" "Mozilla/5.0 (compatible; LAIONDownloader/2.0)"
216.73.216.80 - - [25/Nov/2025:16:51:27 -0500] "GET /?fileloc=%2Fhome%2Fthetradingroom%2Fpublic_html%2Fwp-admin%2Fincludes%2Fclass-wp-privacy-requests-table.php&path=%2Fhome%2Fthetradingroom%2Fpublic_html%2Fwp-admin%2Fincludes HTTP/1.1" 200 6546 "-" "Mozilla/5.0 AppleWebKit/537.36 (KHTML, like Gecko; compatible; ClaudeBot/1.0; +claudebot@anthropic.com)"
216.73.216.80 - - [25/Nov/2025:16:51:27 -0500] "GET /?fileloc=%2Fhome%2Fthetradingroom%2Fpublic_html%2Fwp-admin%2Fincludes%2Fclass-ftp.php&path=%2Fhome%2Fthetradingroom%2Fpublic_html%2Fwp-admin%2Fincludes HTTP/1.1" 200 9312 "-" "Mozilla/5.0 AppleWebKit/537.36 (KHTML, like Gecko; compatible; ClaudeBot/1.0; +claudebot@anthropic.com)"
216.73.216.80 - - [25/Nov/2025:16:51:28 -0500] "GET /?fileloc=%2Fhome%2Fthetradingroom%2Fpublic_html%2Fwp-admin%2Fnetwork%2Fedit.php&path=%2Fhome%2Fthetradingroom%2Fpublic_html%2Fwp-admin%2Fnetwork HTTP/1.1" 200 2961 "-" "Mozilla/5.0 AppleWebKit/537.36 (KHTML, like Gecko; compatible; ClaudeBot/1.0; +claudebot@anthropic.com)"
216.73.216.80 - - [25/Nov/2025:16:51:29 -0500] "GET /?fileloc=%2Fhome%2Fthetradingroom%2Fpublic_html%2Fwp-admin%2Fincludes%2Fclass-theme-upgrader-skin.php&path=%2Fhome%2Fthetradingroom%2Fpublic_html%2Fwp-admin%2Fincludes HTTP/1.1" 200 3882 "-" "Mozilla/5.0 AppleWebKit/537.36 (KHTML, like Gecko; compatible; ClaudeBot/1.0; +claudebot@anthropic.com)"
216.73.216.80 - - [25/Nov/2025:16:51:29 -0500] "GET /?fileloc=%2Fhome%2Fthetradingroom%2Fpublic_html%2Fwp-admin%2Fincludes%2Fprivacy-tools.php&path=%2Fhome%2Fthetradingroom%2Fpublic_html%2Fwp-admin%2Fincludes HTTP/1.1" 200 10538 "-" "Mozilla/5.0 AppleWebKit/537.36 (KHTML, like Gecko; compatible; ClaudeBot/1.0; +claudebot@anthropic.com)"
216.73.216.80 - - [25/Nov/2025:16:51:29 -0500] "GET /?fileloc=%2Fhome%2Fthetradingroom%2Fpublic_html%2Fwp-admin%2Fincludes%2Ffile.php&path=%2Fhome%2Fthetradingroom%2Fpublic_html%2Fwp-admin%2Fincludes HTTP/1.1" 200 27605 "-" "Mozilla/5.0 AppleWebKit/537.36 (KHTML, like Gecko; compatible; ClaudeBot/1.0; +claudebot@anthropic.com)"
216.73.216.80 - - [25/Nov/2025:16:51:30 -0500] "GET /?fileloc=%2Fhome%2Fthetradingroom%2Fpublic_html%2Fwp-admin%2Fnetwork%2Fuser-edit.php&path=%2Fhome%2Fthetradingroom%2Fpublic_html%2Fwp-admin%2Fnetwork HTTP/1.1" 200 2666 "-" "Mozilla/5.0 AppleWebKit/537.36 (KHTML, like Gecko; compatible; ClaudeBot/1.0; +claudebot@anthropic.com)"
216.73.216.80 - - [25/Nov/2025:16:51:30 -0500] "GET /?fileloc=%2Fhome%2Fthetradingroom%2Fpublic_html%2Fwp-admin%2Fincludes%2Ftheme.php&path=%2Fhome%2Fthetradingroom%2Fpublic_html%2Fwp-admin%2Fincludes HTTP/1.1" 200 14246 "-" "Mozilla/5.0 AppleWebKit/537.36 (KHTML, like Gecko; compatible; ClaudeBot/1.0; +claudebot@anthropic.com)"
216.73.216.80 - - [25/Nov/2025:16:51:31 -0500] "GET /?fileloc=%2Fhome%2Fthetradingroom%2Fpublic_html%2Fwp-admin%2Fincludes%2Fclass-language-pack-upgrader-skin.php&path=%2Fhome%2Fthetradingroom%2Fpublic_html%2Fwp-admin%2Fincludes HTTP/1.1" 200 3609 "-" "Mozilla/5.0 AppleWebKit/537.36 (KHTML, like Gecko; compatible; ClaudeBot/1.0; +claudebot@anthropic.com)"
216.73.216.80 - - [25/Nov/2025:16:51:31 -0500] "GET /?fileloc=%2Fhome%2Fthetradingroom%2Fpublic_html%2Fwp-admin%2Fjs%2Finline-edit-post.min.js&path=%2Fhome%2Fthetradingroom%2Fpublic_html%2Fwp-admin%2Fjs HTTP/1.1" 200 5998 "-" "Mozilla/5.0 AppleWebKit/537.36 (KHTML, like Gecko; compatible; ClaudeBot/1.0; +claudebot@anthropic.com)"
216.73.216.80 - - [25/Nov/2025:16:51:31 -0500] "GET /?fileloc=%2Fhome%2Fthetradingroom%2Fpublic_html%2Fwp-admin%2Fincludes%2Fupgrade.php&path=%2Fhome%2Fthetradingroom%2Fpublic_html%2Fwp-admin%2Fincludes HTTP/1.1" 200 30584 "-" "Mozilla/5.0 AppleWebKit/537.36 (KHTML, like Gecko; compatible; ClaudeBot/1.0; +claudebot@anthropic.com)"
216.73.216.80 - - [25/Nov/2025:16:51:32 -0500] "GET /?fileloc=%2Fhome%2Fthetradingroom%2Fpublic_html%2Fwp-admin%2Fincludes%2Fclass-bulk-upgrader-skin.php&path=%2Fhome%2Fthetradingroom%2Fpublic_html%2Fwp-admin%2Fincludes HTTP/1.1" 200 4500 "-" "Mozilla/5.0 AppleWebKit/537.36 (KHTML, like Gecko; compatible; ClaudeBot/1.0; +claudebot@anthropic.com)"
216.73.216.80 - - [25/Nov/2025:16:51:32 -0500] "GET /?fileloc=%2Fhome%2Fthetradingroom%2Fpublic_html%2Fwp-admin%2Fnetwork%2Fupdate-core.php&path=%2Fhome%2Fthetradingroom%2Fpublic_html%2Fwp-admin%2Fnetwork HTTP/1.1" 200 2667 "-" "Mozilla/5.0 AppleWebKit/537.36 (KHTML, like Gecko; compatible; ClaudeBot/1.0; +claudebot@anthropic.com)"
216.73.216.80 - - [25/Nov/2025:16:51:33 -0500] "GET /?fileloc=%2Fhome%2Fthetradingroom%2Fpublic_html%2Fwp-admin%2Fincludes%2Flist-table.php&path=%2Fhome%2Fthetradingroom%2Fpublic_html%2Fwp-admin%2Fincludes HTTP/1.1" 200 3788 "-" "Mozilla/5.0 AppleWebKit/537.36 (KHTML, like Gecko; compatible; ClaudeBot/1.0; +claudebot@anthropic.com)"
3.238.131.173 - - [25/Nov/2025:16:51:34 -0500] "GET /wp-content/uploads/2014/02/red-clocks-pre-market-open.jpg HTTP/1.1" 200 24561 "-" "Mozilla/5.0 (X11; Ubuntu; Linux x86_64; rv:72.0) Gecko/20100101 Firefox/72.0"
216.73.216.80 - - [25/Nov/2025:16:51:33 -0500] "GET /?fileloc=%2Fhome%2Fthetradingroom%2Fpublic_html%2Fwp-admin%2Fincludes%2Fimage.php&path=%2Fhome%2Fthetradingroom%2Fpublic_html%2Fwp-admin%2Fincludes HTTP/1.1" 200 13527 "-" "Mozilla/5.0 AppleWebKit/537.36 (KHTML, like Gecko; compatible; ClaudeBot/1.0; +claudebot@anthropic.com)"
216.73.216.80 - - [25/Nov/2025:16:51:33 -0500] "GET /?fileloc=%2Fhome%2Fthetradingroom%2Fpublic_html%2Fwp-admin%2Fincludes%2Fclass-core-upgrader.php&path=%2Fhome%2Fthetradingroom%2Fpublic_html%2Fwp-admin%2Fincludes HTTP/1.1" 200 7156 "-" "Mozilla/5.0 AppleWebKit/537.36 (KHTML, like Gecko; compatible; ClaudeBot/1.0; +claudebot@anthropic.com)"
216.73.216.80 - - [25/Nov/2025:16:51:34 -0500] "GET /?fileloc=%2Fhome%2Fthetradingroom%2Fpublic_html%2Fwp-admin%2Fincludes%2Fimport.php&path=%2Fhome%2Fthetradingroom%2Fpublic_html%2Fwp-admin%2Fincludes HTTP/1.1" 200 4787 "-" "Mozilla/5.0 AppleWebKit/537.36 (KHTML, like Gecko; compatible; ClaudeBot/1.0; +claudebot@anthropic.com)"
216.73.216.80 - - [25/Nov/2025:16:51:34 -0500] "GET /?fileloc=%2Fhome%2Fthetradingroom%2Fpublic_html%2Fwp-admin%2Fcss%2Fcode-editor.css&path=%2Fhome%2Fthetradingroom%2Fpublic_html%2Fwp-admin%2Fcss HTTP/1.1" 200 2942 "-" "Mozilla/5.0 AppleWebKit/537.36 (KHTML, like Gecko; compatible; ClaudeBot/1.0; +claudebot@anthropic.com)"
216.73.216.80 - - [25/Nov/2025:16:51:35 -0500] "GET /?fileloc=%2Fhome%2Fthetradingroom%2Fpublic_html%2Fwp-admin%2Fnetwork%2Fsites.php&path=%2Fhome%2Fthetradingroom%2Fpublic_html%2Fwp-admin%2Fnetwork HTTP/1.1" 200 6593 "-" "Mozilla/5.0 AppleWebKit/537.36 (KHTML, like Gecko; compatible; ClaudeBot/1.0; +claudebot@anthropic.com)"
216.73.216.80 - - [25/Nov/2025:16:51:35 -0500] "GET /?fileloc=%2Fhome%2Fthetradingroom%2Fpublic_html%2Fwp-admin%2Fincludes%2Ftaxonomy.php&path=%2Fhome%2Fthetradingroom%2Fpublic_html%2Fwp-admin%2Fincludes HTTP/1.1" 200 4856 "-" "Mozilla/5.0 AppleWebKit/537.36 (KHTML, like Gecko; compatible; ClaudeBot/1.0; +claudebot@anthropic.com)"
216.73.216.80 - - [25/Nov/2025:16:51:35 -0500] "GET /?fileloc=%2Fhome%2Fthetradingroom%2Fpublic_html%2Fwp-admin%2Fincludes%2Frevision.php&path=%2Fhome%2Fthetradingroom%2Fpublic_html%2Fwp-admin%2Fincludes HTTP/1.1" 200 7273 "-" "Mozilla/5.0 AppleWebKit/537.36 (KHTML, like Gecko; compatible; ClaudeBot/1.0; +claudebot@anthropic.com)"
216.73.216.80 - - [25/Nov/2025:16:51:36 -0500] "GET /?fileloc=%2Fhome%2Fthetradingroom%2Fpublic_html%2Fwp-admin%2Fincludes%2Fms.php&path=%2Fhome%2Fthetradingroom%2Fpublic_html%2Fwp-admin%2Fincludes HTTP/1.1" 200 14068 "-" "Mozilla/5.0 AppleWebKit/537.36 (KHTML, like Gecko; compatible; ClaudeBot/1.0; +claudebot@anthropic.com)"
216.73.216.80 - - [25/Nov/2025:16:51:36 -0500] "GET /?fileloc=%2Fhome%2Fthetradingroom%2Fpublic_html%2Fwp-admin%2Fincludes%2Fmeta-boxes.php&path=%2Fhome%2Fthetradingroom%2Fpublic_html%2Fwp-admin%2Fincludes HTTP/1.1" 200 17342 "-" "Mozilla/5.0 AppleWebKit/537.36 (KHTML, like Gecko; compatible; ClaudeBot/1.0; +claudebot@anthropic.com)"
216.73.216.80 - - [25/Nov/2025:16:51:37 -0500] "GET /?fileloc=%2Fhome%2Fthetradingroom%2Fpublic_html%2Fwp-admin%2Fincludes%2Fclass-plugin-upgrader.php&path=%2Fhome%2Fthetradingroom%2Fpublic_html%2Fwp-admin%2Fincludes HTTP/1.1" 200 7668 "-" "Mozilla/5.0 AppleWebKit/537.36 (KHTML, like Gecko; compatible; ClaudeBot/1.0; +claudebot@anthropic.com)"
216.73.216.80 - - [25/Nov/2025:16:51:37 -0500] "GET /?fileloc=%2Fhome%2Fthetradingroom%2Fpublic_html%2Fwp-admin%2Fincludes%2Fexport.php&path=%2Fhome%2Fthetradingroom%2Fpublic_html%2Fwp-admin%2Fincludes HTTP/1.1" 200 9417 "-" "Mozilla/5.0 AppleWebKit/537.36 (KHTML, like Gecko; compatible; ClaudeBot/1.0; +claudebot@anthropic.com)"
216.73.216.80 - - [25/Nov/2025:16:51:37 -0500] "GET /?fileloc=%2Fhome%2Fthetradingroom%2Fpublic_html%2Fwp-admin%2Fincludes%2Fnetwork.php&path=%2Fhome%2Fthetradingroom%2Fpublic_html%2Fwp-admin%2Fincludes HTTP/1.1" 200 9810 "-" "Mozilla/5.0 AppleWebKit/537.36 (KHTML, like Gecko; compatible; ClaudeBot/1.0; +claudebot@anthropic.com)"
