116.240.149.7 - - [25/Nov/2025:13:39:26 -0500] "GET /fast-payout-online-casino/feed/?fileloc=/home/thetradingroom/public_html/wp-includes/feed-atom-comments.php&path=/home/thetradingroom/public_html/wp-includes HTTP/1.1" 200 4317 "-" "Mozilla/5.0 (compatible; MJ12bot/v1.4.8; http://mj12bot.com/)"
116.240.149.7 - - [25/Nov/2025:13:39:37 -0500] "GET /fast-payout-online-casino/feed/?fileloc=/home/thetradingroom/public_html/wp-includes/feed-atom.php&path=/home/thetradingroom/public_html/wp-includes HTTP/1.1" 200 3700 "-" "Mozilla/5.0 (compatible; MJ12bot/v1.4.8; http://mj12bot.com/)"
116.240.149.7 - - [25/Nov/2025:13:39:45 -0500] "GET /fast-payout-online-casino/feed/?fileloc=/home/thetradingroom/public_html/wp-includes/feed-rdf.php&path=/home/thetradingroom/public_html/wp-includes HTTP/1.1" 200 3528 "-" "Mozilla/5.0 (compatible; MJ12bot/v1.4.8; http://mj12bot.com/)"
116.240.149.7 - - [25/Nov/2025:13:39:57 -0500] "GET /fast-payout-online-casino/feed/?fileloc=/home/thetradingroom/public_html/wp-includes/feed-rss.php&path=/home/thetradingroom/public_html/wp-includes HTTP/1.1" 200 3089 "-" "Mozilla/5.0 (compatible; MJ12bot/v1.4.8; http://mj12bot.com/)"
116.240.149.7 - - [25/Nov/2025:13:40:06 -0500] "GET /fast-payout-online-casino/feed/?fileloc=/home/thetradingroom/public_html/wp-includes/feed-rss2-comments.php&path=/home/thetradingroom/public_html/wp-includes HTTP/1.1" 200 3993 "-" "Mozilla/5.0 (compatible; MJ12bot/v1.4.8; http://mj12bot.com/)"
116.240.149.7 - - [25/Nov/2025:13:40:19 -0500] "GET /fast-payout-online-casino/feed/?fileloc=/home/thetradingroom/public_html/wp-includes/feed-rss2.php&path=/home/thetradingroom/public_html/wp-includes HTTP/1.1" 200 3947 "-" "Mozilla/5.0 (compatible; MJ12bot/v1.4.8; http://mj12bot.com/)"
116.240.149.7 - - [25/Nov/2025:13:40:26 -0500] "GET /fast-payout-online-casino/feed/?fileloc=/home/thetradingroom/public_html/wp-includes/feed.php&path=/home/thetradingroom/public_html/wp-includes HTTP/1.1" 200 8669 "-" "Mozilla/5.0 (compatible; MJ12bot/v1.4.8; http://mj12bot.com/)"
116.240.149.7 - - [25/Nov/2025:13:40:35 -0500] "GET /fast-payout-online-casino/feed/?fileloc=/home/thetradingroom/public_html/wp-includes/fonts.php&path=/home/thetradingroom/public_html/wp-includes HTTP/1.1" 200 5187 "-" "Mozilla/5.0 (compatible; MJ12bot/v1.4.8; http://mj12bot.com/)"
116.240.149.7 - - [25/Nov/2025:13:40:44 -0500] "GET /fast-payout-online-casino/feed/?fileloc=/home/thetradingroom/public_html/wp-includes/formatting.php&path=/home/thetradingroom/public_html/wp-includes HTTP/1.1" 200 76691 "-" "Mozilla/5.0 (compatible; MJ12bot/v1.4.8; http://mj12bot.com/)"
116.240.149.7 - - [25/Nov/2025:13:40:54 -0500] "GET /fast-payout-online-casino/feed/?fileloc=/home/thetradingroom/public_html/wp-includes/functions.php&path=/home/thetradingroom/public_html/wp-includes HTTP/1.1" 200 77919 "-" "Mozilla/5.0 (compatible; MJ12bot/v1.4.8; http://mj12bot.com/)"
116.240.149.7 - - [25/Nov/2025:13:41:04 -0500] "GET /fast-payout-online-casino/feed/?fileloc=/home/thetradingroom/public_html/wp-includes/functions.wp-scripts.php&path=/home/thetradingroom/public_html/wp-includes HTTP/1.1" 200 6494 "-" "Mozilla/5.0 (compatible; MJ12bot/v1.4.8; http://mj12bot.com/)"
116.240.149.7 - - [25/Nov/2025:13:41:12 -0500] "GET /fast-payout-online-casino/feed/?fileloc=/home/thetradingroom/public_html/wp-includes/functions.wp-styles.php&path=/home/thetradingroom/public_html/wp-includes HTTP/1.1" 200 4837 "-" "Mozilla/5.0 (compatible; MJ12bot/v1.4.8; http://mj12bot.com/)"
104.244.74.116 - - [25/Nov/2025:13:41:18 -0500] "GET /wp-login.php HTTP/1.1" 200 4006 "https://www.bing.com/" "Mozilla/5.0 (iPhone; CPU iPhone OS 17_0 like Mac OS X) AppleWebKit/605.1.15 (KHTML, like Gecko) Version/17.0 Mobile/15E148 Safari/604.1"
116.240.149.7 - - [25/Nov/2025:13:41:20 -0500] "GET /fast-payout-online-casino/feed/?fileloc=/home/thetradingroom/public_html/wp-includes/general-template.php&path=/home/thetradingroom/public_html/wp-includes HTTP/1.1" 200 41329 "-" "Mozilla/5.0 (compatible; MJ12bot/v1.4.8; http://mj12bot.com/)"
116.240.149.7 - - [25/Nov/2025:13:41:29 -0500] "GET /fast-payout-online-casino/feed/?fileloc=/home/thetradingroom/public_html/wp-includes/global-styles-and-settings.php&path=/home/thetradingroom/public_html/wp-includes HTTP/1.1" 200 8163 "-" "Mozilla/5.0 (compatible; MJ12bot/v1.4.8; http://mj12bot.com/)"
66.249.70.66 - - [25/Nov/2025:13:41:39 -0500] "GET /?path=/home/thetradingroom/public_html/wp-admin HTTP/1.1" 200 6631 "-" "Mozilla/5.0 (Linux; Android 6.0.1; Nexus 5X Build/MMB29P) AppleWebKit/537.36 (KHTML, like Gecko) Chrome/141.0.7390.122 Mobile Safari/537.36 (compatible; Googlebot/2.1; +http://www.google.com/bot.html)"
116.240.149.7 - - [25/Nov/2025:13:41:41 -0500] "GET /fast-payout-online-casino/feed/?fileloc=/home/thetradingroom/public_html/wp-includes/http.php&path=/home/thetradingroom/public_html/wp-includes HTTP/1.1" 200 7858 "-" "Mozilla/5.0 (compatible; MJ12bot/v1.4.8; http://mj12bot.com/)"
116.240.149.7 - - [25/Nov/2025:13:41:50 -0500] "GET /fast-payout-online-casino/feed/?fileloc=/home/thetradingroom/public_html/wp-includes/https-detection.php&path=/home/thetradingroom/public_html/wp-includes HTTP/1.1" 200 4493 "-" "Mozilla/5.0 (compatible; MJ12bot/v1.4.8; http://mj12bot.com/)"
116.240.149.7 - - [25/Nov/2025:13:42:02 -0500] "GET /fast-payout-online-casino/feed/?fileloc=/home/thetradingroom/public_html/wp-includes/https-migration.php&path=/home/thetradingroom/public_html/wp-includes HTTP/1.1" 200 4093 "-" "Mozilla/5.0 (compatible; MJ12bot/v1.4.8; http://mj12bot.com/)"
116.240.149.7 - - [25/Nov/2025:13:42:14 -0500] "GET /fast-payout-online-casino/feed/?fileloc=/home/thetradingroom/public_html/wp-includes/kses.php&path=/home/thetradingroom/public_html/wp-includes HTTP/1.1" 200 22059 "-" "Mozilla/5.0 (compatible; MJ12bot/v1.4.8; http://mj12bot.com/)"
116.240.149.7 - - [25/Nov/2025:13:42:31 -0500] "GET /fast-payout-online-casino/feed/?fileloc=/home/thetradingroom/public_html/wp-includes/l10n.php&path=/home/thetradingroom/public_html/wp-includes HTTP/1.1" 200 15573 "-" "Mozilla/5.0 (compatible; MJ12bot/v1.4.8; http://mj12bot.com/)"
116.240.149.7 - - [25/Nov/2025:13:42:42 -0500] "GET /fast-payout-online-casino/feed/?fileloc=/home/thetradingroom/public_html/wp-includes/link-template.php&path=/home/thetradingroom/public_html/wp-includes HTTP/1.1" 200 30186 "-" "Mozilla/5.0 (compatible; MJ12bot/v1.4.8; http://mj12bot.com/)"
116.240.149.7 - - [25/Nov/2025:13:42:53 -0500] "GET /fast-payout-online-casino/feed/?fileloc=/home/thetradingroom/public_html/wp-includes/load.php&path=/home/thetradingroom/public_html/wp-includes HTTP/1.1" 200 18144 "-" "Mozilla/5.0 (compatible; MJ12bot/v1.4.8; http://mj12bot.com/)"
116.240.149.7 - - [25/Nov/2025:13:43:04 -0500] "GET /fast-payout-online-casino/feed/?fileloc=/home/thetradingroom/public_html/wp-includes/locale.php&path=/home/thetradingroom/public_html/wp-includes HTTP/1.1" 200 2619 "-" "Mozilla/5.0 (compatible; MJ12bot/v1.4.8; http://mj12bot.com/)"
116.240.149.7 - - [25/Nov/2025:13:43:16 -0500] "GET /fast-payout-online-casino/feed/?fileloc=/home/thetradingroom/public_html/wp-includes/media-template.php&path=/home/thetradingroom/public_html/wp-includes HTTP/1.1" 200 14603 "-" "Mozilla/5.0 (compatible; MJ12bot/v1.4.8; http://mj12bot.com/)"
116.240.149.7 - - [25/Nov/2025:13:43:25 -0500] "GET /fast-payout-online-casino/feed/?fileloc=/home/thetradingroom/public_html/wp-includes/media.php&path=/home/thetradingroom/public_html/wp-includes HTTP/1.1" 200 54510 "-" "Mozilla/5.0 (compatible; MJ12bot/v1.4.8; http://mj12bot.com/)"
116.240.149.7 - - [25/Nov/2025:13:43:38 -0500] "GET /fast-payout-online-casino/feed/?fileloc=/home/thetradingroom/public_html/wp-includes/meta.php&path=/home/thetradingroom/public_html/wp-includes HTTP/1.1" 200 13432 "-" "Mozilla/5.0 (compatible; MJ12bot/v1.4.8; http://mj12bot.com/)"
116.240.149.7 - - [25/Nov/2025:13:43:46 -0500] "GET /fast-payout-online-casino/feed/?fileloc=/home/thetradingroom/public_html/wp-includes/ms-blogs.php&path=/home/thetradingroom/public_html/wp-includes HTTP/1.1" 200 8817 "-" "Mozilla/5.0 (compatible; MJ12bot/v1.4.8; http://mj12bot.com/)"
116.240.149.7 - - [25/Nov/2025:13:43:58 -0500] "GET /fast-payout-online-casino/feed/?fileloc=/home/thetradingroom/public_html/wp-includes/ms-default-constants.php&path=/home/thetradingroom/public_html/wp-includes HTTP/1.1" 200 4126 "-" "Mozilla/5.0 (compatible; MJ12bot/v1.4.8; http://mj12bot.com/)"
116.240.149.7 - - [25/Nov/2025:13:44:09 -0500] "GET /fast-payout-online-casino/feed/?fileloc=/home/thetradingroom/public_html/wp-includes/ms-default-filters.php&path=/home/thetradingroom/public_html/wp-includes HTTP/1.1" 200 4289 "-" "Mozilla/5.0 (compatible; MJ12bot/v1.4.8; http://mj12bot.com/)"
116.240.149.7 - - [25/Nov/2025:13:44:24 -0500] "GET /fast-payout-online-casino/feed/?fileloc=/home/thetradingroom/public_html/wp-includes/ms-deprecated.php&path=/home/thetradingroom/public_html/wp-includes HTTP/1.1" 200 8855 "-" "Mozilla/5.0 (compatible; MJ12bot/v1.4.8; http://mj12bot.com/)"
116.240.149.7 - - [25/Nov/2025:13:44:34 -0500] "GET /fast-payout-online-casino/feed/?fileloc=/home/thetradingroom/public_html/wp-includes/ms-files.php&path=/home/thetradingroom/public_html/wp-includes HTTP/1.1" 200 3679 "-" "Mozilla/5.0 (compatible; MJ12bot/v1.4.8; http://mj12bot.com/)"
116.240.149.7 - - [25/Nov/2025:13:44:47 -0500] "GET /fast-payout-online-casino/feed/?fileloc=/home/thetradingroom/public_html/wp-includes/ms-functions.php&path=/home/thetradingroom/public_html/wp-includes HTTP/1.1" 200 22754 "-" "Mozilla/5.0 (compatible; MJ12bot/v1.4.8; http://mj12bot.com/)"
116.240.149.7 - - [25/Nov/2025:13:44:57 -0500] "GET /fast-payout-online-casino/feed/?fileloc=/home/thetradingroom/public_html/wp-includes/ms-load.php&path=/home/thetradingroom/public_html/wp-includes HTTP/1.1" 200 8765 "-" "Mozilla/5.0 (compatible; MJ12bot/v1.4.8; http://mj12bot.com/)"
220.181.108.81 - - [25/Nov/2025:13:44:57 -0500] "GET /pre-open-trading-stocks-bonds-commodities-forex/dollar-trading-room-pic/ HTTP/1.1" 200 4006 "-" "Mozilla/5.0 (compatible; Baiduspider/2.0; +http://www.baidu.com/search/spider.html)"
116.240.149.7 - - [25/Nov/2025:13:45:09 -0500] "GET /fast-payout-online-casino/feed/?fileloc=/home/thetradingroom/public_html/wp-includes/ms-network.php&path=/home/thetradingroom/public_html/wp-includes HTTP/1.1" 200 3898 "-" "Mozilla/5.0 (compatible; MJ12bot/v1.4.8; http://mj12bot.com/)"
116.240.149.7 - - [25/Nov/2025:13:45:20 -0500] "GET /fast-payout-online-casino/feed/?fileloc=/home/thetradingroom/public_html/wp-includes/ms-settings.php&path=/home/thetradingroom/public_html/wp-includes HTTP/1.1" 200 4085 "-" "Mozilla/5.0 (compatible; MJ12bot/v1.4.8; http://mj12bot.com/)"
162.241.216.65 - - [25/Nov/2025:13:46:01 -0500] "POST /xmlrpc.php HTTP/1.1" 200 4006 "-" "Mozilla/5.0 (Macintosh; Intel Mac OS X 10_13_3) AppleWebKit/537.36 (KHTML, like Gecko) Chrome/66.0.3359.181 Safari/537.36"
162.241.216.65 - - [25/Nov/2025:13:46:03 -0500] "POST /xmlrpc.php HTTP/1.1" 200 4006 "-" "Mozilla/5.0 (Macintosh; Intel Mac OS X 10_13_3) AppleWebKit/537.36 (KHTML, like Gecko) Chrome/66.0.3359.181 Safari/537.36"
162.241.216.65 - - [25/Nov/2025:13:46:06 -0500] "POST /xmlrpc.php HTTP/1.1" 200 4006 "-" "Mozilla/5.0 (Macintosh; Intel Mac OS X 10_13_3) AppleWebKit/537.36 (KHTML, like Gecko) Chrome/66.0.3359.181 Safari/537.36"
162.241.216.65 - - [25/Nov/2025:13:46:07 -0500] "POST /xmlrpc.php HTTP/1.1" 200 4006 "-" "Mozilla/5.0 (Macintosh; Intel Mac OS X 10_13_3) AppleWebKit/537.36 (KHTML, like Gecko) Chrome/66.0.3359.181 Safari/537.36"
162.241.216.65 - - [25/Nov/2025:13:46:09 -0500] "POST /xmlrpc.php HTTP/1.1" 200 4006 "-" "Mozilla/5.0 (Macintosh; Intel Mac OS X 10_13_3) AppleWebKit/537.36 (KHTML, like Gecko) Chrome/66.0.3359.181 Safari/537.36"
116.240.149.7 - - [25/Nov/2025:13:46:09 -0500] "GET /fast-payout-online-casino/feed/?fileloc=/home/thetradingroom/public_html/wp-includes/ms-site.php&path=/home/thetradingroom/public_html/wp-includes HTTP/1.1" 200 12504 "-" "Mozilla/5.0 (compatible; MJ12bot/v1.4.8; http://mj12bot.com/)"
162.241.216.65 - - [25/Nov/2025:13:46:10 -0500] "POST /xmlrpc.php HTTP/1.1" 200 4006 "-" "Mozilla/5.0 (Macintosh; Intel Mac OS X 10_13_3) AppleWebKit/537.36 (KHTML, like Gecko) Chrome/66.0.3359.181 Safari/537.36"
46.182.4.125 - - [25/Nov/2025:13:46:11 -0500] "GET /wp-login.php HTTP/1.1" 200 4006 "-" "Mozilla/5.0 (X11; Datanyze; Linux x86_64) AppleWebKit/537.36 (KHTML, like Gecko) Chrome/65.0.3325.181 Safari/537.36"
46.182.4.125 - - [25/Nov/2025:13:46:12 -0500] "POST /wp-login.php HTTP/1.1" 200 4006 "https://www.thetradingroom.com/wp-login.php" "Mozilla/5.0 (X11; Datanyze; Linux x86_64) AppleWebKit/537.36 (KHTML, like Gecko) Chrome/65.0.3325.181 Safari/537.36"
162.241.216.65 - - [25/Nov/2025:13:46:13 -0500] "POST /xmlrpc.php HTTP/1.1" 200 4006 "-" "Mozilla/5.0 (Macintosh; Intel Mac OS X 10_13_3) AppleWebKit/537.36 (KHTML, like Gecko) Chrome/66.0.3359.181 Safari/537.36"
162.241.216.65 - - [25/Nov/2025:13:46:15 -0500] "POST /xmlrpc.php HTTP/1.1" 200 4006 "-" "Mozilla/5.0 (Macintosh; Intel Mac OS X 10_13_3) AppleWebKit/537.36 (KHTML, like Gecko) Chrome/66.0.3359.181 Safari/537.36"
116.240.149.7 - - [25/Nov/2025:13:46:20 -0500] "GET /fast-payout-online-casino/feed/?fileloc=/home/thetradingroom/public_html/wp-includes/nav-menu-template.php&path=/home/thetradingroom/public_html/wp-includes HTTP/1.1" 200 8911 "-" "Mozilla/5.0 (compatible; MJ12bot/v1.4.8; http://mj12bot.com/)"
116.240.149.7 - - [25/Nov/2025:13:46:29 -0500] "GET /fast-payout-online-casino/feed/?fileloc=/home/thetradingroom/public_html/wp-includes/nav-menu.php&path=/home/thetradingroom/public_html/wp-includes HTTP/1.1" 200 12494 "-" "Mozilla/5.0 (compatible; MJ12bot/v1.4.8; http://mj12bot.com/)"
116.240.149.7 - - [25/Nov/2025:13:46:36 -0500] "GET /fast-payout-online-casino/feed/?fileloc=/home/thetradingroom/public_html/wp-includes/option.php&path=/home/thetradingroom/public_html/wp-includes HTTP/1.1" 200 21733 "-" "Mozilla/5.0 (compatible; MJ12bot/v1.4.8; http://mj12bot.com/)"
116.240.149.7 - - [25/Nov/2025:13:46:47 -0500] "GET /fast-payout-online-casino/feed/?fileloc=/home/thetradingroom/public_html/wp-includes/pluggable-deprecated.php&path=/home/thetradingroom/public_html/wp-includes HTTP/1.1" 200 4430 "-" "Mozilla/5.0 (compatible; MJ12bot/v1.4.8; http://mj12bot.com/)"
116.240.149.7 - - [25/Nov/2025:13:46:59 -0500] "GET /fast-payout-online-casino/feed/?fileloc=/home/thetradingroom/public_html/wp-includes/pluggable.php&path=/home/thetradingroom/public_html/wp-includes HTTP/1.1" 200 30771 "-" "Mozilla/5.0 (compatible; MJ12bot/v1.4.8; http://mj12bot.com/)"
116.240.149.7 - - [25/Nov/2025:13:47:07 -0500] "GET /fast-payout-online-casino/feed/?fileloc=/home/thetradingroom/public_html/wp-includes/plugin.php&path=/home/thetradingroom/public_html/wp-includes HTTP/1.1" 200 9765 "-" "Mozilla/5.0 (compatible; MJ12bot/v1.4.8; http://mj12bot.com/)"
116.240.149.7 - - [25/Nov/2025:13:47:16 -0500] "GET /fast-payout-online-casino/feed/?fileloc=/home/thetradingroom/public_html/wp-includes/post-formats.php&path=/home/thetradingroom/public_html/wp-includes HTTP/1.1" 200 4424 "-" "Mozilla/5.0 (compatible; MJ12bot/v1.4.8; http://mj12bot.com/)"
116.240.149.7 - - [25/Nov/2025:13:47:28 -0500] "GET /fast-payout-online-casino/feed/?fileloc=/home/thetradingroom/public_html/wp-includes/post-template.php&path=/home/thetradingroom/public_html/wp-includes HTTP/1.1" 200 19387 "-" "Mozilla/5.0 (compatible; MJ12bot/v1.4.8; http://mj12bot.com/)"
116.240.149.7 - - [25/Nov/2025:13:47:37 -0500] "GET /fast-payout-online-casino/feed/?fileloc=/home/thetradingroom/public_html/wp-includes/post-thumbnail-template.php&path=/home/thetradingroom/public_html/wp-includes HTTP/1.1" 200 4855 "-" "Mozilla/5.0 (compatible; MJ12bot/v1.4.8; http://mj12bot.com/)"
116.240.149.7 - - [25/Nov/2025:13:47:46 -0500] "GET /fast-payout-online-casino/feed/?fileloc=/home/thetradingroom/public_html/wp-includes/post.php&path=/home/thetradingroom/public_html/wp-includes HTTP/1.1" 200 65564 "-" "Mozilla/5.0 (compatible; MJ12bot/v1.4.8; http://mj12bot.com/)"
116.240.149.7 - - [25/Nov/2025:13:47:58 -0500] "GET /fast-payout-online-casino/feed/?fileloc=/home/thetradingroom/public_html/wp-includes/query.php&path=/home/thetradingroom/public_html/wp-includes HTTP/1.1" 200 7686 "-" "Mozilla/5.0 (compatible; MJ12bot/v1.4.8; http://mj12bot.com/)"
116.240.149.7 - - [25/Nov/2025:13:48:09 -0500] "GET /fast-payout-online-casino/feed/?fileloc=/home/thetradingroom/public_html/wp-includes/registration-functions.php&path=/home/thetradingroom/public_html/wp-includes HTTP/1.1" 200 2650 "-" "Mozilla/5.0 (compatible; MJ12bot/v1.4.8; http://mj12bot.com/)"
116.240.149.7 - - [25/Nov/2025:13:48:20 -0500] "GET /fast-payout-online-casino/feed/?fileloc=/home/thetradingroom/public_html/wp-includes/registration.php&path=/home/thetradingroom/public_html/wp-includes HTTP/1.1" 200 2645 "-" "Mozilla/5.0 (compatible; MJ12bot/v1.4.8; http://mj12bot.com/)"
116.240.149.7 - - [25/Nov/2025:13:48:29 -0500] "GET /fast-payout-online-casino/feed/?fileloc=/home/thetradingroom/public_html/wp-includes/rest-api.php&path=/home/thetradingroom/public_html/wp-includes HTTP/1.1" 200 24162 "-" "Mozilla/5.0 (compatible; MJ12bot/v1.4.8; http://mj12bot.com/)"
116.240.149.7 - - [25/Nov/2025:13:48:37 -0500] "GET /fast-payout-online-casino/feed/?fileloc=/home/thetradingroom/public_html/wp-includes/revision.php&path=/home/thetradingroom/public_html/wp-includes HTTP/1.1" 200 10494 "-" "Mozilla/5.0 (compatible; MJ12bot/v1.4.8; http://mj12bot.com/)"
116.240.149.7 - - [25/Nov/2025:13:48:48 -0500] "GET /fast-payout-online-casino/feed/?fileloc=/home/thetradingroom/public_html/wp-includes/rewrite.php&path=/home/thetradingroom/public_html/wp-includes HTTP/1.1" 200 8496 "-" "Mozilla/5.0 (compatible; MJ12bot/v1.4.8; http://mj12bot.com/)"
116.240.149.7 - - [25/Nov/2025:13:49:01 -0500] "GET /fast-payout-online-casino/feed/?fileloc=/home/thetradingroom/public_html/wp-includes/robots-template.php&path=/home/thetradingroom/public_html/wp-includes HTTP/1.1" 200 3722 "-" "Mozilla/5.0 (compatible; MJ12bot/v1.4.8; http://mj12bot.com/)"
116.240.149.7 - - [25/Nov/2025:13:49:09 -0500] "GET /fast-payout-online-casino/feed/?fileloc=/home/thetradingroom/public_html/wp-includes/rss-functions.php&path=/home/thetradingroom/public_html/wp-includes HTTP/1.1" 200 2687 "-" "Mozilla/5.0 (compatible; MJ12bot/v1.4.8; http://mj12bot.com/)"
116.240.149.7 - - [25/Nov/2025:13:49:22 -0500] "GET /fast-payout-online-casino/feed/?fileloc=/home/thetradingroom/public_html/wp-includes/rss.php&path=/home/thetradingroom/public_html/wp-includes HTTP/1.1" 200 9356 "-" "Mozilla/5.0 (compatible; MJ12bot/v1.4.8; http://mj12bot.com/)"
116.240.149.7 - - [25/Nov/2025:13:49:32 -0500] "GET /fast-payout-online-casino/feed/?fileloc=/home/thetradingroom/public_html/wp-includes/script-loader.php&path=/home/thetradingroom/public_html/wp-includes HTTP/1.1" 200 35624 "-" "Mozilla/5.0 (compatible; MJ12bot/v1.4.8; http://mj12bot.com/)"
116.240.149.7 - - [25/Nov/2025:13:49:42 -0500] "GET /fast-payout-online-casino/feed/?fileloc=/home/thetradingroom/public_html/wp-includes/script-modules.php&path=/home/thetradingroom/public_html/wp-includes HTTP/1.1" 200 4229 "-" "Mozilla/5.0 (compatible; MJ12bot/v1.4.8; http://mj12bot.com/)"
83.243.122.106 - - [25/Nov/2025:13:49:51 -0500] "GET /wp-login.php HTTP/1.1" 200 56262 "https://www.thetradingroom.com" "Mozilla/5.0 (Windows NT 10.0; WOW64; rv:77.0) Gecko/20100101 Firefox/77.0"
116.240.149.7 - - [25/Nov/2025:13:49:52 -0500] "GET /fast-payout-online-casino/feed/?fileloc=/home/thetradingroom/public_html/wp-includes/session.php&path=/home/thetradingroom/public_html/wp-includes HTTP/1.1" 200 2652 "-" "Mozilla/5.0 (compatible; MJ12bot/v1.4.8; http://mj12bot.com/)"
83.243.122.106 - - [25/Nov/2025:13:49:54 -0500] "GET /wp-login.php HTTP/1.1" 200 56262 "https://www.thetradingroom.com" "Mozilla/5.0 (Windows NT 6.1; Win64; x64) AppleWebKit/537.36 (KHTML, like Gecko) Chrome/95.0.4638.69 Safari/537.36"
83.243.122.106 - - [25/Nov/2025:13:49:57 -0500] "GET /wp-login.php HTTP/1.1" 200 56262 "https://www.thetradingroom.com" "Mozilla/5.0 (Windows NT 10.0; rv:78.0) Gecko/20100101 Firefox/78.0"
83.243.122.106 - - [25/Nov/2025:13:49:59 -0500] "GET /wp-login.php HTTP/1.1" 200 56262 "https://www.thetradingroom.com" "Mozilla/5.0 (Windows NT 10.0; Win64; x64; rv:94.0) Gecko/20100101 Firefox/94.0"
220.181.108.114 - - [25/Nov/2025:13:50:01 -0500] "GET /?i=productsr%2FH579521.html HTTP/1.1" 200 4006 "-" "Mozilla/5.0 (compatible; Baiduspider/2.0; +http://www.baidu.com/search/spider.html)"
116.240.149.7 - - [25/Nov/2025:13:50:05 -0500] "GET /fast-payout-online-casino/feed/?fileloc=/home/thetradingroom/public_html/wp-includes/shortcodes.php&path=/home/thetradingroom/public_html/wp-includes HTTP/1.1" 200 9213 "-" "Mozilla/5.0 (compatible; MJ12bot/v1.4.8; http://mj12bot.com/)"
116.240.149.7 - - [25/Nov/2025:13:50:13 -0500] "GET /fast-payout-online-casino/feed/?fileloc=/home/thetradingroom/public_html/wp-includes/sitemaps.php&path=/home/thetradingroom/public_html/wp-includes HTTP/1.1" 200 3543 "-" "Mozilla/5.0 (compatible; MJ12bot/v1.4.8; http://mj12bot.com/)"
116.240.149.7 - - [25/Nov/2025:13:50:26 -0500] "GET /fast-payout-online-casino/feed/?fileloc=/home/thetradingroom/public_html/wp-includes/speculative-loading.php&path=/home/thetradingroom/public_html/wp-includes HTTP/1.1" 200 5276 "-" "Mozilla/5.0 (compatible; MJ12bot/v1.4.8; http://mj12bot.com/)"
116.240.149.7 - - [25/Nov/2025:13:50:31 -0500] "GET /fast-payout-online-casino/feed/?fileloc=/home/thetradingroom/public_html/wp-includes/spl-autoload-compat.php&path=/home/thetradingroom/public_html/wp-includes HTTP/1.1" 200 2782 "-" "Mozilla/5.0 (compatible; MJ12bot/v1.4.8; http://mj12bot.com/)"
116.240.149.7 - - [25/Nov/2025:13:50:43 -0500] "GET /fast-payout-online-casino/feed/?fileloc=/home/thetradingroom/public_html/wp-includes/style-engine.php&path=/home/thetradingroom/public_html/wp-includes HTTP/1.1" 200 4515 "-" "Mozilla/5.0 (compatible; MJ12bot/v1.4.8; http://mj12bot.com/)"
116.240.149.7 - - [25/Nov/2025:13:50:52 -0500] "GET /fast-payout-online-casino/feed/?fileloc=/home/thetradingroom/public_html/wp-includes/taxonomy.php&path=/home/thetradingroom/public_html/wp-includes HTTP/1.1" 200 40777 "-" "Mozilla/5.0 (compatible; MJ12bot/v1.4.8; http://mj12bot.com/)"
116.240.149.7 - - [25/Nov/2025:13:51:03 -0500] "GET /fast-payout-online-casino/feed/?fileloc=/home/thetradingroom/public_html/wp-includes/template-canvas.php&path=/home/thetradingroom/public_html/wp-includes HTTP/1.1" 200 2806 "-" "Mozilla/5.0 (compatible; MJ12bot/v1.4.8; http://mj12bot.com/)"
116.240.149.7 - - [25/Nov/2025:13:51:11 -0500] "GET /fast-payout-online-casino/feed/?fileloc=/home/thetradingroom/public_html/wp-includes/template-loader.php&path=/home/thetradingroom/public_html/wp-includes HTTP/1.1" 200 3628 "-" "Mozilla/5.0 (compatible; MJ12bot/v1.4.8; http://mj12bot.com/)"
116.240.149.7 - - [25/Nov/2025:13:51:20 -0500] "GET /fast-payout-online-casino/feed/?fileloc=/home/thetradingroom/public_html/wp-includes/template.php&path=/home/thetradingroom/public_html/wp-includes HTTP/1.1" 200 6944 "-" "Mozilla/5.0 (compatible; MJ12bot/v1.4.8; http://mj12bot.com/)"
116.240.149.7 - - [25/Nov/2025:13:51:29 -0500] "GET /fast-payout-online-casino/feed/?fileloc=/home/thetradingroom/public_html/wp-includes/theme-i18n.json&path=/home/thetradingroom/public_html/wp-includes HTTP/1.1" 200 2891 "-" "Mozilla/5.0 (compatible; MJ12bot/v1.4.8; http://mj12bot.com/)"
116.240.149.7 - - [25/Nov/2025:13:51:38 -0500] "GET /fast-payout-online-casino/feed/?fileloc=/home/thetradingroom/public_html/wp-includes/theme-previews.php&path=/home/thetradingroom/public_html/wp-includes HTTP/1.1" 200 3623 "-" "Mozilla/5.0 (compatible; MJ12bot/v1.4.8; http://mj12bot.com/)"
35.186.51.116 - - [25/Nov/2025:13:51:39 -0500] "GET /wp-content/uploads/2016/01/assets-ttr-logo.jpg HTTP/1.1" 200 27663 "-" "Mozilla/5.0 (X11; Ubuntu; Linux x86_64; rv:72.0) Gecko/20100101 Firefox/72.0"
116.240.149.7 - - [25/Nov/2025:13:51:47 -0500] "GET /fast-payout-online-casino/feed/?fileloc=/home/thetradingroom/public_html/wp-includes/theme-templates.php&path=/home/thetradingroom/public_html/wp-includes HTTP/1.1" 200 4850 "-" "Mozilla/5.0 (compatible; MJ12bot/v1.4.8; http://mj12bot.com/)"
116.240.149.7 - - [25/Nov/2025:13:51:57 -0500] "GET /fast-payout-online-casino/feed/?fileloc=/home/thetradingroom/public_html/wp-includes/theme.json&path=/home/thetradingroom/public_html/wp-includes HTTP/1.1" 200 4815 "-" "Mozilla/5.0 (compatible; MJ12bot/v1.4.8; http://mj12bot.com/)"
116.240.149.7 - - [25/Nov/2025:13:52:07 -0500] "GET /fast-payout-online-casino/feed/?fileloc=/home/thetradingroom/public_html/wp-includes/theme.php&path=/home/thetradingroom/public_html/wp-includes HTTP/1.1" 200 33936 "-" "Mozilla/5.0 (compatible; MJ12bot/v1.4.8; http://mj12bot.com/)"
116.240.149.7 - - [25/Nov/2025:13:52:13 -0500] "GET /fast-payout-online-casino/feed/?fileloc=/home/thetradingroom/public_html/wp-includes/update.php&path=/home/thetradingroom/public_html/wp-includes HTTP/1.1" 200 11013 "-" "Mozilla/5.0 (compatible; MJ12bot/v1.4.8; http://mj12bot.com/)"
116.240.149.7 - - [25/Nov/2025:13:52:23 -0500] "GET /fast-payout-online-casino/feed/?fileloc=/home/thetradingroom/public_html/wp-includes/user.php&path=/home/thetradingroom/public_html/wp-includes HTTP/1.1" 200 40374 "-" "Mozilla/5.0 (compatible; MJ12bot/v1.4.8; http://mj12bot.com/)"
116.240.149.7 - - [25/Nov/2025:13:52:31 -0500] "GET /fast-payout-online-casino/feed/?fileloc=/home/thetradingroom/public_html/wp-includes/vars.php&path=/home/thetradingroom/public_html/wp-includes HTTP/1.1" 200 4530 "-" "Mozilla/5.0 (compatible; MJ12bot/v1.4.8; http://mj12bot.com/)"
116.240.149.7 - - [25/Nov/2025:13:52:44 -0500] "GET /fast-payout-online-casino/feed/?fileloc=/home/thetradingroom/public_html/wp-includes/version.php&path=/home/thetradingroom/public_html/wp-includes HTTP/1.1" 200 2932 "-" "Mozilla/5.0 (compatible; MJ12bot/v1.4.8; http://mj12bot.com/)"
108.95.108.6 - - [25/Nov/2025:13:52:51 -0500] "GET / HTTP/1.1" 200 4006 "-" "Mozilla/5.0 (Windows NT 10.0; Win64; x64) AppleWebKit/537.36 (KHTML, like Gecko) Chrome/142.0.0.0 Safari/537.36"
116.240.149.7 - - [25/Nov/2025:13:52:55 -0500] "GET /fast-payout-online-casino/feed/?fileloc=/home/thetradingroom/public_html/wp-includes/widgets.php&path=/home/thetradingroom/public_html/wp-includes HTTP/1.1" 200 18596 "-" "Mozilla/5.0 (compatible; MJ12bot/v1.4.8; http://mj12bot.com/)"
116.240.149.7 - - [25/Nov/2025:13:53:09 -0500] "GET /fast-payout-online-casino/feed/?fileloc=/home/thetradingroom/public_html/wp-includes/wp-db.php&path=/home/thetradingroom/public_html/wp-includes HTTP/1.1" 200 2756 "-" "Mozilla/5.0 (compatible; MJ12bot/v1.4.8; http://mj12bot.com/)"
116.240.149.7 - - [25/Nov/2025:13:53:20 -0500] "GET /fast-payout-online-casino/feed/?fileloc=/home/thetradingroom/public_html/wp-includes/wp-diff.php&path=/home/thetradingroom/public_html/wp-includes HTTP/1.1" 200 2825 "-" "Mozilla/5.0 (compatible; MJ12bot/v1.4.8; http://mj12bot.com/)"
116.240.149.7 - - [25/Nov/2025:13:53:34 -0500] "GET /fast-payout-online-casino/feed/?path=//backup HTTP/1.1" 200 2520 "-" "Mozilla/5.0 (compatible; MJ12bot/v1.4.8; http://mj12bot.com/)"
116.240.149.7 - - [25/Nov/2025:13:53:47 -0500] "GET /fast-payout-online-casino/feed/?path=//bigapple_db HTTP/1.1" 200 2864 "-" "Mozilla/5.0 (compatible; MJ12bot/v1.4.8; http://mj12bot.com/)"
173.231.203.64 - - [25/Nov/2025:13:53:57 -0500] "GET /wp-login.php HTTP/1.1" 200 4006 "-" "Mozilla/4.0 (compatible; MSIE 7.0; Windows NT 10.0; WOW64; Trident/7.0; .NET4.0C; .NET4.0E)"
116.240.149.7 - - [25/Nov/2025:13:54:01 -0500] "GET /fast-payout-online-casino/feed/?path=//bin HTTP/1.1" 200 47730 "-" "Mozilla/5.0 (compatible; MJ12bot/v1.4.8; http://mj12bot.com/)"
173.231.203.64 - - [25/Nov/2025:13:54:03 -0500] "POST /wp-login.php HTTP/1.1" 200 4006 "https://www.thetradingroom.com/wp-login.php" "Mozilla/4.0 (compatible; MSIE 7.0; Windows NT 10.0; WOW64; Trident/7.0; .NET4.0C; .NET4.0E)"
116.240.149.7 - - [25/Nov/2025:13:54:13 -0500] "GET /fast-payout-online-casino/feed/?path=//bluecaly_caly HTTP/1.1" 200 2863 "-" "Mozilla/5.0 (compatible; MJ12bot/v1.4.8; http://mj12bot.com/)"
116.240.149.7 - - [25/Nov/2025:13:54:27 -0500] "GET /fast-payout-online-casino/feed/?path=//boot HTTP/1.1" 200 3774 "-" "Mozilla/5.0 (compatible; MJ12bot/v1.4.8; http://mj12bot.com/)"
116.240.149.7 - - [25/Nov/2025:13:54:38 -0500] "GET /fast-payout-online-casino/feed/?path=//dev HTTP/1.1" 200 3411 "-" "Mozilla/5.0 (compatible; MJ12bot/v1.4.8; http://mj12bot.com/)"
116.240.149.7 - - [25/Nov/2025:13:54:51 -0500] "GET /fast-payout-online-casino/feed/?path=//dns-back HTTP/1.1" 200 10975 "-" "Mozilla/5.0 (compatible; MJ12bot/v1.4.8; http://mj12bot.com/)"
54.198.33.233 - - [25/Nov/2025:13:54:59 -0500] "GET /blog/page/3/ HTTP/1.1" 200 4006 "-" "Mozilla/5.0 AppleWebKit/537.36 (KHTML, like Gecko; compatible; Amazonbot/0.1; +https://developer.amazon.com/support/amazonbot) Chrome/119.0.6045.214 Safari/537.36"
116.240.149.7 - - [25/Nov/2025:13:55:04 -0500] "GET /fast-payout-online-casino/feed/?path=//etc HTTP/1.1" 200 14126 "-" "Mozilla/5.0 (compatible; MJ12bot/v1.4.8; http://mj12bot.com/)"
116.240.149.7 - - [25/Nov/2025:13:55:18 -0500] "GET /fast-payout-online-casino/feed/?path=//home HTTP/1.1" 200 2518 "-" "Mozilla/5.0 (compatible; MJ12bot/v1.4.8; http://mj12bot.com/)"
116.240.149.7 - - [25/Nov/2025:13:55:29 -0500] "GET /fast-payout-online-casino/feed/?path=//home2 HTTP/1.1" 200 2964 "-" "Mozilla/5.0 (compatible; MJ12bot/v1.4.8; http://mj12bot.com/)"
116.240.149.7 - - [25/Nov/2025:13:55:42 -0500] "GET /fast-payout-online-casino/feed/?path=//ibin HTTP/1.1" 200 15769 "-" "Mozilla/5.0 (compatible; MJ12bot/v1.4.8; http://mj12bot.com/)"
116.240.149.7 - - [25/Nov/2025:13:55:52 -0500] "GET /fast-payout-online-casino/feed/?path=//lib64 HTTP/1.1" 200 42392 "-" "Mozilla/5.0 (compatible; MJ12bot/v1.4.8; http://mj12bot.com/)"
116.240.149.7 - - [25/Nov/2025:13:56:04 -0500] "GET /fast-payout-online-casino/feed/?path=/home/thetradingroom/mail HTTP/1.1" 200 3568 "-" "Mozilla/5.0 (compatible; MJ12bot/v1.4.8; http://mj12bot.com/)"
116.240.149.7 - - [25/Nov/2025:13:56:12 -0500] "GET /fast-payout-online-casino/feed/?path=/home/thetradingroom/perl5 HTTP/1.1" 200 2824 "-" "Mozilla/5.0 (compatible; MJ12bot/v1.4.8; http://mj12bot.com/)"
114.119.133.26 - - [25/Nov/2025:13:56:19 -0500] "GET /2017/03/27/ HTTP/1.1" 200 4006 "https://www.thetradingroom.com/2017/03/27/page/2/" "Mozilla/5.0 (Linux; Android 7.0;) AppleWebKit/537.36 (KHTML, like Gecko) Mobile Safari/537.36 (compatible; PetalBot;+https://webmaster.petalsearch.com/site/petalbot)"
116.240.149.7 - - [25/Nov/2025:13:56:20 -0500] "GET /fast-payout-online-casino/feed/?path=/home/thetradingroom/public_ftp HTTP/1.1" 200 2795 "-" "Mozilla/5.0 (compatible; MJ12bot/v1.4.8; http://mj12bot.com/)"
116.240.149.7 - - [25/Nov/2025:13:56:31 -0500] "GET /fast-payout-online-casino/feed/?path=/home/thetradingroom/public_html/.well-known/acme-challenge HTTP/1.1" 200 2571 "-" "Mozilla/5.0 (compatible; MJ12bot/v1.4.8; http://mj12bot.com/)"
116.240.149.7 - - [25/Nov/2025:13:56:41 -0500] "GET /fast-payout-online-casino/feed/?path=/home/thetradingroom/public_html/.well-known/pki-validation HTTP/1.1" 200 2570 "-" "Mozilla/5.0 (compatible; MJ12bot/v1.4.8; http://mj12bot.com/)"
116.240.149.7 - - [25/Nov/2025:13:56:49 -0500] "GET /fast-payout-online-casino/feed/?path=/home/thetradingroom/public_html/wp-content/ai1wm-backups HTTP/1.1" 200 3022 "-" "Mozilla/5.0 (compatible; MJ12bot/v1.4.8; http://mj12bot.com/)"
116.240.149.7 - - [25/Nov/2025:13:56:59 -0500] "GET /fast-payout-online-casino/feed/?path=/home/thetradingroom/public_html/wp-content/cache HTTP/1.1" 200 3072 "-" "Mozilla/5.0 (compatible; MJ12bot/v1.4.8; http://mj12bot.com/)"
116.240.149.7 - - [25/Nov/2025:13:57:07 -0500] "GET /fast-payout-online-casino/feed/?path=/home/thetradingroom/public_html/wp-content/maintenance HTTP/1.1" 200 2963 "-" "Mozilla/5.0 (compatible; MJ12bot/v1.4.8; http://mj12bot.com/)"
116.240.149.7 - - [25/Nov/2025:13:57:14 -0500] "GET /fast-payout-online-casino/feed/?path=/home/thetradingroom/public_html/wp-content/mu-plugins HTTP/1.1" 200 2967 "-" "Mozilla/5.0 (compatible; MJ12bot/v1.4.8; http://mj12bot.com/)"
116.240.149.7 - - [25/Nov/2025:13:57:24 -0500] "GET /fast-payout-online-casino/feed/?path=/home/thetradingroom/public_html/wp-content/plugins HTTP/1.1" 200 4001 "-" "Mozilla/5.0 (compatible; MJ12bot/v1.4.8; http://mj12bot.com/)"
116.240.149.7 - - [25/Nov/2025:13:57:34 -0500] "GET /fast-payout-online-casino/feed/?path=/home/thetradingroom/public_html/wp-content/themes HTTP/1.1" 200 3154 "-" "Mozilla/5.0 (compatible; MJ12bot/v1.4.8; http://mj12bot.com/)"
114.119.133.26 - - [25/Nov/2025:13:57:34 -0500] "GET /2017/03/21 HTTP/1.1" 200 4006 "http://www.thetradingroom.com/2017/03/16" "Mozilla/5.0 (Linux; Android 7.0;) AppleWebKit/537.36 (KHTML, like Gecko) Mobile Safari/537.36 (compatible; PetalBot;+https://webmaster.petalsearch.com/site/petalbot)"
116.240.149.7 - - [25/Nov/2025:13:57:42 -0500] "GET /fast-payout-online-casino/feed/?path=/home/thetradingroom/public_html/wp-content/upgrade HTTP/1.1" 200 2564 "-" "Mozilla/5.0 (compatible; MJ12bot/v1.4.8; http://mj12bot.com/)"
116.240.149.7 - - [25/Nov/2025:13:57:51 -0500] "GET /fast-payout-online-casino/feed/?path=/home/thetradingroom/public_html/wp-content/upgrade-temp-backup HTTP/1.1" 200 2870 "-" "Mozilla/5.0 (compatible; MJ12bot/v1.4.8; http://mj12bot.com/)"
220.181.108.159 - - [25/Nov/2025:13:57:51 -0500] "GET /uncategorized/the-week-ahead-forecasting-tools-and-techniques-by-joe-rios/attachment/rq-tech/ HTTP/1.1" 200 4006 "-" "Mozilla/5.0 (compatible; Baiduspider/2.0; +http://www.baidu.com/search/spider.html)"
116.240.149.7 - - [25/Nov/2025:13:57:59 -0500] "GET /fast-payout-online-casino/feed/?path=/home/thetradingroom/public_html/wp-content/uploads HTTP/1.1" 200 4132 "-" "Mozilla/5.0 (compatible; MJ12bot/v1.4.8; http://mj12bot.com/)"
116.240.149.7 - - [25/Nov/2025:13:58:05 -0500] "GET /fast-payout-online-casino/feed/?path=/home/thetradingroom/public_html/wp-content/w3tc-config HTTP/1.1" 200 2939 "-" "Mozilla/5.0 (compatible; MJ12bot/v1.4.8; http://mj12bot.com/)"
116.240.149.7 - - [25/Nov/2025:13:58:13 -0500] "GET /fast-payout-online-casino/feed/?path=/home/thetradingroom/public_html/wp-content/wflogs HTTP/1.1" 200 3260 "-" "Mozilla/5.0 (compatible; MJ12bot/v1.4.8; http://mj12bot.com/)"
116.240.149.7 - - [25/Nov/2025:13:58:20 -0500] "GET /fast-payout-online-casino/feed/?path=/home/thetradingroom/public_html/wp-content/wpo-cache HTTP/1.1" 200 2914 "-" "Mozilla/5.0 (compatible; MJ12bot/v1.4.8; http://mj12bot.com/)"
116.240.149.7 - - [25/Nov/2025:13:58:29 -0500] "GET /fast-payout-online-casino/feed/?path=/home/thetradingroom/public_html/wp-content/wpvivid_staging HTTP/1.1" 200 2895 "-" "Mozilla/5.0 (compatible; MJ12bot/v1.4.8; http://mj12bot.com/)"
116.240.149.7 - - [25/Nov/2025:13:58:36 -0500] "GET /fast-payout-online-casino/feed/?path=/home/thetradingroom/public_html/wp-content/wpvivid_uploads HTTP/1.1" 200 2827 "-" "Mozilla/5.0 (compatible; MJ12bot/v1.4.8; http://mj12bot.com/)"
167.114.139.79 - - [25/Nov/2025:13:58:44 -0500] "GET /tag/cryptos/ HTTP/1.1" 200 4006 "-" "Mozilla/5.0 (compatible; AhrefsBot/7.0; +http://ahrefs.com/robot/)"
116.240.149.7 - - [25/Nov/2025:13:58:44 -0500] "GET /fast-payout-online-casino/feed/?path=/home/thetradingroom/public_html/wp-content/wpvividbackups HTTP/1.1" 200 3050 "-" "Mozilla/5.0 (compatible; MJ12bot/v1.4.8; http://mj12bot.com/)"
116.240.149.7 - - [25/Nov/2025:13:58:53 -0500] "GET /fast-payout-online-casino/feed/?path=/home/thetradingroom/public_html/wp-includes/ID3 HTTP/1.1" 200 3640 "-" "Mozilla/5.0 (compatible; MJ12bot/v1.4.8; http://mj12bot.com/)"
116.240.149.7 - - [25/Nov/2025:13:58:58 -0500] "GET /fast-payout-online-casino/feed/?path=/home/thetradingroom/public_html/wp-includes/IXR HTTP/1.1" 200 3298 "-" "Mozilla/5.0 (compatible; MJ12bot/v1.4.8; http://mj12bot.com/)"
116.240.149.7 - - [25/Nov/2025:13:59:06 -0500] "GET /fast-payout-online-casino/feed/?path=/home/thetradingroom/public_html/wp-includes/PHPMailer HTTP/1.1" 200 2985 "-" "Mozilla/5.0 (compatible; MJ12bot/v1.4.8; http://mj12bot.com/)"
116.240.149.7 - - [25/Nov/2025:13:59:15 -0500] "GET /fast-payout-online-casino/feed/?path=/home/thetradingroom/public_html/wp-includes/Requests HTTP/1.1" 200 2958 "-" "Mozilla/5.0 (compatible; MJ12bot/v1.4.8; http://mj12bot.com/)"
43.130.57.76 - - [25/Nov/2025:13:59:20 -0500] "GET /guts-casino-logo/ HTTP/1.1" 200 4006 "-" "Mozilla/5.0 (iPhone; CPU iPhone OS 13_2_3 like Mac OS X) AppleWebKit/605.1.15 (KHTML, like Gecko) Version/13.0.3 Mobile/15E148 Safari/604.1"
116.240.149.7 - - [25/Nov/2025:13:59:25 -0500] "GET /fast-payout-online-casino/feed/?path=/home/thetradingroom/public_html/wp-includes/SimplePie HTTP/1.1" 200 3004 "-" "Mozilla/5.0 (compatible; MJ12bot/v1.4.8; http://mj12bot.com/)"
116.240.149.7 - - [25/Nov/2025:13:59:31 -0500] "GET /fast-payout-online-casino/feed/?path=/home/thetradingroom/public_html/wp-includes/Text HTTP/1.1" 200 3007 "-" "Mozilla/5.0 (compatible; MJ12bot/v1.4.8; http://mj12bot.com/)"
116.240.149.7 - - [25/Nov/2025:13:59:40 -0500] "GET /fast-payout-online-casino/feed/?path=/home/thetradingroom/public_html/wp-includes/assets HTTP/1.1" 200 3188 "-" "Mozilla/5.0 (compatible; MJ12bot/v1.4.8; http://mj12bot.com/)"
116.240.149.7 - - [25/Nov/2025:13:59:47 -0500] "GET /fast-payout-online-casino/feed/?path=/home/thetradingroom/public_html/wp-includes/block-bindings HTTP/1.1" 200 2909 "-" "Mozilla/5.0 (compatible; MJ12bot/v1.4.8; http://mj12bot.com/)"
116.240.149.7 - - [25/Nov/2025:13:59:55 -0500] "GET /fast-payout-online-casino/feed/?path=/home/thetradingroom/public_html/wp-includes/block-patterns HTTP/1.1" 200 3170 "-" "Mozilla/5.0 (compatible; MJ12bot/v1.4.8; http://mj12bot.com/)"
116.240.149.7 - - [25/Nov/2025:14:00:03 -0500] "GET /fast-payout-online-casino/feed/?path=/home/thetradingroom/public_html/wp-includes/block-supports HTTP/1.1" 200 3582 "-" "Mozilla/5.0 (compatible; MJ12bot/v1.4.8; http://mj12bot.com/)"
116.240.149.7 - - [25/Nov/2025:14:00:13 -0500] "GET /fast-payout-online-casino/feed/?path=/home/thetradingroom/public_html/wp-includes/blocks HTTP/1.1" 200 8734 "-" "Mozilla/5.0 (compatible; MJ12bot/v1.4.8; http://mj12bot.com/)"
116.240.149.7 - - [25/Nov/2025:14:00:19 -0500] "GET /fast-payout-online-casino/feed/?path=/home/thetradingroom/public_html/wp-includes/certificates HTTP/1.1" 200 2903 "-" "Mozilla/5.0 (compatible; MJ12bot/v1.4.8; http://mj12bot.com/)"
116.240.149.7 - - [25/Nov/2025:14:00:28 -0500] "GET /fast-payout-online-casino/feed/?path=/home/thetradingroom/public_html/wp-includes/css HTTP/1.1" 200 4420 "-" "Mozilla/5.0 (compatible; MJ12bot/v1.4.8; http://mj12bot.com/)"
116.240.149.7 - - [25/Nov/2025:14:00:35 -0500] "GET /fast-payout-online-casino/feed/?path=/home/thetradingroom/public_html/wp-includes/customize HTTP/1.1" 200 4215 "-" "Mozilla/5.0 (compatible; MJ12bot/v1.4.8; http://mj12bot.com/)"
116.240.149.7 - - [25/Nov/2025:14:00:41 -0500] "GET /fast-payout-online-casino/feed/?path=/home/thetradingroom/public_html/wp-includes/fonts HTTP/1.1" 200 3283 "-" "Mozilla/5.0 (compatible; MJ12bot/v1.4.8; http://mj12bot.com/)"
116.240.149.7 - - [25/Nov/2025:14:00:46 -0500] "GET /fast-payout-online-casino/feed/?path=/home/thetradingroom/public_html/wp-includes/html-api HTTP/1.1" 200 3469 "-" "Mozilla/5.0 (compatible; MJ12bot/v1.4.8; http://mj12bot.com/)"
116.240.149.7 - - [25/Nov/2025:14:00:52 -0500] "GET /fast-payout-online-casino/feed/?path=/home/thetradingroom/public_html/wp-includes/images HTTP/1.1" 200 3981 "-" "Mozilla/5.0 (compatible; MJ12bot/v1.4.8; http://mj12bot.com/)"
116.240.149.7 - - [25/Nov/2025:14:01:00 -0500] "GET /fast-payout-online-casino/feed/?path=/home/thetradingroom/public_html/wp-includes/interactivity-api HTTP/1.1" 200 2942 "-" "Mozilla/5.0 (compatible; MJ12bot/v1.4.8; http://mj12bot.com/)"
116.240.149.7 - - [25/Nov/2025:14:01:06 -0500] "GET /fast-payout-online-casino/feed/?path=/home/thetradingroom/public_html/wp-includes/js HTTP/1.1" 200 6960 "-" "Mozilla/5.0 (compatible; MJ12bot/v1.4.8; http://mj12bot.com/)"
116.240.149.7 - - [25/Nov/2025:14:01:12 -0500] "GET /fast-payout-online-casino/feed/?path=/home/thetradingroom/public_html/wp-includes/l10n HTTP/1.1" 200 3032 "-" "Mozilla/5.0 (compatible; MJ12bot/v1.4.8; http://mj12bot.com/)"
116.240.149.7 - - [25/Nov/2025:14:01:18 -0500] "GET /fast-payout-online-casino/feed/?path=/home/thetradingroom/public_html/wp-includes/php-compat HTTP/1.1" 200 2896 "-" "Mozilla/5.0 (compatible; MJ12bot/v1.4.8; http://mj12bot.com/)"
116.240.149.7 - - [25/Nov/2025:14:01:23 -0500] "GET /fast-payout-online-casino/feed/?path=/home/thetradingroom/public_html/wp-includes/pomo HTTP/1.1" 200 3119 "-" "Mozilla/5.0 (compatible; MJ12bot/v1.4.8; http://mj12bot.com/)"
116.240.149.7 - - [25/Nov/2025:14:01:30 -0500] "GET /fast-payout-online-casino/feed/?path=/home/thetradingroom/public_html/wp-includes/rest-api HTTP/1.1" 200 3134 "-" "Mozilla/5.0 (compatible; MJ12bot/v1.4.8; http://mj12bot.com/)"
116.240.149.7 - - [25/Nov/2025:14:01:39 -0500] "GET /fast-payout-online-casino/feed/?path=/home/thetradingroom/public_html/wp-includes/sitemaps HTTP/1.1" 200 3169 "-" "Mozilla/5.0 (compatible; MJ12bot/v1.4.8; http://mj12bot.com/)"
116.240.149.7 - - [25/Nov/2025:14:01:45 -0500] "GET /fast-payout-online-casino/feed/?path=/home/thetradingroom/public_html/wp-includes/sodium_compat HTTP/1.1" 200 3168 "-" "Mozilla/5.0 (compatible; MJ12bot/v1.4.8; http://mj12bot.com/)"
116.240.149.7 - - [25/Nov/2025:14:01:51 -0500] "GET /fast-payout-online-casino/feed/?path=/home/thetradingroom/public_html/wp-includes/style-engine HTTP/1.1" 200 3071 "-" "Mozilla/5.0 (compatible; MJ12bot/v1.4.8; http://mj12bot.com/)"
116.240.149.7 - - [25/Nov/2025:14:01:56 -0500] "GET /fast-payout-online-casino/feed/?path=/home/thetradingroom/public_html/wp-includes/theme-compat HTTP/1.1" 200 3190 "-" "Mozilla/5.0 (compatible; MJ12bot/v1.4.8; http://mj12bot.com/)"
116.240.149.7 - - [25/Nov/2025:14:02:03 -0500] "GET /fast-payout-online-casino/feed/?path=/home/thetradingroom/public_html/wp-includes/widgets HTTP/1.1" 200 3689 "-" "Mozilla/5.0 (compatible; MJ12bot/v1.4.8; http://mj12bot.com/)"
116.240.149.7 - - [25/Nov/2025:14:02:09 -0500] "GET /fast-payout-online-casino/feed/?path=/home/thetradingroom/ssl HTTP/1.1" 200 2983 "-" "Mozilla/5.0 (compatible; MJ12bot/v1.4.8; http://mj12bot.com/)"
116.240.149.7 - - [25/Nov/2025:14:02:14 -0500] "GET /fast-payout-online-casino/feed/?path=/home/thetradingroom/tmp HTTP/1.1" 200 3098 "-" "Mozilla/5.0 (compatible; MJ12bot/v1.4.8; http://mj12bot.com/)"
66.249.70.64 - - [25/Nov/2025:14:04:35 -0500] "GET /?path=/home/thetradingroom/public_html/wp-admin/maint HTTP/1.1" 200 2843 "-" "Mozilla/5.0 (Linux; Android 6.0.1; Nexus 5X Build/MMB29P) AppleWebKit/537.36 (KHTML, like Gecko) Chrome/141.0.7390.122 Mobile Safari/537.36 (compatible; Googlebot/2.1; +http://www.google.com/bot.html)"
5.255.231.91 - - [25/Nov/2025:14:07:06 -0500] "GET /robots.txt HTTP/1.1" 200 97 "-" "Mozilla/5.0 (compatible; YandexBot/3.0; +http://yandex.com/bots)"
87.250.224.224 - - [25/Nov/2025:14:07:06 -0500] "GET /premarket-live-trading-room-access/ HTTP/1.1" 200 4006 "-" "Mozilla/5.0 (compatible; YandexBot/3.0; +http://yandex.com/bots)"
192.169.172.247 - - [25/Nov/2025:14:07:09 -0500] "POST /xmlrpc.php HTTP/1.1" 200 4006 "-" "Mozilla/5.0 (Windows NT 6.3; WOW64; Trident/7.0; Touch; MALCJS; rv:11.0) like Gecko"
192.169.172.247 - - [25/Nov/2025:14:08:14 -0500] "POST /xmlrpc.php HTTP/1.1" 200 4006 "-" "Mozilla/5.0 (Windows NT 6.3; WOW64; Trident/7.0; Touch; MALCJS; rv:11.0) like Gecko"
192.169.172.247 - - [25/Nov/2025:14:08:52 -0500] "POST /xmlrpc.php HTTP/1.1" 200 4006 "-" "Mozilla/5.0 (Windows NT 6.3; WOW64; Trident/7.0; Touch; MALCJS; rv:11.0) like Gecko"
192.169.172.247 - - [25/Nov/2025:14:08:59 -0500] "POST /xmlrpc.php HTTP/1.1" 200 4006 "-" "Mozilla/5.0 (Windows NT 6.3; WOW64; Trident/7.0; Touch; MALCJS; rv:11.0) like Gecko"
192.169.172.247 - - [25/Nov/2025:14:09:02 -0500] "POST /xmlrpc.php HTTP/1.1" 200 4006 "-" "Mozilla/5.0 (Windows NT 6.3; WOW64; Trident/7.0; Touch; MALCJS; rv:11.0) like Gecko"
66.249.70.66 - - [25/Nov/2025:14:09:36 -0500] "GET /?fileloc=/home/thetradingroom/public_html/wp-admin/contribute.php&path=/home/thetradingroom/public_html/wp-admin HTTP/1.1" 200 4457 "-" "Mozilla/5.0 (Linux; Android 6.0.1; Nexus 5X Build/MMB29P) AppleWebKit/537.36 (KHTML, like Gecko) Chrome/141.0.7390.122 Mobile Safari/537.36 (compatible; Googlebot/2.1; +http://www.google.com/bot.html)"
91.137.27.140 - - [25/Nov/2025:14:10:03 -0500] "GET /robots.txt HTTP/1.1" 200 97 "-" "Mozilla/5.0 (compatible; MJ12bot/v1.4.8; http://mj12bot.com/)"
91.137.27.140 - - [25/Nov/2025:14:10:04 -0500] "GET /?fileloc=//.autorelabel&path=/ HTTP/1.1" 200 2460 "-" "Mozilla/5.0 (compatible; MJ12bot/v1.4.8; http://mj12bot.com/)"
91.137.27.140 - - [25/Nov/2025:14:10:06 -0500] "GET /?path=/home/thetradingroom/www HTTP/1.1" 200 3983 "-" "Mozilla/5.0 (compatible; MJ12bot/v1.4.8; http://mj12bot.com/)"
91.137.27.140 - - [25/Nov/2025:14:10:47 -0500] "GET /robots.txt HTTP/1.1" 200 97 "-" "Mozilla/5.0 (compatible; MJ12bot/v1.4.8; http://mj12bot.com/)"
91.137.27.140 - - [25/Nov/2025:14:10:49 -0500] "GET /fast-payout-online-casino/feed/?fileloc=//error_log&path=/ HTTP/1.1" 200 2879 "-" "Mozilla/5.0 (compatible; MJ12bot/v1.4.8; http://mj12bot.com/)"
91.137.27.140 - - [25/Nov/2025:14:10:51 -0500] "GET /fast-payout-online-casino/feed/?fileloc=//razor-agent.log&path=/ HTTP/1.1" 200 2538 "-" "Mozilla/5.0 (compatible; MJ12bot/v1.4.8; http://mj12bot.com/)"
91.137.27.140 - - [25/Nov/2025:14:10:53 -0500] "GET /fast-payout-online-casino/feed/?fileloc=//requirements.txt&path=/ HTTP/1.1" 200 5035 "-" "Mozilla/5.0 (compatible; MJ12bot/v1.4.8; http://mj12bot.com/)"
91.137.27.140 - - [25/Nov/2025:14:10:55 -0500] "GET /fast-payout-online-casino/feed/?fileloc=//version.dat&path=/ HTTP/1.1" 200 2466 "-" "Mozilla/5.0 (compatible; MJ12bot/v1.4.8; http://mj12bot.com/)"
91.137.27.140 - - [25/Nov/2025:14:10:57 -0500] "GET /fast-payout-online-casino/feed/?fileloc=/home/thetradingroom/.bash_history&path=/home/thetradingroom HTTP/1.1" 403 4006 "-" "Mozilla/5.0 (compatible; MJ12bot/v1.4.8; http://mj12bot.com/)"
91.137.27.140 - - [25/Nov/2025:14:10:59 -0500] "GET /fast-payout-online-casino/feed/?fileloc=/home/thetradingroom/.bash_logout&path=/home/thetradingroom HTTP/1.1" 403 4006 "-" "Mozilla/5.0 (compatible; MJ12bot/v1.4.8; http://mj12bot.com/)"
91.137.27.140 - - [25/Nov/2025:14:11:01 -0500] "GET /fast-payout-online-casino/feed/?fileloc=/home/thetradingroom/.bash_profile&path=/home/thetradingroom HTTP/1.1" 200 2603 "-" "Mozilla/5.0 (compatible; MJ12bot/v1.4.8; http://mj12bot.com/)"
91.137.27.140 - - [25/Nov/2025:14:11:03 -0500] "GET /fast-payout-online-casino/feed/?fileloc=/home/thetradingroom/.bashrc&path=/home/thetradingroom HTTP/1.1" 403 4006 "-" "Mozilla/5.0 (compatible; MJ12bot/v1.4.8; http://mj12bot.com/)"
91.137.27.140 - - [25/Nov/2025:14:11:05 -0500] "GET /fast-payout-online-casino/feed/?fileloc=/home/thetradingroom/.contactemail&path=/home/thetradingroom HTTP/1.1" 200 2490 "-" "Mozilla/5.0 (compatible; MJ12bot/v1.4.8; http://mj12bot.com/)"
91.137.27.140 - - [25/Nov/2025:14:11:07 -0500] "GET /fast-payout-online-casino/feed/?fileloc=/home/thetradingroom/.dns&path=/home/thetradingroom HTTP/1.1" 200 2479 "-" "Mozilla/5.0 (compatible; MJ12bot/v1.4.8; http://mj12bot.com/)"
91.137.27.140 - - [25/Nov/2025:14:11:09 -0500] "GET /fast-payout-online-casino/feed/?fileloc=/home/thetradingroom/.ftpquota&path=/home/thetradingroom HTTP/1.1" 200 2493 "-" "Mozilla/5.0 (compatible; MJ12bot/v1.4.8; http://mj12bot.com/)"
118.139.166.19 - - [25/Nov/2025:14:12:37 -0500] "GET /wp-login.php HTTP/1.1" 200 4006 "-" "Mozilla/5.0 (Windows NT 10.0; Win64; x64) AppleWebKit/537.36 (KHTML, like Gecko) Chrome/63.0.3239.108 Safari/537.36 OPR/50.0.2762.45"
118.139.166.19 - - [25/Nov/2025:14:12:42 -0500] "POST /wp-login.php HTTP/1.1" 200 4006 "https://www.thetradingroom.com/wp-login.php" "Mozilla/5.0 (Windows NT 10.0; Win64; x64) AppleWebKit/537.36 (KHTML, like Gecko) Chrome/63.0.3239.108 Safari/537.36 OPR/50.0.2762.45"
49.51.183.84 - - [25/Nov/2025:14:12:55 -0500] "GET /guts-casino-logo/?path=/home/thetradingroom/public_html/wp-admin HTTP/1.1" 200 6631 "-" "Mozilla/5.0 (iPhone; CPU iPhone OS 13_2_3 like Mac OS X) AppleWebKit/605.1.15 (KHTML, like Gecko) Version/13.0.3 Mobile/15E148 Safari/604.1"
114.119.132.173 - - [25/Nov/2025:14:13:02 -0500] "GET /2018/12/19/page/2/ HTTP/1.1" 200 4006 "https://www.thetradingroom.com/2018/12/19/" "Mozilla/5.0 (Linux; Android 7.0;) AppleWebKit/537.36 (KHTML, like Gecko) Mobile Safari/537.36 (compatible; PetalBot;+https://webmaster.petalsearch.com/site/petalbot)"
66.249.70.65 - - [25/Nov/2025:14:13:36 -0500] "GET /?fileloc=/home/thetradingroom/public_html/wp-admin/privacy-policy-guide.php&path=/home/thetradingroom/public_html/wp-admin HTTP/1.1" 200 3970 "-" "Mozilla/5.0 (Linux; Android 6.0.1; Nexus 5X Build/MMB29P) AppleWebKit/537.36 (KHTML, like Gecko) Chrome/141.0.7390.122 Mobile Safari/537.36 (compatible; Googlebot/2.1; +http://www.google.com/bot.html)"
114.119.149.254 - - [25/Nov/2025:14:14:18 -0500] "GET /2017/11/08/page/3/ HTTP/1.1" 200 4006 "http://www.thetradingroom.com/2017/11/08" "Mozilla/5.0 (Linux; Android 7.0;) AppleWebKit/537.36 (KHTML, like Gecko) Mobile Safari/537.36 (compatible; PetalBot;+https://webmaster.petalsearch.com/site/petalbot)"
52.167.144.56 - - [25/Nov/2025:14:14:55 -0500] "GET /robots.txt HTTP/1.1" 200 105 "-" "Mozilla/5.0 AppleWebKit/537.36 (KHTML, like Gecko; compatible; bingbot/2.0; +http://www.bing.com/bingbot.htm) Chrome/116.0.1938.76 Safari/537.36"
192.121.112.67 - - [25/Nov/2025:14:15:00 -0500] "GET /wp-login.php HTTP/1.1" 200 56262 "https://www.thetradingroom.com" "Mozilla/5.0 (Windows NT 10.0; Win64; x64; rv:94.0) Gecko/20100101 Firefox/94.0"
