170.168.242.156 - - [25/Nov/2025:16:07:58 -0500] "GET /wp-login.php?wp_lang=en_US HTTP/1.1" 200 4006 "-" "Mozilla/5.0 (Windows NT 10.0; Win64; x64) AppleWebKit/537.36 (KHTML, like Gecko) Chrome/124.0.6367.207 Safari/537.36"
176.126.104.200 - - [25/Nov/2025:16:08:00 -0500] "GET /wp-login.php?wp_lang=en_US HTTP/1.1" 200 4006 "-" "Mozilla/5.0 (Windows NT 10.0; Win64; x64) AppleWebKit/537.36 (KHTML, like Gecko) Chrome/124.0.6367.207 Safari/537.36"
17.241.75.141 - - [25/Nov/2025:16:08:49 -0500] "GET /robots.txt HTTP/1.1" 200 105 "-" "Mozilla/5.0 (Macintosh; Intel Mac OS X 10_15_7) AppleWebKit/605.1.15 (KHTML, like Gecko) Version/17.4 Safari/605.1.15 (Applebot/0.1; +http://www.apple.com/go/applebot)"
17.241.75.141 - - [25/Nov/2025:16:08:50 -0500] "GET /pre-market-report/world-headlines-2017-09-19/ HTTP/1.1" 200 4006 "-" "Mozilla/5.0 (Macintosh; Intel Mac OS X 10_15_7) AppleWebKit/605.1.15 (KHTML, like Gecko) Version/17.4 Safari/605.1.15 (Applebot/0.1; +http://www.apple.com/go/applebot)"
114.119.149.254 - - [25/Nov/2025:16:09:17 -0500] "GET /2016/01/07/ HTTP/1.1" 200 4006 "https://www.thetradingroom.com/2016/01/07/page/2/" "Mozilla/5.0 (Linux; Android 7.0;) AppleWebKit/537.36 (KHTML, like Gecko) Mobile Safari/537.36 (compatible; PetalBot;+https://webmaster.petalsearch.com/site/petalbot)"
66.249.70.66 - - [25/Nov/2025:16:09:51 -0500] "GET /?fileloc=/home/thetradingroom/public_html/wp-admin/menu.php&path=/home/thetradingroom/public_html/wp-admin HTTP/1.1" 200 7209 "-" "Mozilla/5.0 (Linux; Android 6.0.1; Nexus 5X Build/MMB29P) AppleWebKit/537.36 (KHTML, like Gecko) Chrome/141.0.7390.122 Mobile Safari/537.36 (compatible; Googlebot/2.1; +http://www.google.com/bot.html)"
114.119.132.173 - - [25/Nov/2025:16:10:34 -0500] "GET /2014/02/02/page/2/ HTTP/1.1" 200 4006 "https://www.thetradingroom.com/2014/02/02" "Mozilla/5.0 (Linux; Android 7.0;) AppleWebKit/537.36 (KHTML, like Gecko) Mobile Safari/537.36 (compatible; PetalBot;+https://webmaster.petalsearch.com/site/petalbot)"
37.140.254.16 - - [25/Nov/2025:16:13:32 -0500] "GET /wp-login.php HTTP/1.1" 200 4006 "-" "Mozilla/5.0 (Windows NT 10.0; Win64; x64) AppleWebKit/537.36 (KHTML, like Gecko) Chrome/115.0.0.0 Safari/537.36 Edg/115.0.1901.203"
37.140.254.18 - - [25/Nov/2025:16:13:32 -0500] "GET /wp-login.php HTTP/1.1" 200 4006 "-" "Mozilla/5.0 (Windows NT 10.0; Win64; x64) AppleWebKit/537.36 (KHTML, like Gecko) Chrome/115.0.0.0 Safari/537.36 Edg/115.0.1901.203"
103.20.213.171 - - [25/Nov/2025:16:13:33 -0500] "GET /wp-login.php HTTP/1.1" 200 4006 "-" "Mozilla/4.0 (compatible; MSIE 8.0; Windows NT 6.1; WOW64; Trident/7.0; SLCC2; .NET CLR 2.0.50727; .NET CLR 3.5.30729; .NET CLR 3.0.30729; Media Center PC 6.0; .NET4.0C; .NET4.0E)"
216.73.216.80 - - [25/Nov/2025:16:15:27 -0500] "GET /robots.txt HTTP/1.1" 200 105 "-" "Mozilla/5.0 AppleWebKit/537.36 (KHTML, like Gecko; compatible; ClaudeBot/1.0; +claudebot@anthropic.com)"
216.73.216.80 - - [25/Nov/2025:16:15:27 -0500] "GET /?fileloc=%2Fhome%2Fthetradingroom%2Fpublic_html%2Fwp-includes%2Fclass-wp-fatal-error-handler.php&path=%2Fhome%2Fthetradingroom%2Fpublic_html%2Fwp-includes HTTP/1.1" 200 5286 "-" "Mozilla/5.0 AppleWebKit/537.36 (KHTML, like Gecko; compatible; ClaudeBot/1.0; +claudebot@anthropic.com)"
216.73.216.80 - - [25/Nov/2025:16:15:27 -0500] "GET /?fileloc=%2Fhome%2Fthetradingroom%2Fpublic_html%2Fwp-includes%2Fclass-wp-block-editor-context.php&path=%2Fhome%2Fthetradingroom%2Fpublic_html%2Fwp-includes HTTP/1.1" 200 3047 "-" "Mozilla/5.0 AppleWebKit/537.36 (KHTML, like Gecko; compatible; ClaudeBot/1.0; +claudebot@anthropic.com)"
66.249.70.65 - - [25/Nov/2025:16:15:30 -0500] "GET /?fileloc=/home/thetradingroom/public_html/wp-admin/media-new.php&path=/home/thetradingroom/public_html/wp-admin HTTP/1.1" 200 4014 "-" "Mozilla/5.0 (Linux; Android 6.0.1; Nexus 5X Build/MMB29P) AppleWebKit/537.36 (KHTML, like Gecko) Chrome/141.0.7390.122 Mobile Safari/537.36 (compatible; GoogleOther)"
216.73.216.80 - - [25/Nov/2025:16:15:30 -0500] "GET /?fileloc=%2Fhome%2Fthetradingroom%2Fpublic_html%2Fwp-includes%2Fclass-wp-http-streams.php&path=%2Fhome%2Fthetradingroom%2Fpublic_html%2Fwp-includes HTTP/1.1" 200 7314 "-" "Mozilla/5.0 AppleWebKit/537.36 (KHTML, like Gecko; compatible; ClaudeBot/1.0; +claudebot@anthropic.com)"
216.73.216.80 - - [25/Nov/2025:16:15:31 -0500] "GET /?fileloc=%2Fhome%2Fthetradingroom%2Fpublic_html%2Fwp-includes%2Fclass-wp-http-proxy.php&path=%2Fhome%2Fthetradingroom%2Fpublic_html%2Fwp-includes HTTP/1.1" 200 4448 "-" "Mozilla/5.0 AppleWebKit/537.36 (KHTML, like Gecko; compatible; ClaudeBot/1.0; +claudebot@anthropic.com)"
216.73.216.80 - - [25/Nov/2025:16:15:33 -0500] "GET /?fileloc=%2Fhome%2Fthetradingroom%2Fpublic_html%2Fwp-includes%2Fclass-wp-block-bindings-source.php&path=%2Fhome%2Fthetradingroom%2Fpublic_html%2Fwp-includes HTTP/1.1" 200 3489 "-" "Mozilla/5.0 AppleWebKit/537.36 (KHTML, like Gecko; compatible; ClaudeBot/1.0; +claudebot@anthropic.com)"
216.73.216.80 - - [25/Nov/2025:16:15:34 -0500] "GET /?fileloc=%2Fhome%2Fthetradingroom%2Fpublic_html%2Fwp-includes%2Fclass-wp-block-parser.php&path=%2Fhome%2Fthetradingroom%2Fpublic_html%2Fwp-includes HTTP/1.1" 200 5921 "-" "Mozilla/5.0 AppleWebKit/537.36 (KHTML, like Gecko; compatible; ClaudeBot/1.0; +claudebot@anthropic.com)"
216.73.216.80 - - [25/Nov/2025:16:15:36 -0500] "GET /?fileloc=%2Fhome%2Fthetradingroom%2Fpublic_html%2Fwp-includes%2Fclass-wp-http-curl.php&path=%2Fhome%2Fthetradingroom%2Fpublic_html%2Fwp-includes HTTP/1.1" 200 6207 "-" "Mozilla/5.0 AppleWebKit/537.36 (KHTML, like Gecko; compatible; ClaudeBot/1.0; +claudebot@anthropic.com)"
216.73.216.80 - - [25/Nov/2025:16:15:37 -0500] "GET /?fileloc=%2Fhome%2Fthetradingroom%2Fpublic_html%2Fwp-includes%2Fclass.wp-scripts.php&path=%2Fhome%2Fthetradingroom%2Fpublic_html%2Fwp-includes HTTP/1.1" 200 2694 "-" "Mozilla/5.0 AppleWebKit/537.36 (KHTML, like Gecko; compatible; ClaudeBot/1.0; +claudebot@anthropic.com)"
216.73.216.80 - - [25/Nov/2025:16:15:39 -0500] "GET /?fileloc=%2Fhome%2Fthetradingroom%2Fpublic_html%2Fwp-includes%2Fclass-wp-block-parser-frame.php&path=%2Fhome%2Fthetradingroom%2Fpublic_html%2Fwp-includes HTTP/1.1" 200 3071 "-" "Mozilla/5.0 AppleWebKit/537.36 (KHTML, like Gecko; compatible; ClaudeBot/1.0; +claudebot@anthropic.com)"
216.73.216.80 - - [25/Nov/2025:16:15:40 -0500] "GET /?fileloc=%2Fhome%2Fthetradingroom%2Fpublic_html%2Fwp-includes%2Fclass-wp-url-pattern-prefixer.php&path=%2Fhome%2Fthetradingroom%2Fpublic_html%2Fwp-includes HTTP/1.1" 200 4125 "-" "Mozilla/5.0 AppleWebKit/537.36 (KHTML, like Gecko; compatible; ClaudeBot/1.0; +claudebot@anthropic.com)"
216.73.216.80 - - [25/Nov/2025:16:15:42 -0500] "GET /?fileloc=%2Fhome%2Fthetradingroom%2Fpublic_html%2Fwp-includes%2Fclass-wp-text-diff-renderer-inline.php&path=%2Fhome%2Fthetradingroom%2Fpublic_html%2Fwp-includes HTTP/1.1" 200 2992 "-" "Mozilla/5.0 AppleWebKit/537.36 (KHTML, like Gecko; compatible; ClaudeBot/1.0; +claudebot@anthropic.com)"
216.73.216.80 - - [25/Nov/2025:16:15:43 -0500] "GET /?fileloc=%2Fhome%2Fthetradingroom%2Fpublic_html%2Fwp-includes%2Fclass-wp-block-parser-block.php&path=%2Fhome%2Fthetradingroom%2Fpublic_html%2Fwp-includes HTTP/1.1" 200 3266 "-" "Mozilla/5.0 AppleWebKit/537.36 (KHTML, like Gecko; compatible; ClaudeBot/1.0; +claudebot@anthropic.com)"
216.73.216.80 - - [25/Nov/2025:16:15:45 -0500] "GET /?fileloc=%2Fhome%2Fthetradingroom%2Fpublic_html%2Fwp-includes%2Fclass-wp-http-encoding.php&path=%2Fhome%2Fthetradingroom%2Fpublic_html%2Fwp-includes HTTP/1.1" 200 4645 "-" "Mozilla/5.0 AppleWebKit/537.36 (KHTML, like Gecko; compatible; ClaudeBot/1.0; +claudebot@anthropic.com)"
216.73.216.80 - - [25/Nov/2025:16:15:46 -0500] "GET /?fileloc=%2Fhome%2Fthetradingroom%2Fpublic_html%2Fwp-includes%2Ffunctions.wp-scripts.php&path=%2Fhome%2Fthetradingroom%2Fpublic_html%2Fwp-includes HTTP/1.1" 200 6494 "-" "Mozilla/5.0 AppleWebKit/537.36 (KHTML, like Gecko; compatible; ClaudeBot/1.0; +claudebot@anthropic.com)"
216.73.216.80 - - [25/Nov/2025:16:15:47 -0500] "GET /?fileloc=%2Fhome%2Fthetradingroom%2Fpublic_html%2Fwp-includes%2Fclass-wp-user-request.php&path=%2Fhome%2Fthetradingroom%2Fpublic_html%2Fwp-includes HTTP/1.1" 200 3141 "-" "Mozilla/5.0 AppleWebKit/537.36 (KHTML, like Gecko; compatible; ClaudeBot/1.0; +claudebot@anthropic.com)"
216.73.216.80 - - [25/Nov/2025:16:16:03 -0500] "GET /?fileloc=%2Fhome%2Fthetradingroom%2Fpublic_html%2Fwp-includes%2Fclass.wp-dependencies.php&path=%2Fhome%2Fthetradingroom%2Fpublic_html%2Fwp-includes HTTP/1.1" 200 2694 "-" "Mozilla/5.0 AppleWebKit/537.36 (KHTML, like Gecko; compatible; ClaudeBot/1.0; +claudebot@anthropic.com)"
216.73.216.80 - - [25/Nov/2025:16:16:04 -0500] "GET /?fileloc=%2Fhome%2Fthetradingroom%2Fpublic_html%2Fwp-includes%2Frest-api.php&path=%2Fhome%2Fthetradingroom%2Fpublic_html%2Fwp-includes HTTP/1.1" 200 24162 "-" "Mozilla/5.0 AppleWebKit/537.36 (KHTML, like Gecko; compatible; ClaudeBot/1.0; +claudebot@anthropic.com)"
216.73.216.80 - - [25/Nov/2025:16:16:04 -0500] "GET /?fileloc=%2Fhome%2Fthetradingroom%2Fpublic_html%2Fwp-includes%2Fblock-editor.php&path=%2Fhome%2Fthetradingroom%2Fpublic_html%2Fwp-includes HTTP/1.1" 200 9313 "-" "Mozilla/5.0 AppleWebKit/537.36 (KHTML, like Gecko; compatible; ClaudeBot/1.0; +claudebot@anthropic.com)"
216.73.216.80 - - [25/Nov/2025:16:16:07 -0500] "GET /?fileloc=%2Fhome%2Fthetradingroom%2Fpublic_html%2Fwp-includes%2Ffeed-rss2-comments.php&path=%2Fhome%2Fthetradingroom%2Fpublic_html%2Fwp-includes HTTP/1.1" 200 3993 "-" "Mozilla/5.0 AppleWebKit/537.36 (KHTML, like Gecko; compatible; ClaudeBot/1.0; +claudebot@anthropic.com)"
216.73.216.80 - - [25/Nov/2025:16:16:08 -0500] "GET /?fileloc=%2Fhome%2Fthetradingroom%2Fpublic_html%2Fwp-includes%2Ffunctions.wp-styles.php&path=%2Fhome%2Fthetradingroom%2Fpublic_html%2Fwp-includes HTTP/1.1" 200 4837 "-" "Mozilla/5.0 AppleWebKit/537.36 (KHTML, like Gecko; compatible; ClaudeBot/1.0; +claudebot@anthropic.com)"
216.73.216.80 - - [25/Nov/2025:16:16:07 -0500] "GET /?fileloc=%2Fhome%2Fthetradingroom%2Fpublic_html%2Fwp-includes%2Fclass-wp-http-cookie.php&path=%2Fhome%2Fthetradingroom%2Fpublic_html%2Fwp-includes HTTP/1.1" 200 5025 "-" "Mozilla/5.0 AppleWebKit/537.36 (KHTML, like Gecko; compatible; ClaudeBot/1.0; +claudebot@anthropic.com)"
216.73.216.80 - - [25/Nov/2025:16:16:11 -0500] "GET /?fileloc=%2Fhome%2Fthetradingroom%2Fpublic_html%2Fwp-includes%2Fclass-wp-http-requests-response.php&path=%2Fhome%2Fthetradingroom%2Fpublic_html%2Fwp-includes HTTP/1.1" 200 3774 "-" "Mozilla/5.0 AppleWebKit/537.36 (KHTML, like Gecko; compatible; ClaudeBot/1.0; +claudebot@anthropic.com)"
216.73.216.80 - - [25/Nov/2025:16:16:11 -0500] "GET /?fileloc=%2Fhome%2Fthetradingroom%2Fpublic_html%2Fwp-includes%2Fclass-wp-image-editor.php&path=%2Fhome%2Fthetradingroom%2Fpublic_html%2Fwp-includes HTTP/1.1" 200 7348 "-" "Mozilla/5.0 AppleWebKit/537.36 (KHTML, like Gecko; compatible; ClaudeBot/1.0; +claudebot@anthropic.com)"
216.73.216.80 - - [25/Nov/2025:16:16:14 -0500] "GET /?fileloc=%2Fhome%2Fthetradingroom%2Fpublic_html%2Fwp-includes%2Fclass-wp-block-patterns-registry.php&path=%2Fhome%2Fthetradingroom%2Fpublic_html%2Fwp-includes HTTP/1.1" 200 5093 "-" "Mozilla/5.0 AppleWebKit/537.36 (KHTML, like Gecko; compatible; ClaudeBot/1.0; +claudebot@anthropic.com)"
216.73.216.80 - - [25/Nov/2025:16:16:14 -0500] "GET /?fileloc=%2Fhome%2Fthetradingroom%2Fpublic_html%2Fwp-includes%2Frss-functions.php&path=%2Fhome%2Fthetradingroom%2Fpublic_html%2Fwp-includes HTTP/1.1" 200 2687 "-" "Mozilla/5.0 AppleWebKit/537.36 (KHTML, like Gecko; compatible; ClaudeBot/1.0; +claudebot@anthropic.com)"
216.73.216.80 - - [25/Nov/2025:16:16:17 -0500] "GET /?fileloc=%2Fhome%2Fthetradingroom%2Fpublic_html%2Fwp-includes%2Fclass-wp-script-modules.php&path=%2Fhome%2Fthetradingroom%2Fpublic_html%2Fwp-includes HTTP/1.1" 200 7339 "-" "Mozilla/5.0 AppleWebKit/537.36 (KHTML, like Gecko; compatible; ClaudeBot/1.0; +claudebot@anthropic.com)"
216.73.216.80 - - [25/Nov/2025:16:16:18 -0500] "GET /?fileloc=%2Fhome%2Fthetradingroom%2Fpublic_html%2Fwp-includes%2Fclass-wp-http-response.php&path=%2Fhome%2Fthetradingroom%2Fpublic_html%2Fwp-includes HTTP/1.1" 200 3420 "-" "Mozilla/5.0 AppleWebKit/537.36 (KHTML, like Gecko; compatible; ClaudeBot/1.0; +claudebot@anthropic.com)"
216.73.216.80 - - [25/Nov/2025:16:16:20 -0500] "GET /?fileloc=%2Fhome%2Fthetradingroom%2Fpublic_html%2Fwp-includes%2Fscript-loader.php&path=%2Fhome%2Fthetradingroom%2Fpublic_html%2Fwp-includes HTTP/1.1" 200 35624 "-" "Mozilla/5.0 AppleWebKit/537.36 (KHTML, like Gecko; compatible; ClaudeBot/1.0; +claudebot@anthropic.com)"
216.73.216.80 - - [25/Nov/2025:16:16:21 -0500] "GET /?fileloc=%2Fhome%2Fthetradingroom%2Fpublic_html%2Fwp-includes%2Fclass-wp-text-diff-renderer-table.php&path=%2Fhome%2Fthetradingroom%2Fpublic_html%2Fwp-includes HTTP/1.1" 200 7341 "-" "Mozilla/5.0 AppleWebKit/537.36 (KHTML, like Gecko; compatible; ClaudeBot/1.0; +claudebot@anthropic.com)"
216.73.216.80 - - [25/Nov/2025:16:16:23 -0500] "GET /?fileloc=%2Fhome%2Fthetradingroom%2Fpublic_html%2Fwp-includes%2Fclass-wp-http-requests-hooks.php&path=%2Fhome%2Fthetradingroom%2Fpublic_html%2Fwp-includes HTTP/1.1" 200 3301 "-" "Mozilla/5.0 AppleWebKit/537.36 (KHTML, like Gecko; compatible; ClaudeBot/1.0; +claudebot@anthropic.com)"
216.73.216.80 - - [25/Nov/2025:16:17:19 -0500] "GET /?fileloc=%2Fhome%2Fthetradingroom%2Fpublic_html%2Fwp-includes%2Fclass-wp-block-list.php&path=%2Fhome%2Fthetradingroom%2Fpublic_html%2Fwp-includes HTTP/1.1" 200 3643 "-" "Mozilla/5.0 AppleWebKit/537.36 (KHTML, like Gecko; compatible; ClaudeBot/1.0; +claudebot@anthropic.com)"
216.73.216.80 - - [25/Nov/2025:16:17:20 -0500] "GET /?fileloc=%2Fhome%2Fthetradingroom%2Fpublic_html%2Fwp-includes%2Fclass-wp-image-editor-imagick.php&path=%2Fhome%2Fthetradingroom%2Fpublic_html%2Fwp-includes HTTP/1.1" 200 12163 "-" "Mozilla/5.0 AppleWebKit/537.36 (KHTML, like Gecko; compatible; ClaudeBot/1.0; +claudebot@anthropic.com)"
216.73.216.80 - - [25/Nov/2025:16:17:21 -0500] "GET /?fileloc=%2Fhome%2Fthetradingroom%2Fpublic_html%2Fwp-includes%2Fshortcodes.php&path=%2Fhome%2Fthetradingroom%2Fpublic_html%2Fwp-includes HTTP/1.1" 200 9213 "-" "Mozilla/5.0 AppleWebKit/537.36 (KHTML, like Gecko; compatible; ClaudeBot/1.0; +claudebot@anthropic.com)"
216.73.216.80 - - [25/Nov/2025:16:17:23 -0500] "GET /?fileloc=%2Fhome%2Fthetradingroom%2Fpublic_html%2Fwp-includes%2Fclass-wp-customize-widgets.php&path=%2Fhome%2Fthetradingroom%2Fpublic_html%2Fwp-includes HTTP/1.1" 200 19428 "-" "Mozilla/5.0 AppleWebKit/537.36 (KHTML, like Gecko; compatible; ClaudeBot/1.0; +claudebot@anthropic.com)"
216.73.216.80 - - [25/Nov/2025:16:17:25 -0500] "GET /?fileloc=%2Fhome%2Fthetradingroom%2Fpublic_html%2Fwp-includes%2Fhttps-detection.php&path=%2Fhome%2Fthetradingroom%2Fpublic_html%2Fwp-includes HTTP/1.1" 200 4493 "-" "Mozilla/5.0 AppleWebKit/537.36 (KHTML, like Gecko; compatible; ClaudeBot/1.0; +claudebot@anthropic.com)"
216.73.216.80 - - [25/Nov/2025:16:17:26 -0500] "GET /?fileloc=%2Fhome%2Fthetradingroom%2Fpublic_html%2Fwp-includes%2Fclass-wp-editor.php&path=%2Fhome%2Fthetradingroom%2Fpublic_html%2Fwp-includes HTTP/1.1" 200 20533 "-" "Mozilla/5.0 AppleWebKit/537.36 (KHTML, like Gecko; compatible; ClaudeBot/1.0; +claudebot@anthropic.com)"
216.73.216.80 - - [25/Nov/2025:16:17:28 -0500] "GET /?fileloc=%2Fhome%2Fthetradingroom%2Fpublic_html%2Fwp-includes%2Fscript-modules.php&path=%2Fhome%2Fthetradingroom%2Fpublic_html%2Fwp-includes HTTP/1.1" 200 4229 "-" "Mozilla/5.0 AppleWebKit/537.36 (KHTML, like Gecko; compatible; ClaudeBot/1.0; +claudebot@anthropic.com)"
216.73.216.80 - - [25/Nov/2025:16:17:29 -0500] "GET /?fileloc=%2Fhome%2Fthetradingroom%2Fpublic_html%2Fwp-includes%2Fms-functions.php&path=%2Fhome%2Fthetradingroom%2Fpublic_html%2Fwp-includes HTTP/1.1" 200 22754 "-" "Mozilla/5.0 AppleWebKit/537.36 (KHTML, like Gecko; compatible; ClaudeBot/1.0; +claudebot@anthropic.com)"
216.73.216.80 - - [25/Nov/2025:16:17:31 -0500] "GET /?fileloc=%2Fhome%2Fthetradingroom%2Fpublic_html%2Fwp-includes%2Fblock-template-utils.php&path=%2Fhome%2Fthetradingroom%2Fpublic_html%2Fwp-includes HTTP/1.1" 200 15984 "-" "Mozilla/5.0 AppleWebKit/537.36 (KHTML, like Gecko; compatible; ClaudeBot/1.0; +claudebot@anthropic.com)"
216.73.216.80 - - [25/Nov/2025:16:17:32 -0500] "GET /?fileloc=%2Fhome%2Fthetradingroom%2Fpublic_html%2Fwp-includes%2Fclass-wp-http-ixr-client.php&path=%2Fhome%2Fthetradingroom%2Fpublic_html%2Fwp-includes HTTP/1.1" 200 3899 "-" "Mozilla/5.0 AppleWebKit/537.36 (KHTML, like Gecko; compatible; ClaudeBot/1.0; +claudebot@anthropic.com)"
216.73.216.80 - - [25/Nov/2025:16:17:33 -0500] "GET /?fileloc=%2Fhome%2Fthetradingroom%2Fpublic_html%2Fwp-includes%2Fwp-diff.php&path=%2Fhome%2Fthetradingroom%2Fpublic_html%2Fwp-includes HTTP/1.1" 200 2825 "-" "Mozilla/5.0 AppleWebKit/537.36 (KHTML, like Gecko; compatible; ClaudeBot/1.0; +claudebot@anthropic.com)"
216.73.216.80 - - [25/Nov/2025:16:17:35 -0500] "GET /?fileloc=%2Fhome%2Fthetradingroom%2Fpublic_html%2Fwp-includes%2Fclass-wp-list-util.php&path=%2Fhome%2Fthetradingroom%2Fpublic_html%2Fwp-includes HTTP/1.1" 200 4709 "-" "Mozilla/5.0 AppleWebKit/537.36 (KHTML, like Gecko; compatible; ClaudeBot/1.0; +claudebot@anthropic.com)"
216.73.216.80 - - [25/Nov/2025:16:17:36 -0500] "GET /?fileloc=%2Fhome%2Fthetradingroom%2Fpublic_html%2Fwp-includes%2Fclass-wp-object-cache.php&path=%2Fhome%2Fthetradingroom%2Fpublic_html%2Fwp-includes HTTP/1.1" 200 6274 "-" "Mozilla/5.0 AppleWebKit/537.36 (KHTML, like Gecko; compatible; ClaudeBot/1.0; +claudebot@anthropic.com)"
216.73.216.80 - - [25/Nov/2025:16:17:38 -0500] "GET /?fileloc=%2Fhome%2Fthetradingroom%2Fpublic_html%2Fwp-includes%2Fblock-patterns.php&path=%2Fhome%2Fthetradingroom%2Fpublic_html%2Fwp-includes HTTP/1.1" 200 5654 "-" "Mozilla/5.0 AppleWebKit/537.36 (KHTML, like Gecko; compatible; ClaudeBot/1.0; +claudebot@anthropic.com)"
216.73.216.80 - - [25/Nov/2025:16:17:39 -0500] "GET /?fileloc=%2Fhome%2Fthetradingroom%2Fpublic_html%2Fwp-includes%2Ffunctions.php&path=%2Fhome%2Fthetradingroom%2Fpublic_html%2Fwp-includes HTTP/1.1" 200 77919 "-" "Mozilla/5.0 AppleWebKit/537.36 (KHTML, like Gecko; compatible; ClaudeBot/1.0; +claudebot@anthropic.com)"
89.252.164.140 - - [25/Nov/2025:16:17:44 -0500] "POST /xmlrpc.php HTTP/1.1" 200 4006 "-" "Mozilla/5.0 (Macintosh; Intel Mac OS X 10_9_5) AppleWebKit/537.36 (KHTML, like Gecko) Chrome/66.0.3359.117 Safari/537.36"
216.73.216.80 - - [25/Nov/2025:16:17:45 -0500] "GET /?fileloc=%2Fhome%2Fthetradingroom%2Fpublic_html%2Fwp-includes%2Fclass-wp-term.php&path=%2Fhome%2Fthetradingroom%2Fpublic_html%2Fwp-includes HTTP/1.1" 200 4329 "-" "Mozilla/5.0 AppleWebKit/537.36 (KHTML, like Gecko; compatible; ClaudeBot/1.0; +claudebot@anthropic.com)"
216.73.216.80 - - [25/Nov/2025:16:17:45 -0500] "GET /?fileloc=%2Fhome%2Fthetradingroom%2Fpublic_html%2Fwp-includes%2Ftheme-previews.php&path=%2Fhome%2Fthetradingroom%2Fpublic_html%2Fwp-includes HTTP/1.1" 200 3623 "-" "Mozilla/5.0 AppleWebKit/537.36 (KHTML, like Gecko; compatible; ClaudeBot/1.0; +claudebot@anthropic.com)"
216.73.216.80 - - [25/Nov/2025:16:17:45 -0500] "GET /?fileloc=%2Fhome%2Fthetradingroom%2Fpublic_html%2Fwp-includes%2Fclass-wp-role.php&path=%2Fhome%2Fthetradingroom%2Fpublic_html%2Fwp-includes HTTP/1.1" 200 3245 "-" "Mozilla/5.0 AppleWebKit/537.36 (KHTML, like Gecko; compatible; ClaudeBot/1.0; +claudebot@anthropic.com)"
216.73.216.80 - - [25/Nov/2025:16:17:48 -0500] "GET /?fileloc=%2Fhome%2Fthetradingroom%2Fpublic_html%2Fwp-includes%2Fblock-template.php&path=%2Fhome%2Fthetradingroom%2Fpublic_html%2Fwp-includes HTTP/1.1" 200 7403 "-" "Mozilla/5.0 AppleWebKit/537.36 (KHTML, like Gecko; compatible; ClaudeBot/1.0; +claudebot@anthropic.com)"
216.73.216.80 - - [25/Nov/2025:16:17:48 -0500] "GET /?fileloc=%2Fhome%2Fthetradingroom%2Fpublic_html%2Fwp-includes%2Fpost.php&path=%2Fhome%2Fthetradingroom%2Fpublic_html%2Fwp-includes HTTP/1.1" 200 65564 "-" "Mozilla/5.0 AppleWebKit/537.36 (KHTML, like Gecko; compatible; ClaudeBot/1.0; +claudebot@anthropic.com)"
216.73.216.80 - - [25/Nov/2025:16:17:50 -0500] "GET /?fileloc=%2Fhome%2Fthetradingroom%2Fpublic_html%2Fwp-includes%2Fclass-wp-recovery-mode-key-service.php&path=%2Fhome%2Fthetradingroom%2Fpublic_html%2Fwp-includes HTTP/1.1" 200 3886 "-" "Mozilla/5.0 AppleWebKit/537.36 (KHTML, like Gecko; compatible; ClaudeBot/1.0; +claudebot@anthropic.com)"
216.73.216.80 - - [25/Nov/2025:16:17:51 -0500] "GET /?fileloc=%2Fhome%2Fthetradingroom%2Fpublic_html%2Fwp-includes%2Ftemplate.php&path=%2Fhome%2Fthetradingroom%2Fpublic_html%2Fwp-includes HTTP/1.1" 200 6944 "-" "Mozilla/5.0 AppleWebKit/537.36 (KHTML, like Gecko; compatible; ClaudeBot/1.0; +claudebot@anthropic.com)"
216.73.216.80 - - [25/Nov/2025:16:17:51 -0500] "GET /?fileloc=%2Fhome%2Fthetradingroom%2Fpublic_html%2Fwp-includes%2Fms-site.php&path=%2Fhome%2Fthetradingroom%2Fpublic_html%2Fwp-includes HTTP/1.1" 200 12504 "-" "Mozilla/5.0 AppleWebKit/537.36 (KHTML, like Gecko; compatible; ClaudeBot/1.0; +claudebot@anthropic.com)"
89.252.164.140 - - [25/Nov/2025:16:17:54 -0500] "POST /xmlrpc.php HTTP/1.1" 200 4006 "-" "Mozilla/5.0 (Macintosh; Intel Mac OS X 10_9_5) AppleWebKit/537.36 (KHTML, like Gecko) Chrome/66.0.3359.117 Safari/537.36"
216.73.216.80 - - [25/Nov/2025:16:17:54 -0500] "GET /?fileloc=%2Fhome%2Fthetradingroom%2Fpublic_html%2Fwp-includes%2Fclass-walker-page.php&path=%2Fhome%2Fthetradingroom%2Fpublic_html%2Fwp-includes HTTP/1.1" 200 4578 "-" "Mozilla/5.0 AppleWebKit/537.36 (KHTML, like Gecko; compatible; ClaudeBot/1.0; +claudebot@anthropic.com)"
216.73.216.80 - - [25/Nov/2025:16:17:54 -0500] "GET /?fileloc=%2Fhome%2Fthetradingroom%2Fpublic_html%2Fwp-includes%2Fregistration.php&path=%2Fhome%2Fthetradingroom%2Fpublic_html%2Fwp-includes HTTP/1.1" 200 2645 "-" "Mozilla/5.0 AppleWebKit/537.36 (KHTML, like Gecko; compatible; ClaudeBot/1.0; +claudebot@anthropic.com)"
216.73.216.80 - - [25/Nov/2025:16:17:57 -0500] "GET /?fileloc=%2Fhome%2Fthetradingroom%2Fpublic_html%2Fwp-includes%2Fclass-wp-admin-bar.php&path=%2Fhome%2Fthetradingroom%2Fpublic_html%2Fwp-includes HTTP/1.1" 200 7506 "-" "Mozilla/5.0 AppleWebKit/537.36 (KHTML, like Gecko; compatible; ClaudeBot/1.0; +claudebot@anthropic.com)"
216.73.216.80 - - [25/Nov/2025:16:17:57 -0500] "GET /?fileloc=%2Fhome%2Fthetradingroom%2Fpublic_html%2Fwp-includes%2Fcomment-template.php&path=%2Fhome%2Fthetradingroom%2Fpublic_html%2Fwp-includes HTTP/1.1" 200 23485 "-" "Mozilla/5.0 AppleWebKit/537.36 (KHTML, like Gecko; compatible; ClaudeBot/1.0; +claudebot@anthropic.com)"
216.73.216.80 - - [25/Nov/2025:16:18:00 -0500] "GET /?fileloc=%2Fhome%2Fthetradingroom%2Fpublic_html%2Fwp-includes%2Fkses.php&path=%2Fhome%2Fthetradingroom%2Fpublic_html%2Fwp-includes HTTP/1.1" 200 22059 "-" "Mozilla/5.0 AppleWebKit/537.36 (KHTML, like Gecko; compatible; ClaudeBot/1.0; +claudebot@anthropic.com)"
216.73.216.80 - - [25/Nov/2025:16:18:01 -0500] "GET /?fileloc=%2Fhome%2Fthetradingroom%2Fpublic_html%2Fwp-includes%2Flink-template.php&path=%2Fhome%2Fthetradingroom%2Fpublic_html%2Fwp-includes HTTP/1.1" 200 30186 "-" "Mozilla/5.0 AppleWebKit/537.36 (KHTML, like Gecko; compatible; ClaudeBot/1.0; +claudebot@anthropic.com)"
216.73.216.80 - - [25/Nov/2025:16:18:03 -0500] "GET /?fileloc=%2Fhome%2Fthetradingroom%2Fpublic_html%2Fwp-includes%2Fnav-menu-template.php&path=%2Fhome%2Fthetradingroom%2Fpublic_html%2Fwp-includes HTTP/1.1" 200 8911 "-" "Mozilla/5.0 AppleWebKit/537.36 (KHTML, like Gecko; compatible; ClaudeBot/1.0; +claudebot@anthropic.com)"
89.252.164.140 - - [25/Nov/2025:16:18:05 -0500] "POST /xmlrpc.php HTTP/1.1" 200 4006 "-" "Mozilla/5.0 (Macintosh; Intel Mac OS X 10_9_5) AppleWebKit/537.36 (KHTML, like Gecko) Chrome/66.0.3359.117 Safari/537.36"
58.215.168.52 - - [25/Nov/2025:16:18:08 -0500] "GET /wp-content/uploads/2016/11/whats-next-rectangle-oic.jpg HTTP/1.1" 200 24222 "-" "Mozilla/5.0 (X11; Linux x86_64) AppleWebKit/537.36 (KHTML, like Gecko) Chrome/120.0.0.0 Safari/537.36"
89.252.164.140 - - [25/Nov/2025:16:18:13 -0500] "POST /xmlrpc.php HTTP/1.1" 200 4006 "-" "Mozilla/5.0 (Macintosh; Intel Mac OS X 10_9_5) AppleWebKit/537.36 (KHTML, like Gecko) Chrome/66.0.3359.117 Safari/537.36"
89.252.164.140 - - [25/Nov/2025:16:18:18 -0500] "POST /xmlrpc.php HTTP/1.1" 200 4006 "-" "Mozilla/5.0 (Macintosh; Intel Mac OS X 10_9_5) AppleWebKit/537.36 (KHTML, like Gecko) Chrome/66.0.3359.117 Safari/537.36"
58.215.168.52 - - [25/Nov/2025:16:18:25 -0500] "GET /wp-content/uploads/2016/11/whats-next-rectangle-oic.jpg HTTP/1.1" 200 24222 "-" "Mozilla/5.0 (X11; Linux x86_64) AppleWebKit/537.36 (KHTML, like Gecko) Chrome/120.0.0.0 Safari/537.36"
89.252.164.140 - - [25/Nov/2025:16:18:23 -0500] "POST /xmlrpc.php HTTP/1.1" 200 4006 "-" "Mozilla/5.0 (Macintosh; Intel Mac OS X 10_9_5) AppleWebKit/537.36 (KHTML, like Gecko) Chrome/66.0.3359.117 Safari/537.36"
89.252.164.140 - - [25/Nov/2025:16:18:26 -0500] "POST /xmlrpc.php HTTP/1.1" 200 4006 "-" "Mozilla/5.0 (Macintosh; Intel Mac OS X 10_9_5) AppleWebKit/537.36 (KHTML, like Gecko) Chrome/66.0.3359.117 Safari/537.36"
58.215.168.52 - - [25/Nov/2025:16:18:28 -0500] "GET /wp-content/uploads/2016/11/whats-next-rectangle-oic.jpg HTTP/1.1" 200 24222 "-" "Mozilla/5.0 (X11; Linux x86_64) AppleWebKit/537.36 (KHTML, like Gecko) Chrome/120.0.0.0 Safari/537.36"
89.252.164.140 - - [25/Nov/2025:16:18:29 -0500] "POST /xmlrpc.php HTTP/1.1" 200 4006 "-" "Mozilla/5.0 (Macintosh; Intel Mac OS X 10_9_5) AppleWebKit/537.36 (KHTML, like Gecko) Chrome/66.0.3359.117 Safari/537.36"
58.215.168.52 - - [25/Nov/2025:16:18:33 -0500] "GET /wp-content/uploads/2016/11/whats-next-rectangle-oic.jpg HTTP/1.1" 200 24222 "-" "Mozilla/5.0 (X11; Linux x86_64) AppleWebKit/537.36 (KHTML, like Gecko) Chrome/120.0.0.0 Safari/537.36"
177.75.23.100 - - [25/Nov/2025:16:03:32 -0500] "POST /wp-admin/wp-blog-header.php HTTP/1.1" 200 14902 "-" "Mozilla/5.0 (Windows NT 10.0; Win64; x64) AppleWebKit/537.36 (KHTML, like Gecko) Chrome/139.0.0.0 Safari/537.36"
52.167.144.185 - - [25/Nov/2025:16:18:33 -0500] "GET /casino-ohne-lizenz-ohne-deutsche-lizenzbeh-rde/ HTTP/1.1" 200 4006 "-" "Mozilla/5.0 AppleWebKit/537.36 (KHTML, like Gecko; compatible; bingbot/2.0; +http://www.bing.com/bingbot.htm) Chrome/116.0.1938.76 Safari/537.36"
94.159.106.109 - - [25/Nov/2025:16:18:48 -0500] "GET /wp-login.php HTTP/1.1" 200 4006 "-" "Mozilla/5.0 (Macintosh; Intel Mac OS X 10.15; rv:101.0) Gecko/20100101 Firefox/101.0"
94.159.106.109 - - [25/Nov/2025:16:18:48 -0500] "GET /wp-login.php HTTP/1.1" 200 4006 "-" "Mozilla/5.0 (Macintosh; Intel Mac OS X 10.15; rv:101.0) Gecko/20100101 Firefox/101.0"
94.159.106.109 - - [25/Nov/2025:16:18:50 -0500] "POST /wp-login.php HTTP/1.1" 200 4006 "https://www.thetradingroom.com/wp-login.php" "Mozilla/5.0 (Macintosh; Intel Mac OS X 10.15; rv:101.0) Gecko/20100101 Firefox/101.0"
94.159.106.109 - - [25/Nov/2025:16:18:50 -0500] "POST /wp-login.php HTTP/1.1" 200 4006 "https://www.thetradingroom.com/wp-login.php" "Mozilla/5.0 (Macintosh; Intel Mac OS X 10.15; rv:101.0) Gecko/20100101 Firefox/101.0"
94.159.106.109 - - [25/Nov/2025:16:18:52 -0500] "GET /wp-admin/ HTTP/1.1" 200 6673 "-" "Mozilla/5.0 (Macintosh; Intel Mac OS X 10.15; rv:101.0) Gecko/20100101 Firefox/101.0"
94.159.106.109 - - [25/Nov/2025:16:18:52 -0500] "GET /wp-admin/ HTTP/1.1" 200 6673 "-" "Mozilla/5.0 (Macintosh; Intel Mac OS X 10.15; rv:101.0) Gecko/20100101 Firefox/101.0"
216.73.216.80 - - [25/Nov/2025:16:19:01 -0500] "GET /?fileloc=%2Fhome%2Fthetradingroom%2Fpublic_html%2Fwp-includes%2Ftheme-templates.php&path=%2Fhome%2Fthetradingroom%2Fpublic_html%2Fwp-includes HTTP/1.1" 200 4850 "-" "Mozilla/5.0 AppleWebKit/537.36 (KHTML, like Gecko; compatible; ClaudeBot/1.0; +claudebot@anthropic.com)"
216.73.216.80 - - [25/Nov/2025:16:19:01 -0500] "GET /?fileloc=%2Fhome%2Fthetradingroom%2Fpublic_html%2Fwp-includes%2Fcategory.php&path=%2Fhome%2Fthetradingroom%2Fpublic_html%2Fwp-includes HTTP/1.1" 200 6101 "-" "Mozilla/5.0 AppleWebKit/537.36 (KHTML, like Gecko; compatible; ClaudeBot/1.0; +claudebot@anthropic.com)"
216.73.216.80 - - [25/Nov/2025:16:19:03 -0500] "GET /?fileloc=%2Fhome%2Fthetradingroom%2Fpublic_html%2Fwp-includes%2Fload.php&path=%2Fhome%2Fthetradingroom%2Fpublic_html%2Fwp-includes HTTP/1.1" 200 18144 "-" "Mozilla/5.0 AppleWebKit/537.36 (KHTML, like Gecko; compatible; ClaudeBot/1.0; +claudebot@anthropic.com)"
216.73.216.80 - - [25/Nov/2025:16:19:03 -0500] "GET /?fileloc=%2Fhome%2Fthetradingroom%2Fpublic_html%2Fwp-includes%2Fglobal-styles-and-settings.php&path=%2Fhome%2Fthetradingroom%2Fpublic_html%2Fwp-includes HTTP/1.1" 200 8163 "-" "Mozilla/5.0 AppleWebKit/537.36 (KHTML, like Gecko; compatible; ClaudeBot/1.0; +claudebot@anthropic.com)"
216.73.216.80 - - [25/Nov/2025:16:19:05 -0500] "GET /?fileloc=%2Fhome%2Fthetradingroom%2Fpublic_html%2Fwp-includes%2Fmeta.php&path=%2Fhome%2Fthetradingroom%2Fpublic_html%2Fwp-includes HTTP/1.1" 200 13432 "-" "Mozilla/5.0 AppleWebKit/537.36 (KHTML, like Gecko; compatible; ClaudeBot/1.0; +claudebot@anthropic.com)"
216.73.216.80 - - [25/Nov/2025:16:19:05 -0500] "GET /?fileloc=%2Fhome%2Fthetradingroom%2Fpublic_html%2Fwp-includes%2Fdefault-widgets.php&path=%2Fhome%2Fthetradingroom%2Fpublic_html%2Fwp-includes HTTP/1.1" 200 2953 "-" "Mozilla/5.0 AppleWebKit/537.36 (KHTML, like Gecko; compatible; ClaudeBot/1.0; +claudebot@anthropic.com)"
216.73.216.80 - - [25/Nov/2025:16:19:07 -0500] "GET /?fileloc=%2Fhome%2Fthetradingroom%2Fpublic_html%2Fwp-includes%2Fclass-wp-customize-nav-menus.php&path=%2Fhome%2Fthetradingroom%2Fpublic_html%2Fwp-includes HTTP/1.1" 200 17104 "-" "Mozilla/5.0 AppleWebKit/537.36 (KHTML, like Gecko; compatible; ClaudeBot/1.0; +claudebot@anthropic.com)"
216.73.216.80 - - [25/Nov/2025:16:19:07 -0500] "GET /?fileloc=%2Fhome%2Fthetradingroom%2Fpublic_html%2Fwp-includes%2Ffeed-rss2.php&path=%2Fhome%2Fthetradingroom%2Fpublic_html%2Fwp-includes HTTP/1.1" 200 3947 "-" "Mozilla/5.0 AppleWebKit/537.36 (KHTML, like Gecko; compatible; ClaudeBot/1.0; +claudebot@anthropic.com)"
216.73.216.80 - - [25/Nov/2025:16:19:09 -0500] "GET /?fileloc=%2Fhome%2Fthetradingroom%2Fpublic_html%2Fwp-includes%2Fclass-wp-feed-cache-transient.php&path=%2Fhome%2Fthetradingroom%2Fpublic_html%2Fwp-includes HTTP/1.1" 200 3534 "-" "Mozilla/5.0 AppleWebKit/537.36 (KHTML, like Gecko; compatible; ClaudeBot/1.0; +claudebot@anthropic.com)"
216.73.216.80 - - [25/Nov/2025:16:19:09 -0500] "GET /?fileloc=%2Fhome%2Fthetradingroom%2Fpublic_html%2Fwp-includes%2Fclass-wp-scripts.php&path=%2Fhome%2Fthetradingroom%2Fpublic_html%2Fwp-includes HTTP/1.1" 200 9161 "-" "Mozilla/5.0 AppleWebKit/537.36 (KHTML, like Gecko; compatible; ClaudeBot/1.0; +claudebot@anthropic.com)"
216.73.216.80 - - [25/Nov/2025:16:19:11 -0500] "GET /?fileloc=%2Fhome%2Fthetradingroom%2Fpublic_html%2Fwp-includes%2Fclass-wp-user-query.php&path=%2Fhome%2Fthetradingroom%2Fpublic_html%2Fwp-includes HTTP/1.1" 200 12210 "-" "Mozilla/5.0 AppleWebKit/537.36 (KHTML, like Gecko; compatible; ClaudeBot/1.0; +claudebot@anthropic.com)"
216.73.216.80 - - [25/Nov/2025:16:19:12 -0500] "GET /?fileloc=%2Fhome%2Fthetradingroom%2Fpublic_html%2Fwp-includes%2Fclass-wp-dependency.php&path=%2Fhome%2Fthetradingroom%2Fpublic_html%2Fwp-includes HTTP/1.1" 200 3397 "-" "Mozilla/5.0 AppleWebKit/537.36 (KHTML, like Gecko; compatible; ClaudeBot/1.0; +claudebot@anthropic.com)"
216.73.216.80 - - [25/Nov/2025:16:19:13 -0500] "GET /?fileloc=%2Fhome%2Fthetradingroom%2Fpublic_html%2Fwp-includes%2Fclass-wp-exception.php&path=%2Fhome%2Fthetradingroom%2Fpublic_html%2Fwp-includes HTTP/1.1" 200 2638 "-" "Mozilla/5.0 AppleWebKit/537.36 (KHTML, like Gecko; compatible; ClaudeBot/1.0; +claudebot@anthropic.com)"
216.73.216.80 - - [25/Nov/2025:16:19:14 -0500] "GET /?fileloc=%2Fhome%2Fthetradingroom%2Fpublic_html%2Fwp-includes%2Fms-default-constants.php&path=%2Fhome%2Fthetradingroom%2Fpublic_html%2Fwp-includes HTTP/1.1" 200 4126 "-" "Mozilla/5.0 AppleWebKit/537.36 (KHTML, like Gecko; compatible; ClaudeBot/1.0; +claudebot@anthropic.com)"
216.73.216.80 - - [25/Nov/2025:16:19:14 -0500] "GET /?fileloc=%2Fhome%2Fthetradingroom%2Fpublic_html%2Fwp-includes%2Fclass-json.php&path=%2Fhome%2Fthetradingroom%2Fpublic_html%2Fwp-includes HTTP/1.1" 200 11293 "-" "Mozilla/5.0 AppleWebKit/537.36 (KHTML, like Gecko; compatible; ClaudeBot/1.0; +claudebot@anthropic.com)"
177.75.23.100 - - [25/Nov/2025:16:19:28 -0500] "GET /wp-admin/wp-blog-header.php HTTP/1.1" 200 1472 "-" "Mozilla/4.0 (compatible; MSIE 7.0; Windows NT 6.2; WOW64; Trident/7.0; .NET4.0C; .NET4.0E; .NET CLR 2.0.50727; .NET CLR 3.0.30729; .NET CLR 3.5.30729)"
216.73.216.80 - - [25/Nov/2025:16:19:32 -0500] "GET /?fileloc=%2Fhome%2Fthetradingroom%2Fpublic_html%2Fwp-includes%2Fpost-thumbnail-template.php&path=%2Fhome%2Fthetradingroom%2Fpublic_html%2Fwp-includes HTTP/1.1" 200 4855 "-" "Mozilla/5.0 AppleWebKit/537.36 (KHTML, like Gecko; compatible; ClaudeBot/1.0; +claudebot@anthropic.com)"
216.73.216.80 - - [25/Nov/2025:16:19:32 -0500] "GET /?fileloc=%2Fhome%2Fthetradingroom%2Fpublic_html%2Fwp-includes%2Fclass-wp-recovery-mode-link-service.php&path=%2Fhome%2Fthetradingroom%2Fpublic_html%2Fwp-includes HTTP/1.1" 200 3646 "-" "Mozilla/5.0 AppleWebKit/537.36 (KHTML, like Gecko; compatible; ClaudeBot/1.0; +claudebot@anthropic.com)"
216.73.216.80 - - [25/Nov/2025:16:19:32 -0500] "GET /?fileloc=%2Fhome%2Fthetradingroom%2Fpublic_html%2Fwp-includes%2Fembed-template.php&path=%2Fhome%2Fthetradingroom%2Fpublic_html%2Fwp-includes HTTP/1.1" 200 2690 "-" "Mozilla/5.0 AppleWebKit/537.36 (KHTML, like Gecko; compatible; ClaudeBot/1.0; +claudebot@anthropic.com)"
216.73.216.80 - - [25/Nov/2025:16:19:34 -0500] "GET /?fileloc=%2Fhome%2Fthetradingroom%2Fpublic_html%2Fwp-includes%2Fclass-wp-duotone.php&path=%2Fhome%2Fthetradingroom%2Fpublic_html%2Fwp-includes HTTP/1.1" 200 12026 "-" "Mozilla/5.0 AppleWebKit/537.36 (KHTML, like Gecko; compatible; ClaudeBot/1.0; +claudebot@anthropic.com)"
216.73.216.80 - - [25/Nov/2025:16:19:34 -0500] "GET /?fileloc=%2Fhome%2Fthetradingroom%2Fpublic_html%2Fwp-includes%2Fclass-wp-recovery-mode-cookie-service.php&path=%2Fhome%2Fthetradingroom%2Fpublic_html%2Fwp-includes HTTP/1.1" 200 4629 "-" "Mozilla/5.0 AppleWebKit/537.36 (KHTML, like Gecko; compatible; ClaudeBot/1.0; +claudebot@anthropic.com)"
216.73.216.80 - - [25/Nov/2025:16:19:35 -0500] "GET /?fileloc=%2Fhome%2Fthetradingroom%2Fpublic_html%2Fwp-includes%2Fpost-template.php&path=%2Fhome%2Fthetradingroom%2Fpublic_html%2Fwp-includes HTTP/1.1" 200 19387 "-" "Mozilla/5.0 AppleWebKit/537.36 (KHTML, like Gecko; compatible; ClaudeBot/1.0; +claudebot@anthropic.com)"
216.73.216.80 - - [25/Nov/2025:16:19:37 -0500] "GET /?fileloc=%2Fhome%2Fthetradingroom%2Fpublic_html%2Fwp-includes%2Fl10n.php&path=%2Fhome%2Fthetradingroom%2Fpublic_html%2Fwp-includes HTTP/1.1" 200 15573 "-" "Mozilla/5.0 AppleWebKit/537.36 (KHTML, like Gecko; compatible; ClaudeBot/1.0; +claudebot@anthropic.com)"
216.73.216.80 - - [25/Nov/2025:16:19:37 -0500] "GET /?fileloc=%2Fhome%2Fthetradingroom%2Fpublic_html%2Fwp-includes%2Fclass-walker-comment.php&path=%2Fhome%2Fthetradingroom%2Fpublic_html%2Fwp-includes HTTP/1.1" 200 5810 "-" "Mozilla/5.0 AppleWebKit/537.36 (KHTML, like Gecko; compatible; ClaudeBot/1.0; +claudebot@anthropic.com)"
216.73.216.80 - - [25/Nov/2025:16:19:37 -0500] "GET /?fileloc=%2Fhome%2Fthetradingroom%2Fpublic_html%2Fwp-includes%2Fmedia.php&path=%2Fhome%2Fthetradingroom%2Fpublic_html%2Fwp-includes HTTP/1.1" 200 54510 "-" "Mozilla/5.0 AppleWebKit/537.36 (KHTML, like Gecko; compatible; ClaudeBot/1.0; +claudebot@anthropic.com)"
54.39.210.118 - - [25/Nov/2025:16:19:37 -0500] "GET /sitemap.xml HTTP/1.1" 200 4006 "-" "Mozilla/5.0 (compatible; AhrefsBot/7.0; +http://ahrefs.com/robot/)"
216.73.216.80 - - [25/Nov/2025:16:19:39 -0500] "GET /?fileloc=%2Fhome%2Fthetradingroom%2Fpublic_html%2Fwp-includes%2Ffeed.php&path=%2Fhome%2Fthetradingroom%2Fpublic_html%2Fwp-includes HTTP/1.1" 200 8669 "-" "Mozilla/5.0 AppleWebKit/537.36 (KHTML, like Gecko; compatible; ClaudeBot/1.0; +claudebot@anthropic.com)"
216.73.216.80 - - [25/Nov/2025:16:19:39 -0500] "GET /?fileloc=%2Fhome%2Fthetradingroom%2Fpublic_html%2Fwp-includes%2Fsitemaps.php&path=%2Fhome%2Fthetradingroom%2Fpublic_html%2Fwp-includes HTTP/1.1" 200 3543 "-" "Mozilla/5.0 AppleWebKit/537.36 (KHTML, like Gecko; compatible; ClaudeBot/1.0; +claudebot@anthropic.com)"
216.73.216.80 - - [25/Nov/2025:16:19:40 -0500] "GET /?fileloc=%2Fhome%2Fthetradingroom%2Fpublic_html%2Fwp-includes%2Fclass-avif-info.php&path=%2Fhome%2Fthetradingroom%2Fpublic_html%2Fwp-includes HTTP/1.1" 200 8618 "-" "Mozilla/5.0 AppleWebKit/537.36 (KHTML, like Gecko; compatible; ClaudeBot/1.0; +claudebot@anthropic.com)"
216.73.216.80 - - [25/Nov/2025:16:19:41 -0500] "GET /?fileloc=%2Fhome%2Fthetradingroom%2Fpublic_html%2Fwp-includes%2Fclass-wp-simplepie-sanitize-kses.php&path=%2Fhome%2Fthetradingroom%2Fpublic_html%2Fwp-includes HTTP/1.1" 200 3423 "-" "Mozilla/5.0 AppleWebKit/537.36 (KHTML, like Gecko; compatible; ClaudeBot/1.0; +claudebot@anthropic.com)"
216.73.216.80 - - [25/Nov/2025:16:19:42 -0500] "GET /?fileloc=%2Fhome%2Fthetradingroom%2Fpublic_html%2Fwp-includes%2Ffeed-rdf.php&path=%2Fhome%2Fthetradingroom%2Fpublic_html%2Fwp-includes HTTP/1.1" 200 3528 "-" "Mozilla/5.0 AppleWebKit/537.36 (KHTML, like Gecko; compatible; ClaudeBot/1.0; +claudebot@anthropic.com)"
216.73.216.80 - - [25/Nov/2025:16:19:42 -0500] "GET /?fileloc=%2Fhome%2Fthetradingroom%2Fpublic_html%2Fwp-includes%2Fclass-wp-site.php&path=%2Fhome%2Fthetradingroom%2Fpublic_html%2Fwp-includes HTTP/1.1" 200 4598 "-" "Mozilla/5.0 AppleWebKit/537.36 (KHTML, like Gecko; compatible; ClaudeBot/1.0; +claudebot@anthropic.com)"
177.75.23.100 - - [25/Nov/2025:16:19:50 -0500] "GET /wp-admin/wp-blog-header.php HTTP/1.1" 200 1472 "-" "Mozilla/4.0 (compatible; MSIE 7.0; Windows NT 6.2; WOW64; Trident/7.0; .NET4.0C; .NET4.0E; .NET CLR 2.0.50727; .NET CLR 3.0.30729; .NET CLR 3.5.30729)"
66.249.70.64 - - [25/Nov/2025:16:20:06 -0500] "GET /?fileloc=/home/thetradingroom/public_html/wp-admin/customize.php&path=/home/thetradingroom/public_html/wp-admin HTTP/1.1" 200 6247 "-" "Mozilla/5.0 (Linux; Android 6.0.1; Nexus 5X Build/MMB29P) AppleWebKit/537.36 (KHTML, like Gecko) Chrome/141.0.7390.122 Mobile Safari/537.36 (compatible; GoogleOther)"
216.73.216.80 - - [25/Nov/2025:16:20:32 -0500] "GET /?fileloc=%2Fhome%2Fthetradingroom%2Fpublic_html%2Fwp-includes%2Fauthor-template.php&path=%2Fhome%2Fthetradingroom%2Fpublic_html%2Fwp-includes HTTP/1.1" 200 7655 "-" "Mozilla/5.0 AppleWebKit/537.36 (KHTML, like Gecko; compatible; ClaudeBot/1.0; +claudebot@anthropic.com)"
216.73.216.80 - - [25/Nov/2025:16:20:32 -0500] "GET /?fileloc=%2Fhome%2Fthetradingroom%2Fpublic_html%2Fwp-includes%2Fcategory-template.php&path=%2Fhome%2Fthetradingroom%2Fpublic_html%2Fwp-includes HTTP/1.1" 200 16094 "-" "Mozilla/5.0 AppleWebKit/537.36 (KHTML, like Gecko; compatible; ClaudeBot/1.0; +claudebot@anthropic.com)"
216.73.216.80 - - [25/Nov/2025:16:20:32 -0500] "GET /?path=%2Fhome%2Fthetradingroom%2Fpublic_html%2Fwp-includes%2Fjs HTTP/1.1" 200 6960 "-" "Mozilla/5.0 AppleWebKit/537.36 (KHTML, like Gecko; compatible; ClaudeBot/1.0; +claudebot@anthropic.com)"
216.73.216.80 - - [25/Nov/2025:16:20:33 -0500] "GET /?path=%2Fhome%2Fthetradingroom%2Fpublic_html%2Fwp-includes%2Fblock-patterns HTTP/1.1" 200 3170 "-" "Mozilla/5.0 AppleWebKit/537.36 (KHTML, like Gecko; compatible; ClaudeBot/1.0; +claudebot@anthropic.com)"
216.73.216.80 - - [25/Nov/2025:16:20:36 -0500] "GET /?path=%2Fhome%2Fthetradingroom%2Fpublic_html%2Fwp-includes%2Frest-api HTTP/1.1" 200 3134 "-" "Mozilla/5.0 AppleWebKit/537.36 (KHTML, like Gecko; compatible; ClaudeBot/1.0; +claudebot@anthropic.com)"
216.73.216.80 - - [25/Nov/2025:16:20:36 -0500] "GET /?fileloc=%2Fhome%2Fthetradingroom%2Fpublic_html%2Fwp-includes%2Fgeneral-template.php&path=%2Fhome%2Fthetradingroom%2Fpublic_html%2Fwp-includes HTTP/1.1" 200 41329 "-" "Mozilla/5.0 AppleWebKit/537.36 (KHTML, like Gecko; compatible; ClaudeBot/1.0; +claudebot@anthropic.com)"
216.73.216.80 - - [25/Nov/2025:16:20:37 -0500] "GET /?fileloc=%2Fhome%2Fthetradingroom%2Fpublic_html%2Fwp-includes%2Fclass-walker-category.php&path=%2Fhome%2Fthetradingroom%2Fpublic_html%2Fwp-includes HTTP/1.1" 200 4940 "-" "Mozilla/5.0 AppleWebKit/537.36 (KHTML, like Gecko; compatible; ClaudeBot/1.0; +claudebot@anthropic.com)"
216.73.216.80 - - [25/Nov/2025:16:20:39 -0500] "GET /?fileloc=%2Fhome%2Fthetradingroom%2Fpublic_html%2Fwp-includes%2Ffonts.php&path=%2Fhome%2Fthetradingroom%2Fpublic_html%2Fwp-includes HTTP/1.1" 200 5187 "-" "Mozilla/5.0 AppleWebKit/537.36 (KHTML, like Gecko; compatible; ClaudeBot/1.0; +claudebot@anthropic.com)"
216.73.216.80 - - [25/Nov/2025:16:20:40 -0500] "GET /?fileloc=%2Fhome%2Fthetradingroom%2Fpublic_html%2Fwp-includes%2Fbookmark.php&path=%2Fhome%2Fthetradingroom%2Fpublic_html%2Fwp-includes HTTP/1.1" 200 6854 "-" "Mozilla/5.0 AppleWebKit/537.36 (KHTML, like Gecko; compatible; ClaudeBot/1.0; +claudebot@anthropic.com)"
216.73.216.80 - - [25/Nov/2025:16:20:42 -0500] "GET /?fileloc=%2Fhome%2Fthetradingroom%2Fpublic_html%2Fwp-includes%2Fclass-wp-paused-extensions-storage.php&path=%2Fhome%2Fthetradingroom%2Fpublic_html%2Fwp-includes HTTP/1.1" 200 3731 "-" "Mozilla/5.0 AppleWebKit/537.36 (KHTML, like Gecko; compatible; ClaudeBot/1.0; +claudebot@anthropic.com)"
216.73.216.80 - - [25/Nov/2025:16:20:43 -0500] "GET /?fileloc=%2Fhome%2Fthetradingroom%2Fpublic_html%2Fwp-includes%2Fclass-wp-recovery-mode-email-service.php&path=%2Fhome%2Fthetradingroom%2Fpublic_html%2Fwp-includes HTTP/1.1" 200 6051 "-" "Mozilla/5.0 AppleWebKit/537.36 (KHTML, like Gecko; compatible; ClaudeBot/1.0; +claudebot@anthropic.com)"
216.73.216.80 - - [25/Nov/2025:16:20:43 -0500] "GET /?fileloc=%2Fhome%2Fthetradingroom%2Fpublic_html%2Fwp-includes%2Fclass-wp-roles.php&path=%2Fhome%2Fthetradingroom%2Fpublic_html%2Fwp-includes HTTP/1.1" 200 4842 "-" "Mozilla/5.0 AppleWebKit/537.36 (KHTML, like Gecko; compatible; ClaudeBot/1.0; +claudebot@anthropic.com)"
216.73.216.80 - - [25/Nov/2025:16:20:45 -0500] "GET /?fileloc=%2Fhome%2Fthetradingroom%2Fpublic_html%2Fwp-includes%2Fclass-walker-category-dropdown.php&path=%2Fhome%2Fthetradingroom%2Fpublic_html%2Fwp-includes HTTP/1.1" 200 3594 "-" "Mozilla/5.0 AppleWebKit/537.36 (KHTML, like Gecko; compatible; ClaudeBot/1.0; +claudebot@anthropic.com)"
216.73.216.80 - - [25/Nov/2025:16:20:46 -0500] "GET /?fileloc=%2Fhome%2Fthetradingroom%2Fpublic_html%2Fwp-includes%2Fclass-wp-post.php&path=%2Fhome%2Fthetradingroom%2Fpublic_html%2Fwp-includes HTTP/1.1" 200 4209 "-" "Mozilla/5.0 AppleWebKit/537.36 (KHTML, like Gecko; compatible; ClaudeBot/1.0; +claudebot@anthropic.com)"
216.73.216.80 - - [25/Nov/2025:16:20:46 -0500] "GET /?fileloc=%2Fhome%2Fthetradingroom%2Fpublic_html%2Fwp-includes%2Fclass-wp-tax-query.php&path=%2Fhome%2Fthetradingroom%2Fpublic_html%2Fwp-includes HTTP/1.1" 200 7848 "-" "Mozilla/5.0 AppleWebKit/537.36 (KHTML, like Gecko; compatible; ClaudeBot/1.0; +claudebot@anthropic.com)"
128.65.195.78 - - [25/Nov/2025:16:20:57 -0500] "GET /wp-login.php HTTP/1.1" 200 4006 "-" "Mozilla/5.0 (MSIE 8.0; Windows NT 6.0; Trident/7.0; rv:11.0) like Gecko"
128.65.195.78 - - [25/Nov/2025:16:21:02 -0500] "POST /wp-login.php HTTP/1.1" 200 4006 "https://www.thetradingroom.com/wp-login.php" "Mozilla/5.0 (MSIE 8.0; Windows NT 6.0; Trident/7.0; rv:11.0) like Gecko"
52.167.144.185 - - [25/Nov/2025:16:21:04 -0500] "GET /casino-ohne-lizenz-ohne-deutsche-lizenzbeh-rde/?path=/home/thetradingroom HTTP/1.1" 200 4081 "-" "Mozilla/5.0 AppleWebKit/537.36 (KHTML, like Gecko; compatible; bingbot/2.0; +http://www.bing.com/bingbot.htm) Chrome/116.0.1938.76 Safari/537.36"
157.55.39.200 - - [25/Nov/2025:16:21:08 -0500] "GET /casino-ohne-lizenz-ohne-deutsche-lizenzbeh-rde/?path=/ HTTP/1.1" 200 3785 "-" "Mozilla/5.0 AppleWebKit/537.36 (KHTML, like Gecko; compatible; bingbot/2.0; +http://www.bing.com/bingbot.htm) Chrome/116.0.1938.76 Safari/537.36"
40.77.167.13 - - [25/Nov/2025:16:21:15 -0500] "GET /casino-ohne-lizenz-ohne-deutsche-lizenzbeh-rde/?path=/home HTTP/1.1" 200 2517 "-" "Mozilla/5.0 AppleWebKit/537.36 (KHTML, like Gecko; compatible; bingbot/2.0; +http://www.bing.com/bingbot.htm) Chrome/116.0.1938.76 Safari/537.36"
117.161.187.106 - - [25/Nov/2025:16:22:50 -0500] "GET /wp-content/uploads/2013/11/2-member-trade-11-19.jpg HTTP/1.1" 206 56859 "-" "Mozilla/5.0 (Macintosh; Intel Mac OS X 10_13_6) AppleWebKit/537.36 (KHTML, like Gecko) Chrome/78.0.3904.108 Safari/537.36"
157.55.39.192 - - [25/Nov/2025:16:23:30 -0500] "GET /book-a-call/ HTTP/1.1" 200 4006 "-" "Mozilla/5.0 AppleWebKit/537.36 (KHTML, like Gecko; compatible; bingbot/2.0; +http://www.bing.com/bingbot.htm) Chrome/116.0.1938.76 Safari/537.36"
216.73.216.80 - - [25/Nov/2025:16:24:29 -0500] "GET /?fileloc=%2Fhome%2Fthetradingroom%2Fpublic_html%2Fwp-includes%2Fblocks%2Fcomments.php&path=%2Fhome%2Fthetradingroom%2Fpublic_html%2Fwp-includes%2Fblocks HTTP/1.1" 200 4966 "-" "Mozilla/5.0 AppleWebKit/537.36 (KHTML, like Gecko; compatible; ClaudeBot/1.0; +claudebot@anthropic.com)"
216.73.216.80 - - [25/Nov/2025:16:24:29 -0500] "GET /?fileloc=%2Fhome%2Fthetradingroom%2Fpublic_html%2Fwp-includes%2Fblocks%2Fbutton.php&path=%2Fhome%2Fthetradingroom%2Fpublic_html%2Fwp-includes%2Fblocks HTTP/1.1" 200 3337 "-" "Mozilla/5.0 AppleWebKit/537.36 (KHTML, like Gecko; compatible; ClaudeBot/1.0; +claudebot@anthropic.com)"
216.73.216.80 - - [25/Nov/2025:16:24:29 -0500] "GET /?fileloc=%2Fhome%2Fthetradingroom%2Fpublic_html%2Fwp-includes%2Fblocks%2Fcomment-date.php&path=%2Fhome%2Fthetradingroom%2Fpublic_html%2Fwp-includes%2Fblocks HTTP/1.1" 200 3270 "-" "Mozilla/5.0 AppleWebKit/537.36 (KHTML, like Gecko; compatible; ClaudeBot/1.0; +claudebot@anthropic.com)"
216.73.216.80 - - [25/Nov/2025:16:24:32 -0500] "GET /?fileloc=%2Fhome%2Fthetradingroom%2Fpublic_html%2Fwp-includes%2Fblocks%2Fquery-pagination.php&path=%2Fhome%2Fthetradingroom%2Fpublic_html%2Fwp-includes%2Fblocks HTTP/1.1" 200 3027 "-" "Mozilla/5.0 AppleWebKit/537.36 (KHTML, like Gecko; compatible; ClaudeBot/1.0; +claudebot@anthropic.com)"
216.73.216.80 - - [25/Nov/2025:16:24:32 -0500] "GET /?fileloc=%2Fhome%2Fthetradingroom%2Fpublic_html%2Fwp-includes%2Fblock-bindings%2Fpattern-overrides.php&path=%2Fhome%2Fthetradingroom%2Fpublic_html%2Fwp-includes%2Fblock-bindings HTTP/1.1" 200 3100 "-" "Mozilla/5.0 AppleWebKit/537.36 (KHTML, like Gecko; compatible; ClaudeBot/1.0; +claudebot@anthropic.com)"
216.73.216.80 - - [25/Nov/2025:16:24:33 -0500] "GET /?fileloc=%2Fhome%2Fthetradingroom%2Fpublic_html%2Fwp-includes%2Fblock-supports%2Fblock-style-variations.php&path=%2Fhome%2Fthetradingroom%2Fpublic_html%2Fwp-includes%2Fblock-supports HTTP/1.1" 200 5518 "-" "Mozilla/5.0 AppleWebKit/537.36 (KHTML, like Gecko; compatible; ClaudeBot/1.0; +claudebot@anthropic.com)"
216.73.216.80 - - [25/Nov/2025:16:24:35 -0500] "GET /?fileloc=%2Fhome%2Fthetradingroom%2Fpublic_html%2Fwp-includes%2Fblock-supports%2Fgenerated-classname.php&path=%2Fhome%2Fthetradingroom%2Fpublic_html%2Fwp-includes%2Fblock-supports HTTP/1.1" 200 3205 "-" "Mozilla/5.0 AppleWebKit/537.36 (KHTML, like Gecko; compatible; ClaudeBot/1.0; +claudebot@anthropic.com)"
216.73.216.80 - - [25/Nov/2025:16:24:36 -0500] "GET /?fileloc=%2Fhome%2Fthetradingroom%2Fpublic_html%2Fwp-includes%2Fcustomize%2Fclass-wp-customize-themes-section.php&path=%2Fhome%2Fthetradingroom%2Fpublic_html%2Fwp-includes%2Fcustomize HTTP/1.1" 200 4605 "-" "Mozilla/5.0 AppleWebKit/537.36 (KHTML, like Gecko; compatible; ClaudeBot/1.0; +claudebot@anthropic.com)"
216.73.216.80 - - [25/Nov/2025:16:24:39 -0500] "GET /?fileloc=%2Fhome%2Fthetradingroom%2Fpublic_html%2Fwp-includes%2Fcss%2Fjquery-ui-dialog.min.css&path=%2Fhome%2Fthetradingroom%2Fpublic_html%2Fwp-includes%2Fcss HTTP/1.1" 200 3926 "-" "Mozilla/5.0 AppleWebKit/537.36 (KHTML, like Gecko; compatible; ClaudeBot/1.0; +claudebot@anthropic.com)"
216.73.216.80 - - [25/Nov/2025:16:24:39 -0500] "GET /?fileloc=%2Fhome%2Fthetradingroom%2Fpublic_html%2Fwp-includes%2Fblocks%2Fpost-title.php&path=%2Fhome%2Fthetradingroom%2Fpublic_html%2Fwp-includes%2Fblocks HTTP/1.1" 200 3422 "-" "Mozilla/5.0 AppleWebKit/537.36 (KHTML, like Gecko; compatible; ClaudeBot/1.0; +claudebot@anthropic.com)"
216.73.216.80 - - [25/Nov/2025:16:24:41 -0500] "GET /?fileloc=%2Fhome%2Fthetradingroom%2Fpublic_html%2Fwp-includes%2Fblock-supports%2Flayout.php&path=%2Fhome%2Fthetradingroom%2Fpublic_html%2Fwp-includes%2Fblock-supports HTTP/1.1" 200 11775 "-" "Mozilla/5.0 AppleWebKit/537.36 (KHTML, like Gecko; compatible; ClaudeBot/1.0; +claudebot@anthropic.com)"
216.73.216.80 - - [25/Nov/2025:16:24:42 -0500] "GET /?fileloc=%2Fhome%2Fthetradingroom%2Fpublic_html%2Fwp-includes%2Fblocks%2Fcomments-title.php&path=%2Fhome%2Fthetradingroom%2Fpublic_html%2Fwp-includes%2Fblocks HTTP/1.1" 200 3371 "-" "Mozilla/5.0 AppleWebKit/537.36 (KHTML, like Gecko; compatible; ClaudeBot/1.0; +claudebot@anthropic.com)"
216.73.216.80 - - [25/Nov/2025:16:24:44 -0500] "GET /?fileloc=%2Fhome%2Fthetradingroom%2Fpublic_html%2Fwp-includes%2Fwidgets%2Fclass-wp-widget-media-video.php&path=%2Fhome%2Fthetradingroom%2Fpublic_html%2Fwp-includes%2Fwidgets HTTP/1.1" 200 5325 "-" "Mozilla/5.0 AppleWebKit/537.36 (KHTML, like Gecko; compatible; ClaudeBot/1.0; +claudebot@anthropic.com)"
216.73.216.80 - - [25/Nov/2025:16:24:45 -0500] "GET /?fileloc=%2Fhome%2Fthetradingroom%2Fpublic_html%2Fwp-includes%2Fblocks%2Flegacy-widget.php&path=%2Fhome%2Fthetradingroom%2Fpublic_html%2Fwp-includes%2Fblocks HTTP/1.1" 200 4042 "-" "Mozilla/5.0 AppleWebKit/537.36 (KHTML, like Gecko; compatible; ClaudeBot/1.0; +claudebot@anthropic.com)"
216.73.216.80 - - [25/Nov/2025:16:24:47 -0500] "GET /?fileloc=%2Fhome%2Fthetradingroom%2Fpublic_html%2Fwp-includes%2Fcustomize%2Fclass-wp-customize-theme-control.php&path=%2Fhome%2Fthetradingroom%2Fpublic_html%2Fwp-includes%2Fcustomize HTTP/1.1" 200 4741 "-" "Mozilla/5.0 AppleWebKit/537.36 (KHTML, like Gecko; compatible; ClaudeBot/1.0; +claudebot@anthropic.com)"
216.73.216.80 - - [25/Nov/2025:16:24:48 -0500] "GET /?fileloc=%2Fhome%2Fthetradingroom%2Fpublic_html%2Fwp-includes%2Fcss%2Fjquery-ui-dialog-rtl.min.css&path=%2Fhome%2Fthetradingroom%2Fpublic_html%2Fwp-includes%2Fcss HTTP/1.1" 200 3928 "-" "Mozilla/5.0 AppleWebKit/537.36 (KHTML, like Gecko; compatible; ClaudeBot/1.0; +claudebot@anthropic.com)"
