74.7.242.7 - - [25/Nov/2025:09:40:09 -0500] "GET /category/tenexcasino/feed/ HTTP/1.1" 200 2652 "-" "Mozilla/5.0 AppleWebKit/537.36 (KHTML, like Gecko; compatible; GPTBot/1.3; +https://openai.com/gptbot)"
74.7.242.7 - - [25/Nov/2025:09:40:10 -0500] "GET /category/bonanzacirtycasino/feed/ HTTP/1.1" 200 2516 "-" "Mozilla/5.0 AppleWebKit/537.36 (KHTML, like Gecko; compatible; GPTBot/1.3; +https://openai.com/gptbot)"
74.7.242.7 - - [25/Nov/2025:09:40:12 -0500] "GET /category/catspinscasino/feed/ HTTP/1.1" 200 2627 "-" "Mozilla/5.0 AppleWebKit/537.36 (KHTML, like Gecko; compatible; GPTBot/1.3; +https://openai.com/gptbot)"
74.7.242.7 - - [25/Nov/2025:09:40:13 -0500] "GET /category/711casino/feed/ HTTP/1.1" 200 1973 "-" "Mozilla/5.0 AppleWebKit/537.36 (KHTML, like Gecko; compatible; GPTBot/1.3; +https://openai.com/gptbot)"
74.7.242.7 - - [25/Nov/2025:09:40:14 -0500] "GET /tag/cool-cat-casino-free-spins-no-deposit-bonus-codes/feed/ HTTP/1.1" 200 2649 "-" "Mozilla/5.0 AppleWebKit/537.36 (KHTML, like Gecko; compatible; GPTBot/1.3; +https://openai.com/gptbot)"
74.7.242.7 - - [25/Nov/2025:09:40:15 -0500] "GET /category/rodeoslotcasino/feed/ HTTP/1.1" 200 2253 "-" "Mozilla/5.0 AppleWebKit/537.36 (KHTML, like Gecko; compatible; GPTBot/1.3; +https://openai.com/gptbot)"
74.7.242.7 - - [25/Nov/2025:09:40:16 -0500] "GET /tag/cool-cat-casino-free-spins-no-deposit-bonus-codes/page/3/ HTTP/1.1" 200 15773 "-" "Mozilla/5.0 AppleWebKit/537.36 (KHTML, like Gecko; compatible; GPTBot/1.3; +https://openai.com/gptbot)"
74.7.242.7 - - [25/Nov/2025:09:40:18 -0500] "GET /tag/cool-cat-casino-free-spins-no-deposit-bonus-codes/page/4/ HTTP/1.1" 200 13599 "-" "Mozilla/5.0 AppleWebKit/537.36 (KHTML, like Gecko; compatible; GPTBot/1.3; +https://openai.com/gptbot)"
74.7.242.7 - - [25/Nov/2025:09:40:19 -0500] "GET /tag/cool-cat-casino-free-spins-no-deposit-bonus-codes/page/2/ HTTP/1.1" 200 14957 "-" "Mozilla/5.0 AppleWebKit/537.36 (KHTML, like Gecko; compatible; GPTBot/1.3; +https://openai.com/gptbot)"
74.7.242.7 - - [25/Nov/2025:09:40:21 -0500] "GET /category/instantcasino/feed/ HTTP/1.1" 200 4560 "-" "Mozilla/5.0 AppleWebKit/537.36 (KHTML, like Gecko; compatible; GPTBot/1.3; +https://openai.com/gptbot)"
74.7.242.7 - - [25/Nov/2025:09:40:23 -0500] "GET /2025/11/24/ HTTP/1.1" 200 15053 "-" "Mozilla/5.0 AppleWebKit/537.36 (KHTML, like Gecko; compatible; GPTBot/1.3; +https://openai.com/gptbot)"
74.7.242.7 - - [25/Nov/2025:09:40:24 -0500] "GET /category/casinowazamba/feed/ HTTP/1.1" 200 12899 "-" "Mozilla/5.0 AppleWebKit/537.36 (KHTML, like Gecko; compatible; GPTBot/1.3; +https://openai.com/gptbot)"
74.7.242.7 - - [25/Nov/2025:09:40:26 -0500] "GET /category/casinoamonbet/feed/ HTTP/1.1" 200 2835 "-" "Mozilla/5.0 AppleWebKit/537.36 (KHTML, like Gecko; compatible; GPTBot/1.3; +https://openai.com/gptbot)"
74.7.242.7 - - [25/Nov/2025:09:40:27 -0500] "GET /guts-casino-logo/ HTTP/1.1" 200 13457 "-" "Mozilla/5.0 AppleWebKit/537.36 (KHTML, like Gecko; compatible; GPTBot/1.3; +https://openai.com/gptbot)"
74.7.242.7 - - [25/Nov/2025:09:40:28 -0500] "GET /casino-80-freispiele-ohne-einzahlung/feed/ HTTP/1.1" 200 432 "-" "Mozilla/5.0 AppleWebKit/537.36 (KHTML, like Gecko; compatible; GPTBot/1.3; +https://openai.com/gptbot)"
74.7.242.7 - - [25/Nov/2025:09:40:29 -0500] "GET /no-1-casino/feed/ HTTP/1.1" 200 405 "-" "Mozilla/5.0 AppleWebKit/537.36 (KHTML, like Gecko; compatible; GPTBot/1.3; +https://openai.com/gptbot)"
74.7.242.7 - - [25/Nov/2025:09:40:30 -0500] "GET /wp-json/oembed/1.0/embed?url=https%3A%2F%2Fwww.thetradingroom.com%2Fdas-prinzip-von-offenheit-und-rechnerischer-fairness-bei-ninecasino%2F HTTP/1.1" 200 1122 "-" "Mozilla/5.0 AppleWebKit/537.36 (KHTML, like Gecko; compatible; GPTBot/1.3; +https://openai.com/gptbot)"
74.7.242.7 - - [25/Nov/2025:09:40:31 -0500] "GET /tag/baxterbet-casino-mobile/ HTTP/1.1" 200 15130 "-" "Mozilla/5.0 AppleWebKit/537.36 (KHTML, like Gecko; compatible; GPTBot/1.3; +https://openai.com/gptbot)"
74.7.242.7 - - [25/Nov/2025:09:40:33 -0500] "GET /nike-online-casino/feed/ HTTP/1.1" 200 412 "-" "Mozilla/5.0 AppleWebKit/537.36 (KHTML, like Gecko; compatible; GPTBot/1.3; +https://openai.com/gptbot)"
74.7.242.7 - - [25/Nov/2025:09:40:34 -0500] "GET /casino-reims/feed/ HTTP/1.1" 200 407 "-" "Mozilla/5.0 AppleWebKit/537.36 (KHTML, like Gecko; compatible; GPTBot/1.3; +https://openai.com/gptbot)"
74.7.242.7 - - [25/Nov/2025:09:40:35 -0500] "GET /2025/11/24/page/2/ HTTP/1.1" 200 14794 "-" "Mozilla/5.0 AppleWebKit/537.36 (KHTML, like Gecko; compatible; GPTBot/1.3; +https://openai.com/gptbot)"
74.7.242.7 - - [25/Nov/2025:09:40:37 -0500] "GET /?p=871 HTTP/1.1" 301 - "-" "Mozilla/5.0 AppleWebKit/537.36 (KHTML, like Gecko; compatible; GPTBot/1.3; +https://openai.com/gptbot)"
74.7.242.7 - - [25/Nov/2025:09:40:38 -0500] "GET /guts-casino-logo/ HTTP/1.1" 200 13457 "-" "Mozilla/5.0 AppleWebKit/537.36 (KHTML, like Gecko; compatible; GPTBot/1.3; +https://openai.com/gptbot)"
74.7.242.7 - - [25/Nov/2025:09:40:39 -0500] "GET /2025/11/24/page/3/ HTTP/1.1" 200 15605 "-" "Mozilla/5.0 AppleWebKit/537.36 (KHTML, like Gecko; compatible; GPTBot/1.3; +https://openai.com/gptbot)"
74.7.242.7 - - [25/Nov/2025:09:40:41 -0500] "GET /2025/11/24/page/4/ HTTP/1.1" 200 13458 "-" "Mozilla/5.0 AppleWebKit/537.36 (KHTML, like Gecko; compatible; GPTBot/1.3; +https://openai.com/gptbot)"
74.7.242.7 - - [25/Nov/2025:09:40:42 -0500] "GET /generation-vip-casino/feed/ HTTP/1.1" 200 410 "-" "Mozilla/5.0 AppleWebKit/537.36 (KHTML, like Gecko; compatible; GPTBot/1.3; +https://openai.com/gptbot)"
74.7.242.7 - - [25/Nov/2025:09:40:43 -0500] "GET /wp-json/oembed/1.0/embed?url=https%3A%2F%2Fwww.thetradingroom.com%2Fontdek-de-geheimen-van-kansberekening-bij-711-casino%2F HTTP/1.1" 200 1102 "-" "Mozilla/5.0 AppleWebKit/537.36 (KHTML, like Gecko; compatible; GPTBot/1.3; +https://openai.com/gptbot)"
74.7.242.7 - - [25/Nov/2025:09:40:44 -0500] "GET /tag/baxterbet-casino-mobile/feed/ HTTP/1.1" 200 3102 "-" "Mozilla/5.0 AppleWebKit/537.36 (KHTML, like Gecko; compatible; GPTBot/1.3; +https://openai.com/gptbot)"
74.7.242.7 - - [25/Nov/2025:09:40:45 -0500] "GET /tag/baxterbet-casino-mobile/page/2/ HTTP/1.1" 200 14887 "-" "Mozilla/5.0 AppleWebKit/537.36 (KHTML, like Gecko; compatible; GPTBot/1.3; +https://openai.com/gptbot)"
74.7.242.7 - - [25/Nov/2025:09:40:47 -0500] "GET /guts-casino-logo/feed/ HTTP/1.1" 200 411 "-" "Mozilla/5.0 AppleWebKit/537.36 (KHTML, like Gecko; compatible; GPTBot/1.3; +https://openai.com/gptbot)"
74.7.242.7 - - [25/Nov/2025:09:40:48 -0500] "GET /tag/baxterbet-casino-mobile/page/4/ HTTP/1.1" 200 13545 "-" "Mozilla/5.0 AppleWebKit/537.36 (KHTML, like Gecko; compatible; GPTBot/1.3; +https://openai.com/gptbot)"
74.7.242.7 - - [25/Nov/2025:09:40:49 -0500] "GET /wp-json/oembed/1.0/embed?url=https%3A%2F%2Fwww.thetradingroom.com%2Faktive-casino-promo-codes-for-free-chips%2F HTTP/1.1" 200 1084 "-" "Mozilla/5.0 AppleWebKit/537.36 (KHTML, like Gecko; compatible; GPTBot/1.3; +https://openai.com/gptbot)"
74.7.242.7 - - [25/Nov/2025:09:40:50 -0500] "GET /wp-json/oembed/1.0/embed?url=https%3A%2F%2Fwww.thetradingroom.com%2Fcasino-80-freispiele-ohne-einzahlung%2F HTTP/1.1" 200 1082 "-" "Mozilla/5.0 AppleWebKit/537.36 (KHTML, like Gecko; compatible; GPTBot/1.3; +https://openai.com/gptbot)"
74.7.242.7 - - [25/Nov/2025:09:40:51 -0500] "GET /wp-json/wp/v2/categories/99 HTTP/1.1" 200 303 "-" "Mozilla/5.0 AppleWebKit/537.36 (KHTML, like Gecko; compatible; GPTBot/1.3; +https://openai.com/gptbot)"
74.7.242.7 - - [25/Nov/2025:09:40:52 -0500] "GET /tag/baxterbet-casino-mobile/page/3/ HTTP/1.1" 200 15695 "-" "Mozilla/5.0 AppleWebKit/537.36 (KHTML, like Gecko; compatible; GPTBot/1.3; +https://openai.com/gptbot)"
74.7.242.7 - - [25/Nov/2025:09:40:54 -0500] "GET /wp-json/oembed/1.0/embed?url=https%3A%2F%2Fwww.thetradingroom.com%2Fcasino-ohne-lizenz-ohne-deutsche-lizenzbeh-rde%2F HTTP/1.1" 200 1086 "-" "Mozilla/5.0 AppleWebKit/537.36 (KHTML, like Gecko; compatible; GPTBot/1.3; +https://openai.com/gptbot)"
74.7.242.7 - - [25/Nov/2025:09:40:54 -0500] "GET /wp-json/oembed/1.0/embed?url=https%3A%2F%2Fwww.thetradingroom.com%2F50-taka-deposit-casino-real-money%2F HTTP/1.1" 200 1081 "-" "Mozilla/5.0 AppleWebKit/537.36 (KHTML, like Gecko; compatible; GPTBot/1.3; +https://openai.com/gptbot)"
74.7.242.7 - - [25/Nov/2025:09:40:55 -0500] "GET /wp-json/wp/v2/categories/92 HTTP/1.1" 200 302 "-" "Mozilla/5.0 AppleWebKit/537.36 (KHTML, like Gecko; compatible; GPTBot/1.3; +https://openai.com/gptbot)"
74.7.242.7 - - [25/Nov/2025:09:40:57 -0500] "GET /wp-json/wp/v2/categories/90 HTTP/1.1" 200 301 "-" "Mozilla/5.0 AppleWebKit/537.36 (KHTML, like Gecko; compatible; GPTBot/1.3; +https://openai.com/gptbot)"
5.35.38.15 - - [25/Nov/2025:09:40:58 -0500] "GET /wp-login.php HTTP/1.1" 200 2681 "https://www.thetradingroom.com/" "Mozilla/5.0 (Windows NT 10.0; Win64; x64) AppleWebKit/537.36 (KHTML, like Gecko) Chrome/114.0.0.0 YaBrowser/22.7.0 Yowser/2.5 Safari/537.36"
74.7.242.7 - - [25/Nov/2025:09:40:58 -0500] "GET /wp-json/wp/v2/categories/101 HTTP/1.1" 200 302 "-" "Mozilla/5.0 AppleWebKit/537.36 (KHTML, like Gecko; compatible; GPTBot/1.3; +https://openai.com/gptbot)"
74.7.242.7 - - [25/Nov/2025:09:41:00 -0500] "GET /wp-json/wp/v2/categories/91 HTTP/1.1" 200 298 "-" "Mozilla/5.0 AppleWebKit/537.36 (KHTML, like Gecko; compatible; GPTBot/1.3; +https://openai.com/gptbot)"
74.7.242.7 - - [25/Nov/2025:09:41:01 -0500] "GET /wp-json/wp/v2/categories/95 HTTP/1.1" 200 300 "-" "Mozilla/5.0 AppleWebKit/537.36 (KHTML, like Gecko; compatible; GPTBot/1.3; +https://openai.com/gptbot)"
74.7.242.7 - - [25/Nov/2025:09:41:02 -0500] "GET /wp-json/wp/v2/categories/97 HTTP/1.1" 200 303 "-" "Mozilla/5.0 AppleWebKit/537.36 (KHTML, like Gecko; compatible; GPTBot/1.3; +https://openai.com/gptbot)"
5.35.38.15 - - [25/Nov/2025:09:41:03 -0500] "GET /wp-login.php HTTP/1.1" 200 2681 "https://www.thetradingroom.com/wp-login.php" "Mozilla/5.0 (Windows NT 6.3; Win64; x64) AppleWebKit/537.36 (KHTML, like Gecko) Chrome/103.0.0.0 Safari/537.36"
74.7.242.7 - - [25/Nov/2025:09:41:05 -0500] "GET /wp-json/wp/v2/categories/93 HTTP/1.1" 200 301 "-" "Mozilla/5.0 AppleWebKit/537.36 (KHTML, like Gecko; compatible; GPTBot/1.3; +https://openai.com/gptbot)"
74.7.242.7 - - [25/Nov/2025:09:41:06 -0500] "GET /wp-json/wp/v2/categories/94 HTTP/1.1" 200 300 "-" "Mozilla/5.0 AppleWebKit/537.36 (KHTML, like Gecko; compatible; GPTBot/1.3; +https://openai.com/gptbot)"
5.35.38.15 - - [25/Nov/2025:09:41:06 -0500] "POST /wp-login.php HTTP/1.1" 302 - "https://www.thetradingroom.com/wp-login.php" "Mozilla/5.0 (Windows NT 6.3; Win64; x64) AppleWebKit/537.36 (KHTML, like Gecko) Chrome/103.0.0.0 Safari/537.36"
74.7.242.7 - - [25/Nov/2025:09:41:09 -0500] "GET /wp-json/wp/v2/categories/96 HTTP/1.1" 200 307 "-" "Mozilla/5.0 AppleWebKit/537.36 (KHTML, like Gecko; compatible; GPTBot/1.3; +https://openai.com/gptbot)"
5.35.38.15 - - [25/Nov/2025:09:41:10 -0500] "GET /wp-admin/ HTTP/1.1" 200 33208 "https://www.thetradingroom.com/wp-login.php" "Mozilla/5.0 (Windows NT 6.3; Win64; x64) AppleWebKit/537.36 (KHTML, like Gecko) Chrome/103.0.0.0 Safari/537.36"
74.7.242.7 - - [25/Nov/2025:09:41:11 -0500] "GET /wp-json/wp/v2/posts/865 HTTP/1.1" 200 2182 "-" "Mozilla/5.0 AppleWebKit/537.36 (KHTML, like Gecko; compatible; GPTBot/1.3; +https://openai.com/gptbot)"
74.7.242.7 - - [25/Nov/2025:09:41:14 -0500] "GET /wp-json/wp/v2/posts/861 HTTP/1.1" 200 2306 "-" "Mozilla/5.0 AppleWebKit/537.36 (KHTML, like Gecko; compatible; GPTBot/1.3; +https://openai.com/gptbot)"
5.35.38.15 - - [25/Nov/2025:09:41:14 -0500] "GET /xmlrpc.php HTTP/1.1" 405 60 "https://www.thetradingroom.com/wp-admin/" "Mozilla/5.0 (Windows NT 6.3; Win64; x64) AppleWebKit/537.36 (KHTML, like Gecko) Chrome/103.0.0.0 Safari/537.36"
74.7.242.7 - - [25/Nov/2025:09:41:16 -0500] "GET /wp-json/wp/v2/posts/871 HTTP/1.1" 200 2144 "-" "Mozilla/5.0 AppleWebKit/537.36 (KHTML, like Gecko; compatible; GPTBot/1.3; +https://openai.com/gptbot)"
5.35.38.15 - - [25/Nov/2025:09:41:17 -0500] "POST /xmlrpc.php HTTP/1.1" 200 125 "https://www.thetradingroom.com/xmlrpc.php" "Mozilla/5.0 (Windows NT 6.3; Win64; x64) AppleWebKit/537.36 (KHTML, like Gecko) Chrome/103.0.0.0 Safari/537.36"
74.7.242.7 - - [25/Nov/2025:09:41:18 -0500] "GET /wp-json/wp/v2/posts/857 HTTP/1.1" 200 2342 "-" "Mozilla/5.0 AppleWebKit/537.36 (KHTML, like Gecko; compatible; GPTBot/1.3; +https://openai.com/gptbot)"
74.7.242.7 - - [25/Nov/2025:09:41:21 -0500] "GET /wp-json/wp/v2/posts/876 HTTP/1.1" 200 4457 "-" "Mozilla/5.0 AppleWebKit/537.36 (KHTML, like Gecko; compatible; GPTBot/1.3; +https://openai.com/gptbot)"
5.35.38.15 - - [25/Nov/2025:09:41:21 -0500] "POST /xmlrpc.php HTTP/1.1" 200 129 "https://www.thetradingroom.com/xmlrpc.php" "Mozilla/5.0 (Windows NT 6.3; Win64; x64) AppleWebKit/537.36 (KHTML, like Gecko) Chrome/103.0.0.0 Safari/537.36"
74.7.242.7 - - [25/Nov/2025:09:41:23 -0500] "GET /wp-json/oembed/1.0/embed?url=https%3A%2F%2Fwww.thetradingroom.com%2Fhohe-gewinne-online-casino%2F HTTP/1.1" 200 1067 "-" "Mozilla/5.0 AppleWebKit/537.36 (KHTML, like Gecko; compatible; GPTBot/1.3; +https://openai.com/gptbot)"
38.93.230.31 - - [25/Nov/2025:09:41:27 -0500] "POST /wp-cron.php?doing_wp_cron=1764081687.5562069416046142578125 HTTP/1.1" 200 - "-" "WordPress/6.8.3; https://www.thetradingroom.com"
5.35.38.15 - - [25/Nov/2025:09:41:24 -0500] "GET /?p=891 HTTP/1.1" 301 - "https://www.thetradingroom.com/xmlrpc.php" "Mozilla/5.0 (Windows NT 6.3; Win64; x64) AppleWebKit/537.36 (KHTML, like Gecko) Chrome/103.0.0.0 Safari/537.36"
74.7.242.7 - - [25/Nov/2025:09:41:25 -0500] "GET /wp-json/wp/v2/posts/853 HTTP/1.1" 200 2512 "-" "Mozilla/5.0 AppleWebKit/537.36 (KHTML, like Gecko; compatible; GPTBot/1.3; +https://openai.com/gptbot)"
74.7.242.7 - - [25/Nov/2025:09:41:28 -0500] "GET /wp-json/wp/v2/posts/886 HTTP/1.1" 200 2994 "-" "Mozilla/5.0 AppleWebKit/537.36 (KHTML, like Gecko; compatible; GPTBot/1.3; +https://openai.com/gptbot)"
220.181.108.104 - - [25/Nov/2025:09:41:27 -0500] "GET /?i=productse%2FZ1065921.html HTTP/1.1" 200 15381 "-" "Mozilla/5.0 (compatible; Baiduspider/2.0; +http://www.baidu.com/search/spider.html)"
45.3.46.100 - - [25/Nov/2025:09:41:29 -0500] "GET /wp-login.php HTTP/1.1" 200 2681 "-" "Mozilla/5.0 (Windows NT 10.0; Win64; x64; rv:127.0) Gecko/20100101 Firefox/127.0"
5.35.38.15 - - [25/Nov/2025:09:41:28 -0500] "GET /casino-ohne-lizenz-guru-com/ HTTP/1.1" 200 20291 "https://www.thetradingroom.com/?p=891" "Mozilla/5.0 (Windows NT 6.3; Win64; x64) AppleWebKit/537.36 (KHTML, like Gecko) Chrome/103.0.0.0 Safari/537.36"
74.7.242.7 - - [25/Nov/2025:09:41:35 -0500] "GET /wp-json/wp/v2/posts/863 HTTP/1.1" 200 2609 "-" "Mozilla/5.0 AppleWebKit/537.36 (KHTML, like Gecko; compatible; GPTBot/1.3; +https://openai.com/gptbot)"
74.7.242.7 - - [25/Nov/2025:09:41:37 -0500] "GET /wp-json/wp/v2/posts/878 HTTP/1.1" 200 2564 "-" "Mozilla/5.0 AppleWebKit/537.36 (KHTML, like Gecko; compatible; GPTBot/1.3; +https://openai.com/gptbot)"
116.179.37.115 - - [25/Nov/2025:09:41:39 -0500] "GET /wp-content/plugins/elementor/assets/js/frontend-modules.min.js?ver=3.33.2 HTTP/1.1" 200 23929 "-" "Mozilla/5.0 (compatible; Baiduspider-render/2.0; +http://www.baidu.com/search/spider.html)"
74.7.242.7 - - [25/Nov/2025:09:41:38 -0500] "GET /wp-json/wp/v2/posts/880 HTTP/1.1" 200 1952 "-" "Mozilla/5.0 AppleWebKit/537.36 (KHTML, like Gecko; compatible; GPTBot/1.3; +https://openai.com/gptbot)"
74.7.242.7 - - [25/Nov/2025:09:41:39 -0500] "GET /wp-json/oembed/1.0/embed?url=https%3A%2F%2Fwww.thetradingroom.com%2Fguts-casino-logo%2F HTTP/1.1" 200 1058 "-" "Mozilla/5.0 AppleWebKit/537.36 (KHTML, like Gecko; compatible; GPTBot/1.3; +https://openai.com/gptbot)"
74.7.242.7 - - [25/Nov/2025:09:41:40 -0500] "GET /wp-json/wp/v2/posts/884 HTTP/1.1" 200 2631 "-" "Mozilla/5.0 AppleWebKit/537.36 (KHTML, like Gecko; compatible; GPTBot/1.3; +https://openai.com/gptbot)"
74.7.242.7 - - [25/Nov/2025:09:41:42 -0500] "GET /wp-json/oembed/1.0/embed?url=https%3A%2F%2Fwww.thetradingroom.com%2Fgeneration-vip-casino%2F HTTP/1.1" 200 1058 "-" "Mozilla/5.0 AppleWebKit/537.36 (KHTML, like Gecko; compatible; GPTBot/1.3; +https://openai.com/gptbot)"
74.7.242.7 - - [25/Nov/2025:09:41:43 -0500] "GET /wp-json/oembed/1.0/embed?url=https%3A%2F%2Fwww.thetradingroom.com%2Fcasino-ohne-lizenz-mit-drip%2F HTTP/1.1" 200 1070 "-" "Mozilla/5.0 AppleWebKit/537.36 (KHTML, like Gecko; compatible; GPTBot/1.3; +https://openai.com/gptbot)"
74.7.242.7 - - [25/Nov/2025:09:41:44 -0500] "GET /wp-json/wp/v2/posts/869 HTTP/1.1" 200 2049 "-" "Mozilla/5.0 AppleWebKit/537.36 (KHTML, like Gecko; compatible; GPTBot/1.3; +https://openai.com/gptbot)"
74.7.242.7 - - [25/Nov/2025:09:41:45 -0500] "GET /wp-json/oembed/1.0/embed?url=https%3A%2F%2Fwww.thetradingroom.com%2Fcasino-reims%2F HTTP/1.1" 200 1051 "-" "Mozilla/5.0 AppleWebKit/537.36 (KHTML, like Gecko; compatible; GPTBot/1.3; +https://openai.com/gptbot)"
74.7.242.7 - - [25/Nov/2025:09:41:46 -0500] "GET /casino-ohne-lizenz-ohne-deutsche-lizenzbeh-rde/feed/ HTTP/1.1" 200 436 "-" "Mozilla/5.0 AppleWebKit/537.36 (KHTML, like Gecko; compatible; GPTBot/1.3; +https://openai.com/gptbot)"
45.3.46.100 - - [25/Nov/2025:09:41:46 -0500] "POST /xmlrpc.php HTTP/1.1" 200 321 "-" "Mozilla/5.0 (Windows NT 10.0; Win64; x64) AppleWebKit/537.36 (KHTML, like Gecko) Chrome/124.0.6367.207 Safari/537.36"
74.7.242.7 - - [25/Nov/2025:09:41:49 -0500] "GET /wp-json/oembed/1.0/embed?url=https%3A%2F%2Fwww.thetradingroom.com%2Fnike-online-casino%2F HTTP/1.1" 200 1061 "-" "Mozilla/5.0 AppleWebKit/537.36 (KHTML, like Gecko; compatible; GPTBot/1.3; +https://openai.com/gptbot)"
116.179.37.71 - - [25/Nov/2025:09:41:50 -0500] "GET /wp-content/plugins/elementor/assets/js/text-editor.45609661e409413f1cef.bundle.min.js HTTP/1.1" 200 648 "-" "Mozilla/5.0 (compatible; Baiduspider-render/2.0; +http://www.baidu.com/search/spider.html)"
116.179.37.48 - - [25/Nov/2025:09:41:50 -0500] "GET /wp-content/plugins/elementor/assets/js/shared-frontend-handlers.03caa53373b56d3bab67.bundle.min.js HTTP/1.1" 200 2644 "-" "Mozilla/5.0 (compatible; Baiduspider-render/2.0; +http://www.baidu.com/search/spider.html)"
74.7.242.7 - - [25/Nov/2025:09:41:50 -0500] "GET /wp-json/oembed/1.0/embed?url=https%3A%2F%2Fwww.thetradingroom.com%2Fno-1-casino%2F HTTP/1.1" 200 1051 "-" "Mozilla/5.0 AppleWebKit/537.36 (KHTML, like Gecko; compatible; GPTBot/1.3; +https://openai.com/gptbot)"
74.7.242.7 - - [25/Nov/2025:09:41:51 -0500] "GET /wp-json/wp/v2/posts/882 HTTP/1.1" 200 2408 "-" "Mozilla/5.0 AppleWebKit/537.36 (KHTML, like Gecko; compatible; GPTBot/1.3; +https://openai.com/gptbot)"
74.7.242.7 - - [25/Nov/2025:09:41:52 -0500] "GET /wp-json/wp/v2/posts/874 HTTP/1.1" 200 2181 "-" "Mozilla/5.0 AppleWebKit/537.36 (KHTML, like Gecko; compatible; GPTBot/1.3; +https://openai.com/gptbot)"
50.6.109.12 - - [25/Nov/2025:09:41:53 -0500] "GET /casino-ohne-lizenz-guru-com/ HTTP/1.1" 200 13166 "-" "WordPress/6.8.3; https://heartofthepiedmont.com; verifying pingback from 38.93.230.31"
74.7.242.7 - - [25/Nov/2025:09:41:54 -0500] "GET /hohe-gewinne-online-casino/feed/ HTTP/1.1" 200 421 "-" "Mozilla/5.0 AppleWebKit/537.36 (KHTML, like Gecko; compatible; GPTBot/1.3; +https://openai.com/gptbot)"
74.7.242.7 - - [25/Nov/2025:09:41:57 -0500] "GET /wp-json/wp/v2/tags/98 HTTP/1.1" 200 337 "-" "Mozilla/5.0 AppleWebKit/537.36 (KHTML, like Gecko; compatible; GPTBot/1.3; +https://openai.com/gptbot)"
45.3.46.100 - - [25/Nov/2025:09:41:57 -0500] "GET /wp-login.php HTTP/1.1" 200 2681 "-" "Mozilla/5.0 (Windows NT 10.0; Win64; x64) AppleWebKit/537.36 (KHTML, like Gecko) Chrome/124.0.6367.207 Safari/537.36"
74.7.242.7 - - [25/Nov/2025:09:41:58 -0500] "GET /wp-json/oembed/1.0/embed?url=https%3A%2F%2Fwww.thetradingroom.com%2Fcasino-online-spielen-echtgeld%2F HTTP/1.1" 200 1074 "-" "Mozilla/5.0 AppleWebKit/537.36 (KHTML, like Gecko; compatible; GPTBot/1.3; +https://openai.com/gptbot)"
74.7.242.7 - - [25/Nov/2025:09:42:01 -0500] "GET /wp-json/wp/v2/tags/100 HTTP/1.1" 200 308 "-" "Mozilla/5.0 AppleWebKit/537.36 (KHTML, like Gecko; compatible; GPTBot/1.3; +https://openai.com/gptbot)"
74.7.242.7 - - [25/Nov/2025:09:42:02 -0500] "GET /wp-json/wp/v2/tags/102 HTTP/1.1" 200 308 "-" "Mozilla/5.0 AppleWebKit/537.36 (KHTML, like Gecko; compatible; GPTBot/1.3; +https://openai.com/gptbot)"
45.3.46.100 - - [25/Nov/2025:09:42:02 -0500] "POST /wp-login.php HTTP/1.1" 302 - "https://www.thetradingroom.com/wp-login.php" "Mozilla/5.0 (Windows NT 10.0; Win64; x64) AppleWebKit/537.36 (KHTML, like Gecko) Chrome/124.0.6367.207 Safari/537.36"
74.7.242.7 - - [25/Nov/2025:09:42:04 -0500] "GET /wp-json/oembed/1.0/embed?format=xml&url=https%3A%2F%2Fwww.thetradingroom.com%2Fdas-prinzip-von-offenheit-und-rechnerischer-fairness-bei-ninecasino%2F HTTP/1.1" 200 1158 "-" "Mozilla/5.0 AppleWebKit/537.36 (KHTML, like Gecko; compatible; GPTBot/1.3; +https://openai.com/gptbot)"
74.7.242.7 - - [25/Nov/2025:09:42:06 -0500] "GET /wp-json/oembed/1.0/embed?format=xml&url=https%3A%2F%2Fwww.thetradingroom.com%2Faktive-casino-promo-codes-for-free-chips%2F HTTP/1.1" 200 1125 "-" "Mozilla/5.0 AppleWebKit/537.36 (KHTML, like Gecko; compatible; GPTBot/1.3; +https://openai.com/gptbot)"
45.3.46.100 - - [25/Nov/2025:09:42:06 -0500] "GET /wp-admin/ HTTP/1.1" 200 33186 "https://www.thetradingroom.com/wp-login.php" "Mozilla/5.0 (Windows NT 10.0; Win64; x64) AppleWebKit/537.36 (KHTML, like Gecko) Chrome/124.0.6367.207 Safari/537.36"
74.7.242.7 - - [25/Nov/2025:09:42:09 -0500] "GET /wp-json/oembed/1.0/embed?format=xml&url=https%3A%2F%2Fwww.thetradingroom.com%2Fcasino-online-spielen-echtgeld%2F HTTP/1.1" 200 1107 "-" "Mozilla/5.0 AppleWebKit/537.36 (KHTML, like Gecko; compatible; GPTBot/1.3; +https://openai.com/gptbot)"
74.7.242.7 - - [25/Nov/2025:09:42:10 -0500] "GET /wp-json/oembed/1.0/embed?format=xml&url=https%3A%2F%2Fwww.thetradingroom.com%2Fontdek-de-geheimen-van-kansberekening-bij-711-casino%2F HTTP/1.1" 200 1141 "-" "Mozilla/5.0 AppleWebKit/537.36 (KHTML, like Gecko; compatible; GPTBot/1.3; +https://openai.com/gptbot)"
74.7.242.7 - - [25/Nov/2025:09:42:11 -0500] "GET /wp-json/oembed/1.0/embed?format=xml&url=https%3A%2F%2Fwww.thetradingroom.com%2Fcasino-80-freispiele-ohne-einzahlung%2F HTTP/1.1" 200 1117 "-" "Mozilla/5.0 AppleWebKit/537.36 (KHTML, like Gecko; compatible; GPTBot/1.3; +https://openai.com/gptbot)"
74.7.242.7 - - [25/Nov/2025:09:42:12 -0500] "GET /wp-json/oembed/1.0/embed?format=xml&url=https%3A%2F%2Fwww.thetradingroom.com%2Fhohe-gewinne-online-casino%2F HTTP/1.1" 200 1102 "-" "Mozilla/5.0 AppleWebKit/537.36 (KHTML, like Gecko; compatible; GPTBot/1.3; +https://openai.com/gptbot)"
47.128.96.179 - - [25/Nov/2025:09:42:13 -0500] "GET /pre-market-report/pre-market-activity-live-trading-room-access-2/ HTTP/1.1" 404 11074 "-" "Mozilla/5.0 (Linux; Android 5.0) AppleWebKit/537.36 (KHTML, like Gecko) Mobile Safari/537.36 (compatible; TikTokSpider; ttspider-feedback@tiktok.com)"
74.7.242.7 - - [25/Nov/2025:09:42:14 -0500] "GET /wp-json/oembed/1.0/embed?format=xml&url=https%3A%2F%2Fwww.thetradingroom.com%2Fcasino-ohne-lizenz-mit-drip%2F HTTP/1.1" 200 1106 "-" "Mozilla/5.0 AppleWebKit/537.36 (KHTML, like Gecko; compatible; GPTBot/1.3; +https://openai.com/gptbot)"
74.7.242.7 - - [25/Nov/2025:09:42:17 -0500] "GET /wp-json/oembed/1.0/embed?format=xml&url=https%3A%2F%2Fwww.thetradingroom.com%2Fgeneration-vip-casino%2F HTTP/1.1" 200 1093 "-" "Mozilla/5.0 AppleWebKit/537.36 (KHTML, like Gecko; compatible; GPTBot/1.3; +https://openai.com/gptbot)"
74.7.242.7 - - [25/Nov/2025:09:42:18 -0500] "GET /das-prinzip-von-offenheit-und-rechnerischer-fairness-bei-ninecasino/feed/ HTTP/1.1" 200 469 "-" "Mozilla/5.0 AppleWebKit/537.36 (KHTML, like Gecko; compatible; GPTBot/1.3; +https://openai.com/gptbot)"
74.7.242.7 - - [25/Nov/2025:09:42:19 -0500] "GET /wp-json/oembed/1.0/embed?format=xml&url=https%3A%2F%2Fwww.thetradingroom.com%2Fguts-casino-logo%2F HTTP/1.1" 200 1096 "-" "Mozilla/5.0 AppleWebKit/537.36 (KHTML, like Gecko; compatible; GPTBot/1.3; +https://openai.com/gptbot)"
74.7.242.7 - - [25/Nov/2025:09:42:20 -0500] "GET /wp-json/oembed/1.0/embed?format=xml&url=https%3A%2F%2Fwww.thetradingroom.com%2Fno-1-casino%2F HTTP/1.1" 200 1088 "-" "Mozilla/5.0 AppleWebKit/537.36 (KHTML, like Gecko; compatible; GPTBot/1.3; +https://openai.com/gptbot)"
45.3.46.100 - - [25/Nov/2025:09:42:19 -0500] "GET /wp-admin/theme-editor.php HTTP/1.1" 200 27096 "-" "Mozilla/5.0 (Windows NT 10.0; Win64; x64) AppleWebKit/537.36 (KHTML, like Gecko) Chrome/124.0.6367.207 Safari/537.36"
74.7.242.7 - - [25/Nov/2025:09:42:23 -0500] "GET /wp-json/oembed/1.0/embed?format=xml&url=https%3A%2F%2Fwww.thetradingroom.com%2Fcasino-ohne-lizenz-ohne-deutsche-lizenzbeh-rde%2F HTTP/1.1" 200 1124 "-" "Mozilla/5.0 AppleWebKit/537.36 (KHTML, like Gecko; compatible; GPTBot/1.3; +https://openai.com/gptbot)"
74.7.242.7 - - [25/Nov/2025:09:42:24 -0500] "GET /wp-content/plugins/elementor/assets/css/conditionals/e-swiper.min.css?ver=3.33.2 HTTP/1.1" 200 799 "-" "Mozilla/5.0 AppleWebKit/537.36 (KHTML, like Gecko; compatible; GPTBot/1.3; +https://openai.com/gptbot)"
74.7.242.7 - - [25/Nov/2025:09:42:24 -0500] "GET /wp-json/oembed/1.0/embed?format=xml&url=https%3A%2F%2Fwww.thetradingroom.com%2F50-taka-deposit-casino-real-money%2F HTTP/1.1" 200 1117 "-" "Mozilla/5.0 AppleWebKit/537.36 (KHTML, like Gecko; compatible; GPTBot/1.3; +https://openai.com/gptbot)"
74.7.242.7 - - [25/Nov/2025:09:42:26 -0500] "GET /wp-content/plugins/elementor/assets/css/widget-divider.min.css?ver=3.33.2 HTTP/1.1" 200 741 "-" "Mozilla/5.0 AppleWebKit/537.36 (KHTML, like Gecko; compatible; GPTBot/1.3; +https://openai.com/gptbot)"
74.7.242.7 - - [25/Nov/2025:09:42:26 -0500] "GET /wp-content/uploads/elementor/css/post-315.css?ver=1764076408 HTTP/1.1" 200 1127 "-" "Mozilla/5.0 AppleWebKit/537.36 (KHTML, like Gecko; compatible; GPTBot/1.3; +https://openai.com/gptbot)"
74.7.242.7 - - [25/Nov/2025:09:42:27 -0500] "GET /wp-json/oembed/1.0/embed?format=xml&url=https%3A%2F%2Fwww.thetradingroom.com%2Fcasino-reims%2F HTTP/1.1" 200 1087 "-" "Mozilla/5.0 AppleWebKit/537.36 (KHTML, like Gecko; compatible; GPTBot/1.3; +https://openai.com/gptbot)"
74.7.242.7 - - [25/Nov/2025:09:42:28 -0500] "GET /wp-json/oembed/1.0/embed?format=xml&url=https%3A%2F%2Fwww.thetradingroom.com%2Fnike-online-casino%2F HTTP/1.1" 200 1097 "-" "Mozilla/5.0 AppleWebKit/537.36 (KHTML, like Gecko; compatible; GPTBot/1.3; +https://openai.com/gptbot)"
45.3.46.100 - - [25/Nov/2025:09:42:28 -0500] "GET /wp-admin/plugin-editor.php HTTP/1.1" 200 30213 "-" "Mozilla/5.0 (Windows NT 10.0; Win64; x64) AppleWebKit/537.36 (KHTML, like Gecko) Chrome/124.0.6367.207 Safari/537.36"
43.153.204.189 - - [25/Nov/2025:09:42:32 -0500] "GET /fast-payout-online-casino/ HTTP/1.1" 200 14273 "-" "Mozilla/5.0 (iPhone; CPU iPhone OS 13_2_3 like Mac OS X) AppleWebKit/605.1.15 (KHTML, like Gecko) Version/13.0.3 Mobile/15E148 Safari/604.1"
45.3.46.100 - - [25/Nov/2025:09:42:35 -0500] "GET /wp-admin/theme-install.php HTTP/1.1" 200 25726 "-" "Mozilla/5.0 (Windows NT 10.0; Win64; x64) AppleWebKit/537.36 (KHTML, like Gecko) Chrome/124.0.6367.207 Safari/537.36"
45.3.46.100 - - [25/Nov/2025:09:42:40 -0500] "GET /wp-admin/plugin-install.php HTTP/1.1" 200 29290 "-" "Mozilla/5.0 (Windows NT 10.0; Win64; x64) AppleWebKit/537.36 (KHTML, like Gecko) Chrome/124.0.6367.207 Safari/537.36"
45.3.46.100 - - [25/Nov/2025:09:42:45 -0500] "POST /wp-admin/update.php?action=upload-plugin HTTP/1.1" 500 1113 "https://www.thetradingroom.com/wp-admin/update.php?action=upload-plugin" "Mozilla/5.0 (Windows NT 10.0; Win64; x64) AppleWebKit/537.36 (KHTML, like Gecko) Chrome/124.0.6367.207 Safari/537.36"
192.185.81.156 - - [25/Nov/2025:09:42:49 -0500] "GET /wp-login.php HTTP/1.1" 200 2681 "-" "Mozilla/5.0 (Macintosh; Intel Mac OS X 10_10_5) AppleWebKit/602.1.50 (KHTML, like Gecko) Version/10.0 Safari/602.1.50"
192.185.81.156 - - [25/Nov/2025:09:42:50 -0500] "POST /wp-login.php HTTP/1.1" 200 2852 "https://www.thetradingroom.com/wp-login.php" "Mozilla/5.0 (Macintosh; Intel Mac OS X 10_10_5) AppleWebKit/602.1.50 (KHTML, like Gecko) Version/10.0 Safari/602.1.50"
45.3.46.100 - - [25/Nov/2025:09:42:56 -0500] "GET /wp-admin/plugins.php?plugin_status=all HTTP/1.1" 200 44777 "-" "Mozilla/5.0 (Windows NT 10.0; Win64; x64) AppleWebKit/537.36 (KHTML, like Gecko) Chrome/124.0.6367.207 Safari/537.36"
45.3.46.100 - - [25/Nov/2025:09:42:59 -0500] "GET /wp-admin/plugins.php?plugin_status=all HTTP/1.1" 200 44774 "-" "Mozilla/5.0 (Windows NT 10.0; Win64; x64) AppleWebKit/537.36 (KHTML, like Gecko) Chrome/124.0.6367.207 Safari/537.36"
45.3.46.100 - - [25/Nov/2025:09:43:03 -0500] "GET /wp-admin/plugins.php?plugin_status=all HTTP/1.1" 200 44773 "-" "Mozilla/5.0 (Windows NT 10.0; Win64; x64) AppleWebKit/537.36 (KHTML, like Gecko) Chrome/124.0.6367.207 Safari/537.36"
45.3.46.100 - - [25/Nov/2025:09:43:09 -0500] "GET /wp-admin/plugins.php?plugin_status=all HTTP/1.1" 200 44773 "-" "Mozilla/5.0 (Windows NT 10.0; Win64; x64) AppleWebKit/537.36 (KHTML, like Gecko) Chrome/124.0.6367.207 Safari/537.36"
216.73.216.80 - - [25/Nov/2025:09:43:12 -0500] "GET /robots.txt HTTP/1.1" 200 105 "-" "Mozilla/5.0 AppleWebKit/537.36 (KHTML, like Gecko; compatible; ClaudeBot/1.0; +claudebot@anthropic.com)"
216.73.216.80 - - [25/Nov/2025:09:43:12 -0500] "GET /casino-ohne-lizenz-aus-deutschland-2025-mit-1000-bonus HTTP/1.1" 301 - "-" "Mozilla/5.0 AppleWebKit/537.36 (KHTML, like Gecko; compatible; ClaudeBot/1.0; +claudebot@anthropic.com)"
216.73.216.80 - - [25/Nov/2025:09:43:13 -0500] "GET /casino-ohne-lizenz-aus-deutschland-2025-mit-1000-bonus/ HTTP/1.1" 200 13665 "https://www.thetradingroom.com/casino-ohne-lizenz-aus-deutschland-2025-mit-1000-bonus" "Mozilla/5.0 AppleWebKit/537.36 (KHTML, like Gecko; compatible; ClaudeBot/1.0; +claudebot@anthropic.com)"
45.3.46.100 - - [25/Nov/2025:09:43:15 -0500] "GET /wp-admin/plugins.php?plugin_status=all HTTP/1.1" 200 44772 "-" "Mozilla/5.0 (Windows NT 10.0; Win64; x64) AppleWebKit/537.36 (KHTML, like Gecko) Chrome/124.0.6367.207 Safari/537.36"
45.3.46.100 - - [25/Nov/2025:09:43:20 -0500] "GET /wp-admin/plugins.php?plugin_status=all HTTP/1.1" 200 44779 "-" "Mozilla/5.0 (Windows NT 10.0; Win64; x64) AppleWebKit/537.36 (KHTML, like Gecko) Chrome/124.0.6367.207 Safari/537.36"
45.3.46.100 - - [25/Nov/2025:09:43:26 -0500] "GET /wp-admin/plugins.php?plugin_status=all HTTP/1.1" 200 44777 "-" "Mozilla/5.0 (Windows NT 10.0; Win64; x64) AppleWebKit/537.36 (KHTML, like Gecko) Chrome/124.0.6367.207 Safari/537.36"
45.3.46.100 - - [25/Nov/2025:09:43:32 -0500] "GET /wp-admin/plugins.php?plugin_status=all HTTP/1.1" 200 44777 "-" "Mozilla/5.0 (Windows NT 10.0; Win64; x64) AppleWebKit/537.36 (KHTML, like Gecko) Chrome/124.0.6367.207 Safari/537.36"
45.3.46.100 - - [25/Nov/2025:09:43:37 -0500] "GET /wp-admin/plugins.php?plugin_status=all HTTP/1.1" 200 44776 "-" "Mozilla/5.0 (Windows NT 10.0; Win64; x64) AppleWebKit/537.36 (KHTML, like Gecko) Chrome/124.0.6367.207 Safari/537.36"
5.35.38.15 - - [25/Nov/2025:09:45:06 -0500] "GET /casino-ohne-lizenz-guru-com/ HTTP/1.1" 200 13556 "-" "Mozilla/5.0 (Windows NT 10.0; Win64; x64) AppleWebKit/537.36 (KHTML, like Gecko) Chrome/114.0.0.0 YaBrowser/22.7.0 Yowser/2.5 Safari/537.36"
162.241.225.132 - - [25/Nov/2025:09:47:00 -0500] "GET /wp-login.php HTTP/1.1" 200 2681 "-" "Mozilla/4.0 (compatible; MSIE 7.0; Windows NT 6.1; WOW64; Trident/7.0; SLCC2; .NET CLR 2.0.50727; .NET4.0C; .NET4.0E; FBViewer-6.0.4.0)"
162.241.225.132 - - [25/Nov/2025:09:47:02 -0500] "POST /wp-login.php HTTP/1.1" 200 2815 "https://www.thetradingroom.com/wp-login.php" "Mozilla/4.0 (compatible; MSIE 7.0; Windows NT 6.1; WOW64; Trident/7.0; SLCC2; .NET CLR 2.0.50727; .NET4.0C; .NET4.0E; FBViewer-6.0.4.0)"
51.75.116.205 - - [25/Nov/2025:09:48:16 -0500] "GET /robots.txt HTTP/1.1" 200 97 "-" "Mozilla/5.0 (compatible; MJ12bot/v1.4.8; http://mj12bot.com/)"
51.75.116.205 - - [25/Nov/2025:09:48:19 -0500] "GET /fast-payout-online-casino/ HTTP/1.1" 200 13880 "-" "Mozilla/5.0 (compatible; MJ12bot/v1.4.8; http://mj12bot.com/)"
216.24.212.253 - - [25/Nov/2025:09:48:44 -0500] "GET / HTTP/1.0" 200 69696 "https://www.thetradingroom.com/" "Mozilla/5.0 (Windows NT 10.0; Win64; x64) AppleWebKit/537.36 (KHTML, like Gecko) Chrome/131.0.0.0 Safari/537.36 Avast/131.0.0.0"
216.24.212.222 - - [25/Nov/2025:09:48:47 -0500] "GET /blog/ HTTP/1.0" 200 89008 "https://www.thetradingroom.com/blog/" "Mozilla/5.0 (Windows NT 10.0; Win64; x64) AppleWebKit/537.36 (KHTML, like Gecko) Chrome/131.0.0.0 Safari/537.36 Avast/131.0.0.0"
216.24.212.253 - - [25/Nov/2025:09:48:50 -0500] "GET /blog/page/2/ HTTP/1.0" 200 89004 "https://www.thetradingroom.com/blog/page/2/" "Mozilla/5.0 (Windows NT 10.0; Win64; x64) AppleWebKit/537.36 (KHTML, like Gecko) Chrome/131.0.0.0 Safari/537.36 Avast/131.0.0.0"
216.24.212.249 - - [25/Nov/2025:09:48:55 -0500] "GET /blog/page/3/ HTTP/1.0" 200 92710 "https://www.thetradingroom.com/blog/page/3/" "Mozilla/5.0 (Windows NT 10.0; Win64; x64) AppleWebKit/537.36 (KHTML, like Gecko) Chrome/131.0.0.0 Safari/537.36 Avast/131.0.0.0"
216.24.212.219 - - [25/Nov/2025:09:49:00 -0500] "GET /blog/page/4/ HTTP/1.0" 200 64453 "https://www.thetradingroom.com/blog/page/4/" "Mozilla/5.0 (Windows NT 10.0; Win64; x64) AppleWebKit/537.36 (KHTML, like Gecko) Chrome/131.0.0.0 Safari/537.36 Avast/131.0.0.0"
216.24.212.212 - - [25/Nov/2025:09:49:04 -0500] "GET /wp-login.php?action=register HTTP/1.0" 302 - "https://www.thetradingroom.com/wp-login.php?action=register" "Mozilla/5.0 (Windows NT 10.0; Win64; x64) AppleWebKit/537.36 (KHTML, like Gecko) Chrome/131.0.0.0 Safari/537.36 Avast/131.0.0.0"
216.24.212.232 - - [25/Nov/2025:09:49:06 -0500] "GET /wp-login.php?registration=disabled HTTP/1.0" 200 8415 "https://www.thetradingroom.com/wp-login.php?registration=disabled" "Mozilla/5.0 (Windows NT 10.0; Win64; x64) AppleWebKit/537.36 (KHTML, like Gecko) Chrome/131.0.0.0 Safari/537.36 Avast/131.0.0.0"
69.63.189.4 - - [25/Nov/2025:09:50:59 -0500] "GET /wp-content/uploads/2024/12/download-300x300.png HTTP/1.1" 200 26654 "-" "facebookexternalhit/1.1 (+http://www.facebook.com/externalhit_uatext.php)"
38.93.230.31 - - [25/Nov/2025:09:51:00 -0500] "POST /wp-cron.php?doing_wp_cron=1764082260.3493709564208984375000 HTTP/1.1" 200 - "-" "WordPress/6.8.3; https://www.thetradingroom.com"
69.63.189.45 - - [25/Nov/2025:09:50:56 -0500] "GET /trading-room/ HTTP/1.1" 200 51311 "-" "meta-webindexer/1.1 (+https://developers.facebook.com/docs/sharing/webmasters/crawler)"
116.179.32.223 - - [25/Nov/2025:09:50:56 -0500] "GET /?i=productsr%2FZ579747.html HTTP/1.1" 200 15381 "-" "Mozilla/5.0 (compatible; Baiduspider/2.0; +http://www.baidu.com/search/spider.html)"
69.63.189.10 - - [25/Nov/2025:09:50:56 -0500] "GET / HTTP/1.1" 200 68391 "-" "meta-webindexer/1.1 (+https://developers.facebook.com/docs/sharing/webmasters/crawler)"
13.223.207.132 - - [25/Nov/2025:09:51:09 -0500] "GET /wp-content/uploads/2013/12/trade-the-london-gold-fix.jpg HTTP/1.1" 200 29302 "-" "Mozilla/5.0 (X11; Ubuntu; Linux x86_64; rv:72.0) Gecko/20100101 Firefox/72.0"
116.179.37.223 - - [25/Nov/2025:09:51:15 -0500] "GET /wp-content/plugins/elementor/assets/js/shared-frontend-handlers.03caa53373b56d3bab67.bundle.min.js HTTP/1.1" 200 2644 "-" "Mozilla/5.0 (compatible; Baiduspider-render/2.0; +http://www.baidu.com/search/spider.html)"
43.157.148.38 - - [25/Nov/2025:09:51:30 -0500] "GET /fast-payout-online-casino/ HTTP/1.1" 200 14272 "-" "Mozilla/5.0 (iPhone; CPU iPhone OS 13_2_3 like Mac OS X) AppleWebKit/605.1.15 (KHTML, like Gecko) Version/13.0.3 Mobile/15E148 Safari/604.1"
116.179.32.170 - - [25/Nov/2025:09:55:55 -0500] "GET /pre-market-report/pre-market-activity-live-trading-room/ HTTP/1.1" 404 11069 "-" "Mozilla/5.0 (compatible; Baiduspider/2.0; +http://www.baidu.com/search/spider.html)"
119.249.100.174 - - [25/Nov/2025:09:56:57 -0500] "GET /pre-market-report/pre-market-activity-live-trading-room/ HTTP/1.1" 404 11069 "-" "Mozilla/5.0 (Windows NT 10.0; WOW64) AppleWebKit/537.36 (KHTML, like Gecko) Chrome/48.0.2564.116 Safari/537.36"
52.167.144.146 - - [25/Nov/2025:09:59:02 -0500] "GET /pre-market-report/pre-market-trading-growth-fears-hit-stocks/attachment/allocation-pie-8-20/ HTTP/1.1" 404 11094 "-" "Mozilla/5.0 AppleWebKit/537.36 (KHTML, like Gecko; compatible; bingbot/2.0; +http://www.bing.com/bingbot.htm) Chrome/116.0.1938.76 Safari/537.36"
207.46.13.130 - - [25/Nov/2025:10:00:11 -0500] "GET /market-outlook-2025/feed/ HTTP/1.1" 200 414 "-" "Mozilla/5.0 AppleWebKit/537.36 (KHTML, like Gecko; compatible; bingbot/2.0; +http://www.bing.com/bingbot.htm) Chrome/116.0.1938.76 Safari/537.36"
114.119.141.203 - - [25/Nov/2025:10:01:45 -0500] "GET /2014/03/07/ HTTP/1.1" 200 15058 "https://www.thetradingroom.com/2014/03/07/" "Mozilla/5.0 (Linux; Android 7.0;) AppleWebKit/537.36 (KHTML, like Gecko) Mobile Safari/537.36 (compatible; PetalBot;+https://webmaster.petalsearch.com/site/petalbot)"
129.226.213.145 - - [25/Nov/2025:10:02:06 -0500] "GET /wp-json/oembed/1.0/embed?url=https%3A%2F%2Fwww.thetradingroom.com%2Ffast-payout-online-casino%2F&format=xml HTTP/1.1" 200 1103 "-" "Mozilla/5.0 (iPhone; CPU iPhone OS 13_2_3 like Mac OS X) AppleWebKit/605.1.15 (KHTML, like Gecko) Version/13.0.3 Mobile/15E148 Safari/604.1"
114.119.132.173 - - [25/Nov/2025:10:03:02 -0500] "GET /wp-content/uploads/2024/12/strategy-room.jpeg HTTP/1.1" 200 14280 "-" "Mozilla/5.0 (Linux; Android 7.0;) AppleWebKit/537.36 (KHTML, like Gecko) Mobile Safari/537.36 (compatible; PetalBot;+https://webmaster.petalsearch.com/site/petalbot)"
103.11.103.4 - - [25/Nov/2025:10:03:09 -0500] "POST /xmlrpc.php HTTP/1.1" 200 225 "-" "Mozilla/5.0 (Windows NT 6.1; WOW64; Trident/7.0; studenthousing.com; rv:11.0) like Gecko"
216.26.233.71 - - [25/Nov/2025:10:03:23 -0500] "GET /wp-login.php HTTP/1.1" 200 2681 "-" "Mozilla/5.0 (Windows NT 10.0; Win64; x64) AppleWebKit/537.36 (KHTML, like Gecko) Chrome/115.0.0.0 Safari/537.36 Edg/115.0.1901.203"
104.207.51.237 - - [25/Nov/2025:10:03:23 -0500] "GET /wp-login.php HTTP/1.1" 200 2681 "-" "Mozilla/5.0 (Windows NT 10.0; Win64; x64) AppleWebKit/537.36 (KHTML, like Gecko) Chrome/115.0.0.0 Safari/537.36 Edg/115.0.1901.203"
216.26.233.71 - - [25/Nov/2025:10:03:26 -0500] "POST /wp-login.php HTTP/1.1" 302 - "https://www.thetradingroom.com/wp-login.php" "Mozilla/5.0 (Windows NT 10.0; Win64; x64) AppleWebKit/537.36 (KHTML, like Gecko) Chrome/115.0.0.0 Safari/537.36 Edg/115.0.1901.203"
104.207.51.237 - - [25/Nov/2025:10:03:26 -0500] "POST /wp-login.php HTTP/1.1" 302 - "https://www.thetradingroom.com/wp-login.php" "Mozilla/5.0 (Windows NT 10.0; Win64; x64) AppleWebKit/537.36 (KHTML, like Gecko) Chrome/115.0.0.0 Safari/537.36 Edg/115.0.1901.203"
216.26.233.71 - - [25/Nov/2025:10:03:30 -0500] "GET /wp-admin/ HTTP/1.1" 200 33178 "https://www.thetradingroom.com/wp-login.php" "Mozilla/5.0 (Windows NT 10.0; Win64; x64) AppleWebKit/537.36 (KHTML, like Gecko) Chrome/115.0.0.0 Safari/537.36 Edg/115.0.1901.203"
104.207.51.237 - - [25/Nov/2025:10:03:30 -0500] "GET /wp-admin/ HTTP/1.1" 200 33185 "https://www.thetradingroom.com/wp-login.php" "Mozilla/5.0 (Windows NT 10.0; Win64; x64) AppleWebKit/537.36 (KHTML, like Gecko) Chrome/115.0.0.0 Safari/537.36 Edg/115.0.1901.203"
216.26.233.71 - - [25/Nov/2025:10:03:34 -0500] "GET /wp-admin/plugin-install.php HTTP/1.1" 200 29288 "https://www.thetradingroom.com/wp-admin/plugin-install.php" "Mozilla/5.0 (Windows NT 10.0; Win64; x64) AppleWebKit/537.36 (KHTML, like Gecko) Chrome/115.0.0.0 Safari/537.36 Edg/115.0.1901.203"
104.207.51.237 - - [25/Nov/2025:10:03:34 -0500] "GET /wp-admin/plugin-install.php HTTP/1.1" 200 29293 "https://www.thetradingroom.com/wp-admin/plugin-install.php" "Mozilla/5.0 (Windows NT 10.0; Win64; x64) AppleWebKit/537.36 (KHTML, like Gecko) Chrome/115.0.0.0 Safari/537.36 Edg/115.0.1901.203"
123.117.114.127 - - [25/Nov/2025:10:06:46 -0500] "GET /pre-market-report/pre-market-trading-report-stocks-bonds-commodities-forex-90/ HTTP/1.1" 404 11083 "-" "Mozilla/5.0 (Windows NT 10.0; WOW64) AppleWebKit/537.36 (KHTML, like Gecko) Chrome/48.0.2564.116 Safari/537.36"
85.208.96.194 - - [25/Nov/2025:10:07:05 -0500] "GET /robots.txt HTTP/1.1" 200 105 "-" "Mozilla/5.0 (compatible; SemrushBot/7~bl; +http://www.semrush.com/bot.html)"
85.208.96.200 - - [25/Nov/2025:10:07:05 -0500] "GET /no-1-casino/ HTTP/1.1" 200 13835 "-" "Mozilla/5.0 (compatible; SemrushBot/7~bl; +http://www.semrush.com/bot.html)"
216.73.216.80 - - [25/Nov/2025:10:08:50 -0500] "GET /online-casino-auszahlung-probleme/feed HTTP/1.1" 301 - "-" "Mozilla/5.0 AppleWebKit/537.36 (KHTML, like Gecko; compatible; ClaudeBot/1.0; +claudebot@anthropic.com)"
216.73.216.80 - - [25/Nov/2025:10:08:52 -0500] "GET /online-casino-auszahlung-probleme/feed/ HTTP/1.1" 200 428 "https://www.thetradingroom.com/online-casino-auszahlung-probleme/feed" "Mozilla/5.0 AppleWebKit/537.36 (KHTML, like Gecko; compatible; ClaudeBot/1.0; +claudebot@anthropic.com)"
104.244.74.116 - - [25/Nov/2025:10:08:54 -0500] "GET /wp-login.php HTTP/1.1" 200 2681 "https://duckduckgo.com/" "Mozilla/5.0 (Windows NT 10.0; Win64; x64) AppleWebKit/537.36 (KHTML, like Gecko) Chrome/118.0.5993.90 Safari/537.36 Edg/118.0.2088.76"
104.244.74.116 - - [25/Nov/2025:10:08:56 -0500] "POST /wp-login.php HTTP/1.1" 200 2818 "https://duckduckgo.com/" "Mozilla/5.0 (Windows NT 10.0; Win64; x64) AppleWebKit/537.36 (KHTML, like Gecko) Chrome/118.0.5993.90 Safari/537.36 Edg/118.0.2088.76"
38.93.230.31 - - [25/Nov/2025:10:10:17 -0500] "POST /wp-cron.php?doing_wp_cron=1764083417.5085759162902832031250 HTTP/1.1" 200 - "-" "WordPress/6.8.3; https://www.thetradingroom.com"
216.73.216.80 - - [25/Nov/2025:10:10:16 -0500] "GET /?p=855 HTTP/1.1" 301 - "-" "Mozilla/5.0 AppleWebKit/537.36 (KHTML, like Gecko; compatible; ClaudeBot/1.0; +claudebot@anthropic.com)"
216.73.216.80 - - [25/Nov/2025:10:10:17 -0500] "GET /online-casino-auszahlung-probleme/ HTTP/1.1" 200 13794 "https://www.thetradingroom.com/?p=855" "Mozilla/5.0 AppleWebKit/537.36 (KHTML, like Gecko; compatible; ClaudeBot/1.0; +claudebot@anthropic.com)"
116.179.32.40 - - [25/Nov/2025:10:11:38 -0500] "GET /?i=productse%2FZ441271.html HTTP/1.1" 200 15381 "-" "Mozilla/5.0 (compatible; Baiduspider/2.0; +http://www.baidu.com/search/spider.html)"
116.179.37.45 - - [25/Nov/2025:10:11:53 -0500] "GET /wp-content/plugins/elementor/assets/js/shared-frontend-handlers.03caa53373b56d3bab67.bundle.min.js HTTP/1.1" 200 2644 "-" "Mozilla/5.0 (compatible; Baiduspider-render/2.0; +http://www.baidu.com/search/spider.html)"
23.23.180.225 - - [25/Nov/2025:10:15:05 -0500] "GET /2025/11/24/ HTTP/1.1" 200 15081 "-" "Mozilla/5.0 AppleWebKit/537.36 (KHTML, like Gecko; compatible; Amazonbot/0.1; +https://developer.amazon.com/support/amazonbot) Chrome/119.0.6045.214 Safari/537.36"
8.222.228.16 - - [25/Nov/2025:10:15:06 -0500] "GET /wp-admin/ HTTP/1.1" 302 - "http://thetradingroom.com/wp-admin/" "Mozilla/5.0 (Windows NT 10.0; Win64; x64) AppleWebKit/537.36 (KHTML, like Gecko) Chrome/90.0.4430.85 Safari/537.36"
8.222.228.16 - - [25/Nov/2025:10:15:09 -0500] "GET /wp-login.php?redirect_to=https%3A%2F%2Fwww.thetradingroom.com%2Fwp-admin%2F&reauth=1 HTTP/1.1" 200 2681 "http://thetradingroom.com/wp-admin/" "Mozilla/5.0 (Windows NT 10.0; Win64; x64) AppleWebKit/537.36 (KHTML, like Gecko) Chrome/90.0.4430.85 Safari/537.36"
8.222.228.16 - - [25/Nov/2025:10:15:15 -0500] "POST /wp-login.php HTTP/1.1" 200 2806 "http://thetradingroom.com/wp-admin/" "Mozilla/5.0 (Windows NT 10.0; Win64; x64) AppleWebKit/537.36 (KHTML, like Gecko) Chrome/90.0.4430.85 Safari/537.36"
8.222.228.16 - - [25/Nov/2025:10:15:17 -0500] "GET /wp-admin/ HTTP/1.1" 302 - "www.google.com" "Mozilla/5.0 (Windows NT 10.0; Win64; x64) AppleWebKit/537.36 (KHTML, like Gecko) Chrome/90.0.4430.85 Safari/537.36"
8.222.228.16 - - [25/Nov/2025:10:15:18 -0500] "GET /wp-login.php?redirect_to=https%3A%2F%2Fwww.thetradingroom.com%2Fwp-admin%2F&reauth=1 HTTP/1.1" 200 2681 "www.google.com" "Mozilla/5.0 (Windows NT 10.0; Win64; x64) AppleWebKit/537.36 (KHTML, like Gecko) Chrome/90.0.4430.85 Safari/537.36"
116.179.32.240 - - [25/Nov/2025:10:16:45 -0500] "GET /trading-room/short-copper-trade-jim-g-riosquant-member/attachment/2-member-trade-11-19/ HTTP/1.1" 404 11091 "-" "Mozilla/5.0 (compatible; Baiduspider/2.0; +http://www.baidu.com/search/spider.html)"
66.249.82.167 - - [25/Nov/2025:10:17:41 -0500] "GET /.well-known/traffic-advice HTTP/1.1" 404 11058 "-" "Chrome Privacy Preserving Prefetch Proxy"
193.186.4.157 - - [25/Nov/2025:10:17:41 -0500] "GET / HTTP/1.1" 200 15760 "https://www.google.com/" "Mozilla/5.0 (Windows NT 10.0; Win64; x64) AppleWebKit/537.36 (KHTML, like Gecko) Chrome/142.0.0.0 Safari/537.36"
184.174.36.218 - - [25/Nov/2025:10:18:05 -0500] "POST /xmlrpc.php HTTP/1.1" 200 401 "-" "Mozilla/4.0 (compatible; MSIE 7.0; Windows NT 6.1; WOW64; Trident/7.0; SLCC2; .NET CLR 2.0.50727; .NET CLR 3.5.30729; .NET CLR 3.0.30729; Media Center PC 6.0; .NET4.0C; .NET4.0E; InfoPath.3; MS-RTC LM 8)"
216.238.105.60 - - [25/Nov/2025:10:18:06 -0500] "POST /xmlrpc.php HTTP/1.1" 200 178 "-" "Mozilla/5.0 (Windows NT 10.0; Win64; x64) AppleWebKit/537.36 (KHTML, like Gecko) Chrome/114.0.0.0 Safari/537.36"
216.238.105.60 - - [25/Nov/2025:10:18:06 -0500] "POST /xmlrpc.php HTTP/1.1" 200 178 "-" "Mozilla/5.0 (Windows NT 10.0; Win64; x64) AppleWebKit/537.36 (KHTML, like Gecko) Chrome/114.0.0.0 Safari/537.36"
38.93.230.31 - - [25/Nov/2025:10:18:18 -0500] "POST /wp-cron.php?doing_wp_cron=1764083898.4755430221557617187500 HTTP/1.1" 200 - "-" "WordPress/6.8.3; https://www.thetradingroom.com"
216.238.105.60 - - [25/Nov/2025:10:18:15 -0500] "POST /xmlrpc.php HTTP/1.1" 200 3296 "-" "Mozilla/5.0 (Windows NT 10.0; Win64; x64) AppleWebKit/537.36 (KHTML, like Gecko) Chrome/114.0.0.0 Safari/537.36"
216.238.105.60 - - [25/Nov/2025:10:18:15 -0500] "POST /xmlrpc.php HTTP/1.1" 200 3300 "-" "Mozilla/5.0 (Windows NT 10.0; Win64; x64) AppleWebKit/537.36 (KHTML, like Gecko) Chrome/114.0.0.0 Safari/537.36"
216.238.105.60 - - [25/Nov/2025:10:18:20 -0500] "GET /test-post-title/ HTTP/1.1" 200 47214 "-" "Mozilla/5.0 (Windows NT 10.0; Win64; x64; rv:124.0) Gecko/20100101 Firefox/124.0"
216.238.105.60 - - [25/Nov/2025:10:18:20 -0500] "GET /test-post-title-2/ HTTP/1.1" 200 47209 "-" "Mozilla/5.0 (Windows NT 10.0; Win64; x64) AppleWebKit/537.36 (KHTML, like Gecko) Chrome/124.0.0.0 Safari/537.36 Edg/124.0.0.0"
216.238.105.60 - - [25/Nov/2025:10:18:24 -0500] "POST /xmlrpc.php HTTP/1.1" 200 178 "-" "Mozilla/5.0 (Windows NT 10.0; Win64; x64) AppleWebKit/537.36 (KHTML, like Gecko) Chrome/114.0.0.0 Safari/537.36"
216.238.105.60 - - [25/Nov/2025:10:18:25 -0500] "POST /xmlrpc.php HTTP/1.1" 200 178 "-" "Mozilla/5.0 (Windows NT 10.0; Win64; x64) AppleWebKit/537.36 (KHTML, like Gecko) Chrome/114.0.0.0 Safari/537.36"
178.33.187.202 - - [25/Nov/2025:10:18:57 -0500] "GET /casino-ohne-lizenz-guru-com/ HTTP/1.1" 200 13557 "-" "Mozilla/5.0 (Macintosh; Intel Mac OS X 10_14_1) AppleWebKit/537.36 (KHTML, like Gecko) Chrome/71.0.3578.62 Safari/537.36"
86.54.25.22 - - [25/Nov/2025:10:20:59 -0500] "GET / HTTP/1.1" 301 - "-" "Python/3.11 aiohttp/3.12.13"
86.54.25.22 - - [25/Nov/2025:10:21:01 -0500] "GET / HTTP/1.1" 200 15357 "-" "Python/3.11 aiohttp/3.12.13"
116.179.32.138 - - [25/Nov/2025:10:21:47 -0500] "GET /?i=productse%2FA231920.html HTTP/1.1" 200 15380 "-" "Mozilla/5.0 (compatible; Baiduspider/2.0; +http://www.baidu.com/search/spider.html)"
45.10.70.230 - - [25/Nov/2025:10:21:55 -0500] "GET https://www.thetradingroom.com/understanding-risk-on-and-risk-off-sectors/ HTTP/1.1" 301 - "-" "Mozilla/5.0 (Macintosh; Intel Mac OS X 10_15_7) AppleWebKit/537.36 (KHTML, like Gecko) Chrome/125.0.0.0 Safari/537.36"
43.130.67.6 - - [25/Nov/2025:10:22:48 -0500] "GET /demo-casino-games/ HTTP/1.1" 200 13815 "-" "Mozilla/5.0 (iPhone; CPU iPhone OS 13_2_3 like Mac OS X) AppleWebKit/605.1.15 (KHTML, like Gecko) Version/13.0.3 Mobile/15E148 Safari/604.1"
43.173.180.171 - - [25/Nov/2025:10:24:56 -0500] "GET /correlations-between-nasdaq-and-dow-jones-futures HTTP/1.1" 301 - "-" "Mozilla/5.0 (Windows NT 6.1; Win64; x64) AppleWebKit/537.36 (KHTML, like Gecko) Chrome/126.0.6478.114 Safari/537.36"
43.173.180.171 - - [25/Nov/2025:10:24:57 -0500] "GET /correlations-between-nasdaq-and-dow-jones-futures/ HTTP/1.1" 200 15419 "https://www.thetradingroom.com/correlations-between-nasdaq-and-dow-jones-futures" "Mozilla/5.0 (Windows NT 6.1; Win64; x64) AppleWebKit/537.36 (KHTML, like Gecko) Chrome/126.0.6478.114 Safari/537.36"
43.173.182.36 - - [25/Nov/2025:10:25:01 -0500] "GET /wp-includes/js/dist/i18n.min.js?ver=5e580eb46a90c2b997e6 HTTP/1.1" 200 3667 "-" "Mozilla/5.0 (Windows NT 6.1; Win64; x64) AppleWebKit/537.36 (KHTML, like Gecko) Chrome/126.0.6478.114 Safari/537.36"
43.173.181.94 - - [25/Nov/2025:10:25:01 -0500] "GET /wp-content/uploads/elementor/css/post-392.css?ver=1764075094 HTTP/1.1" 200 127 "-" "Mozilla/5.0 (Windows NT 6.1; Win64; x64) AppleWebKit/537.36 (KHTML, like Gecko) Chrome/126.0.6478.114 Safari/537.36"
43.173.173.48 - - [25/Nov/2025:10:25:01 -0500] "GET /wp-content/uploads/elementor/css/post-8.css?ver=1764075094 HTTP/1.1" 200 475 "-" "Mozilla/5.0 (Windows NT 6.1; Win64; x64) AppleWebKit/537.36 (KHTML, like Gecko) Chrome/126.0.6478.114 Safari/537.36"
43.173.173.114 - - [25/Nov/2025:10:25:02 -0500] "GET /wp-content/uploads/elementor/css/post-144.css?ver=1764075094 HTTP/1.1" 200 1589 "-" "Mozilla/5.0 (Windows NT 6.1; Win64; x64) AppleWebKit/537.36 (KHTML, like Gecko) Chrome/126.0.6478.114 Safari/537.36"
69.49.112.75 - - [25/Nov/2025:10:25:04 -0500] "GET /wp-login.php HTTP/1.1" 200 2681 "-" "Mozilla/5.0 (Windows NT 10.0; Win64; x64; Trident/7.0; rv:11.0) like Gecko"
69.49.112.75 - - [25/Nov/2025:10:25:05 -0500] "POST /wp-login.php HTTP/1.1" 200 2815 "https://www.thetradingroom.com/wp-login.php" "Mozilla/5.0 (Windows NT 10.0; Win64; x64; Trident/7.0; rv:11.0) like Gecko"
104.244.73.57 - - [25/Nov/2025:10:26:50 -0500] "GET /wp-login.php HTTP/1.1" 200 2681 "https://www.bing.com/" "Mozilla/5.0 (Windows NT 10.0; Win64; x64; rv:120.0) Gecko/20100101 Firefox/120.0"
