File: /home/thetradingroom/access-logs/thetradingroom.com-ssl_log
69.48.205.45 - - [25/Nov/2025:07:07:26 -0500] "POST /xmlrpc.php HTTP/1.1" 200 225 "-" "Mozilla/5.0 (Windows NT 10.0; WOW64) AppleWebKit/537.36 (KHTML, like Gecko) Chrome/65.0.3325.162 Safari/537.36"
114.119.133.26 - - [25/Nov/2025:07:07:56 -0500] "GET /tag/dow-futures/ HTTP/1.1" 200 15133 "https://www.thetradingroom.com/tag/dow-futures/" "Mozilla/5.0 (Linux; Android 7.0;) AppleWebKit/537.36 (KHTML, like Gecko) Mobile Safari/537.36 (compatible; PetalBot;+https://webmaster.petalsearch.com/site/petalbot)"
114.119.150.140 - - [25/Nov/2025:07:09:14 -0500] "GET /2018/11 HTTP/1.1" 301 - "https://www.thetradingroom.com/2018/11" "Mozilla/5.0 (Linux; Android 7.0;) AppleWebKit/537.36 (KHTML, like Gecko) Mobile Safari/537.36 (compatible; PetalBot;+https://webmaster.petalsearch.com/site/petalbot)"
114.119.150.140 - - [25/Nov/2025:07:09:16 -0500] "GET /2018/11/ HTTP/1.1" 200 15026 "https://www.thetradingroom.com/2018/11" "Mozilla/5.0 (Linux; Android 7.0;) AppleWebKit/537.36 (KHTML, like Gecko) Mobile Safari/537.36 (compatible; PetalBot;+https://webmaster.petalsearch.com/site/petalbot)"
38.93.230.31 - - [25/Nov/2025:07:10:15 -0500] "POST /wp-cron.php?doing_wp_cron=1764072614.9777450561523437500000 HTTP/1.1" 200 - "-" "WordPress/6.8.3; https://www.thetradingroom.com"
75.97.206.53 - - [25/Nov/2025:07:10:13 -0500] "HEAD / HTTP/1.1" 301 - "https://thetradingroom.com" "Mozilla/5.0 (Windows NT 10.0; Win64; x64) AppleWebKit/537.36 (KHTML, like Gecko) Chrome/100.0.4896.127 Safari/537.36"
75.97.206.53 - - [25/Nov/2025:07:10:15 -0500] "HEAD / HTTP/1.1" 200 - "https://thetradingroom.com" "Mozilla/5.0 (Windows NT 10.0; Win64; x64) AppleWebKit/537.36 (KHTML, like Gecko) Chrome/100.0.4896.127 Safari/537.36"
75.97.206.53 - - [25/Nov/2025:07:10:17 -0500] "GET / HTTP/1.1" 301 - "https://thetradingroom.com" "Mozilla/5.0 (Windows NT 10.0; Win64; x64) AppleWebKit/537.36 (KHTML, like Gecko) Chrome/100.0.4896.127 Safari/537.36"
75.97.206.53 - - [25/Nov/2025:07:10:18 -0500] "GET / HTTP/1.1" 200 15352 "https://thetradingroom.com" "Mozilla/5.0 (Windows NT 10.0; Win64; x64) AppleWebKit/537.36 (KHTML, like Gecko) Chrome/100.0.4896.127 Safari/537.36"
114.119.149.3 - - [25/Nov/2025:07:10:29 -0500] "GET /2018/04/05/ HTTP/1.1" 200 15029 "https://www.thetradingroom.com/2018/04/05/page/2" "Mozilla/5.0 (Linux; Android 7.0;) AppleWebKit/537.36 (KHTML, like Gecko) Mobile Safari/537.36 (compatible; PetalBot;+https://webmaster.petalsearch.com/site/petalbot)"
220.181.108.105 - - [25/Nov/2025:07:11:37 -0500] "GET /?i=productse%2FL1073759.html HTTP/1.1" 200 15376 "-" "Mozilla/5.0 (compatible; Baiduspider/2.0; +http://www.baidu.com/search/spider.html)"
116.179.37.221 - - [25/Nov/2025:07:11:46 -0500] "GET /wp-content/plugins/elementor/assets/js/frontend-modules.min.js?ver=3.33.2 HTTP/1.1" 200 23929 "-" "Mozilla/5.0 (compatible; Baiduspider-render/2.0; +http://www.baidu.com/search/spider.html)"
116.179.37.13 - - [25/Nov/2025:07:11:46 -0500] "GET /wp-content/plugins/elementor/assets/js/webpack.runtime.min.js?ver=3.33.2 HTTP/1.1" 200 2481 "-" "Mozilla/5.0 (compatible; Baiduspider-render/2.0; +http://www.baidu.com/search/spider.html)"
116.179.37.135 - - [25/Nov/2025:07:11:47 -0500] "GET /wp-content/uploads/elementor/css/post-8.css?ver=1764022850 HTTP/1.1" 200 475 "-" "Mozilla/5.0 (compatible; Baiduspider-render/2.0; +http://www.baidu.com/search/spider.html)"
114.119.141.203 - - [25/Nov/2025:07:11:46 -0500] "GET /2014/08 HTTP/1.1" 301 - "https://www.thetradingroom.com/2014/08/08" "Mozilla/5.0 (Linux; Android 7.0;) AppleWebKit/537.36 (KHTML, like Gecko) Mobile Safari/537.36 (compatible; PetalBot;+https://webmaster.petalsearch.com/site/petalbot)"
116.179.37.60 - - [25/Nov/2025:07:11:49 -0500] "GET /wp-content/plugins/elementor-pro/assets/js/frontend.min.js?ver=3.33.1 HTTP/1.1" 200 6433 "-" "Mozilla/5.0 (compatible; Baiduspider-render/2.0; +http://www.baidu.com/search/spider.html)"
116.179.37.194 - - [25/Nov/2025:07:11:49 -0500] "GET /wp-content/plugins/essential-addons-for-elementor-lite/assets/front-end/js/view/general.min.js?ver=6.5.1 HTTP/1.1" 200 4106 "-" "Mozilla/5.0 (compatible; Baiduspider-render/2.0; +http://www.baidu.com/search/spider.html)"
114.119.141.203 - - [25/Nov/2025:07:11:48 -0500] "GET /2014/08/ HTTP/1.1" 200 15027 "https://www.thetradingroom.com/2014/08/08" "Mozilla/5.0 (Linux; Android 7.0;) AppleWebKit/537.36 (KHTML, like Gecko) Mobile Safari/537.36 (compatible; PetalBot;+https://webmaster.petalsearch.com/site/petalbot)"
116.179.37.163 - - [25/Nov/2025:07:11:51 -0500] "GET /wp-content/plugins/elementor/assets/js/frontend.min.js?ver=3.33.2 HTTP/1.1" 200 10325 "-" "Mozilla/5.0 (compatible; Baiduspider-render/2.0; +http://www.baidu.com/search/spider.html)"
116.179.37.80 - - [25/Nov/2025:07:11:51 -0500] "GET /wp-content/plugins/unlimited-elements-for-elementor/assets_libraries/lity/lity.min.js?ver=2.0 HTTP/1.1" 200 2932 "-" "Mozilla/5.0 (compatible; Baiduspider-render/2.0; +http://www.baidu.com/search/spider.html)"
114.119.132.173 - - [25/Nov/2025:07:13:01 -0500] "GET /2016/11/09/page/2/ HTTP/1.1" 200 14803 "https://www.thetradingroom.com/2016/11/09" "Mozilla/5.0 (Linux; Android 7.0;) AppleWebKit/537.36 (KHTML, like Gecko) Mobile Safari/537.36 (compatible; PetalBot;+https://webmaster.petalsearch.com/site/petalbot)"
38.93.230.31 - - [25/Nov/2025:07:14:16 -0500] "POST /wp-cron.php?doing_wp_cron=1764072856.8076019287109375000000 HTTP/1.1" 200 - "-" "WordPress/6.8.3; https://www.thetradingroom.com"
114.119.135.57 - - [25/Nov/2025:07:14:15 -0500] "GET /2018/07/31/page/3/ HTTP/1.1" 200 15609 "https://www.thetradingroom.com/2018/07/31/page/2" "Mozilla/5.0 (Linux; Android 7.0;) AppleWebKit/537.36 (KHTML, like Gecko) Mobile Safari/537.36 (compatible; PetalBot;+https://webmaster.petalsearch.com/site/petalbot)"
40.116.73.210 - - [25/Nov/2025:07:14:33 -0500] "GET /understanding-risk-on-and-risk-off-sectors/ HTTP/1.1" 200 14468 "-" "Mozilla/5.0 AppleWebKit/537.36 (KHTML, like Gecko); compatible; ChatGPT-User/1.0; +https://openai.com/bot"
40.116.73.213 - - [25/Nov/2025:07:14:47 -0500] "GET / HTTP/1.1" 301 - "-" "Mozilla/5.0 AppleWebKit/537.36 (KHTML, like Gecko); compatible; ChatGPT-User/1.0; +https://openai.com/bot"
40.116.73.210 - - [25/Nov/2025:07:14:48 -0500] "GET / HTTP/1.1" 200 15352 "-" "Mozilla/5.0 AppleWebKit/537.36 (KHTML, like Gecko); compatible; ChatGPT-User/1.0; +https://openai.com/bot"
43.173.173.181 - - [25/Nov/2025:07:14:51 -0500] "GET /tag/euro HTTP/1.1" 301 - "-" "Mozilla/5.0 (Windows NT 6.1; Win64; x64) AppleWebKit/537.36 (KHTML, like Gecko) Chrome/126.0.6478.114 Safari/537.36"
43.173.173.181 - - [25/Nov/2025:07:14:53 -0500] "GET /tag/euro/ HTTP/1.1" 200 15121 "https://www.thetradingroom.com/tag/euro" "Mozilla/5.0 (Windows NT 6.1; Win64; x64) AppleWebKit/537.36 (KHTML, like Gecko) Chrome/126.0.6478.114 Safari/537.36"
106.38.226.161 - - [25/Nov/2025:07:15:05 -0500] "GET /wp-content/uploads/2014/05/get-your-report-my-fav.jpg HTTP/1.1" 200 61198 "-" "Mozilla/5.0 (compatible; LAIONDownloader/2.0)"
114.119.132.173 - - [25/Nov/2025:07:15:32 -0500] "GET /2015/05/26/page/2/ HTTP/1.1" 200 14803 "https://www.thetradingroom.com/2015/05/26/page/2/" "Mozilla/5.0 (Linux; Android 7.0;) AppleWebKit/537.36 (KHTML, like Gecko) Mobile Safari/537.36 (compatible; PetalBot;+https://webmaster.petalsearch.com/site/petalbot)"
114.119.150.140 - - [25/Nov/2025:07:16:50 -0500] "GET /2014/06/24/page/2 HTTP/1.1" 301 - "https://www.thetradingroom.com/2014/06/24/page/2" "Mozilla/5.0 (Linux; Android 7.0;) AppleWebKit/537.36 (KHTML, like Gecko) Mobile Safari/537.36 (compatible; PetalBot;+https://webmaster.petalsearch.com/site/petalbot)"
114.119.150.140 - - [25/Nov/2025:07:16:52 -0500] "GET /2014/06/24/page/2/ HTTP/1.1" 200 14801 "https://www.thetradingroom.com/2014/06/24/page/2" "Mozilla/5.0 (Linux; Android 7.0;) AppleWebKit/537.36 (KHTML, like Gecko) Mobile Safari/537.36 (compatible; PetalBot;+https://webmaster.petalsearch.com/site/petalbot)"
114.119.141.203 - - [25/Nov/2025:07:18:09 -0500] "GET /2014/03/03/page/3/ HTTP/1.1" 200 15604 "https://www.thetradingroom.com/2014/03/03/page/2" "Mozilla/5.0 (Linux; Android 7.0;) AppleWebKit/537.36 (KHTML, like Gecko) Mobile Safari/537.36 (compatible; PetalBot;+https://webmaster.petalsearch.com/site/petalbot)"
114.119.135.57 - - [25/Nov/2025:07:19:19 -0500] "GET /2014/02/12/page/2 HTTP/1.1" 301 - "-" "Mozilla/5.0 (Linux; Android 7.0;) AppleWebKit/537.36 (KHTML, like Gecko) Mobile Safari/537.36 (compatible; PetalBot;+https://webmaster.petalsearch.com/site/petalbot)"
114.119.135.57 - - [25/Nov/2025:07:19:21 -0500] "GET /2014/02/12/page/2/ HTTP/1.1" 200 14804 "-" "Mozilla/5.0 (Linux; Android 7.0;) AppleWebKit/537.36 (KHTML, like Gecko) Mobile Safari/537.36 (compatible; PetalBot;+https://webmaster.petalsearch.com/site/petalbot)"
201.157.202.54 - - [25/Nov/2025:07:19:25 -0500] "GET https://www.thetradingroom.com/sector-rotation-for-active-futures-traders-capitalizing-on-market-cycles/ HTTP/1.1" 301 - "-" "Mozilla/5.0 (Macintosh; Intel Mac OS X 10_15_7) AppleWebKit/537.36 (KHTML, like Gecko) Chrome/125.0.0.0 Safari/537.36"
114.119.135.57 - - [25/Nov/2025:07:20:35 -0500] "GET /2013/12/30/ HTTP/1.1" 200 15030 "https://www.thetradingroom.com/2013/12/30" "Mozilla/5.0 (Linux; Android 7.0;) AppleWebKit/537.36 (KHTML, like Gecko) Mobile Safari/537.36 (compatible; PetalBot;+https://webmaster.petalsearch.com/site/petalbot)"
102.96.120.254 - - [25/Nov/2025:07:20:58 -0500] "GET https://www.thetradingroom.com/live-trade-2-25-2013/ HTTP/1.1" 301 - "-" "Mozilla/5.0 (Macintosh; Intel Mac OS X 10_15_7) AppleWebKit/537.36 (KHTML, like Gecko) Chrome/125.0.0.0 Safari/537.36"
179.125.129.129 - - [25/Nov/2025:07:21:15 -0500] "GET https://www.thetradingroom.com/live-trade-2-25-2013/ HTTP/1.1" 301 - "-" "Mozilla/5.0 (Macintosh; Intel Mac OS X 10_15_7) AppleWebKit/537.36 (KHTML, like Gecko) Chrome/125.0.0.0 Safari/537.36"
114.119.149.254 - - [25/Nov/2025:07:21:53 -0500] "GET /2013/03/17/page/2 HTTP/1.1" 301 - "-" "Mozilla/5.0 (Linux; Android 7.0;) AppleWebKit/537.36 (KHTML, like Gecko) Mobile Safari/537.36 (compatible; PetalBot;+https://webmaster.petalsearch.com/site/petalbot)"
114.119.149.254 - - [25/Nov/2025:07:21:55 -0500] "GET /2013/03/17/page/2/ HTTP/1.1" 200 14803 "-" "Mozilla/5.0 (Linux; Android 7.0;) AppleWebKit/537.36 (KHTML, like Gecko) Mobile Safari/537.36 (compatible; PetalBot;+https://webmaster.petalsearch.com/site/petalbot)"
114.119.149.254 - - [25/Nov/2025:07:23:07 -0500] "GET /2014/06/09/page/2/ HTTP/1.1" 200 14803 "https://www.thetradingroom.com/2014/06/09" "Mozilla/5.0 (Linux; Android 7.0;) AppleWebKit/537.36 (KHTML, like Gecko) Mobile Safari/537.36 (compatible; PetalBot;+https://webmaster.petalsearch.com/site/petalbot)"
220.181.108.80 - - [25/Nov/2025:07:23:33 -0500] "GET /pre-market-trading-report-stocks-bonds-commodities-forex-84/ HTTP/1.1" 404 11081 "-" "Mozilla/5.0 (compatible; Baiduspider/2.0; +http://www.baidu.com/search/spider.html)"
114.119.152.161 - - [25/Nov/2025:07:24:24 -0500] "GET /2018/10/25/ HTTP/1.1" 200 15029 "https://www.thetradingroom.com/2018/10/25/page/2" "Mozilla/5.0 (Linux; Android 7.0;) AppleWebKit/537.36 (KHTML, like Gecko) Mobile Safari/537.36 (compatible; PetalBot;+https://webmaster.petalsearch.com/site/petalbot)"
103.7.41.205 - - [25/Nov/2025:07:27:08 -0500] "POST /xmlrpc.php HTTP/1.1" 200 225 "-" "Mozilla/5.0 (Windows NT 10.0; WOW64; Trident/7.0; Touch; MASAJS; rv:11.0) like Gecko"
157.1.136.10 - - [25/Nov/2025:07:27:38 -0500] "GET /robots.txt HTTP/1.1" 200 105 "-" "Mozilla/5.0 (compatible; Cotoyogi/4.0; +https://ds.rois.ac.jp/center8/crawler/)"
74.50.118.211 - - [25/Nov/2025:07:30:03 -0500] "GET /wp-login.php HTTP/1.1" 200 2681 "-" "Mozilla/5.0 (X11; CrOS armv7l 10323.67.0) AppleWebKit/537.36 (KHTML, like Gecko) Chrome/65.0.3325.209 Safari/537.36"
74.50.118.211 - - [25/Nov/2025:07:30:04 -0500] "POST /wp-login.php HTTP/1.1" 200 2852 "https://www.thetradingroom.com/wp-login.php" "Mozilla/5.0 (X11; CrOS armv7l 10323.67.0) AppleWebKit/537.36 (KHTML, like Gecko) Chrome/65.0.3325.209 Safari/537.36"
220.181.108.177 - - [25/Nov/2025:07:30:14 -0500] "GET /research-analysis/week-ahead-global-financial-markets-9/ HTTP/1.1" 404 11077 "-" "Mozilla/5.0 (compatible; Baiduspider/2.0; +http://www.baidu.com/search/spider.html)"
136.243.220.211 - - [25/Nov/2025:07:33:04 -0500] "GET /demo-casino-games/ HTTP/1.1" 200 13425 "-" "Mozilla/5.0 (compatible; DataForSeoBot/1.0; +https://dataforseo.com/dataforseo-bot)"
136.243.220.211 - - [25/Nov/2025:07:33:33 -0500] "GET /tag/amonbet-casino-review/ HTTP/1.1" 200 15110 "-" "Mozilla/5.0 (compatible; DataForSeoBot/1.0; +https://dataforseo.com/dataforseo-bot)"
136.243.220.211 - - [25/Nov/2025:07:34:35 -0500] "GET /casino-online-spielen-echtgeld/ HTTP/1.1" 200 13217 "-" "Mozilla/5.0 (compatible; DataForSeoBot/1.0; +https://dataforseo.com/dataforseo-bot)"
136.243.220.211 - - [25/Nov/2025:07:34:40 -0500] "GET /50-taka-deposit-casino-real-money/ HTTP/1.1" 200 13793 "-" "Mozilla/5.0 (compatible; DataForSeoBot/1.0; +https://dataforseo.com/dataforseo-bot)"
136.243.220.211 - - [25/Nov/2025:07:34:45 -0500] "GET /aktive-casino-promo-codes-for-free-chips/ HTTP/1.1" 200 13088 "-" "Mozilla/5.0 (compatible; DataForSeoBot/1.0; +https://dataforseo.com/dataforseo-bot)"
136.243.220.211 - - [25/Nov/2025:07:34:49 -0500] "GET /category/tenexcasino/ HTTP/1.1" 200 15114 "-" "Mozilla/5.0 (compatible; DataForSeoBot/1.0; +https://dataforseo.com/dataforseo-bot)"
136.243.220.211 - - [25/Nov/2025:07:34:53 -0500] "GET /category/instantcasino/ HTTP/1.1" 200 15114 "-" "Mozilla/5.0 (compatible; DataForSeoBot/1.0; +https://dataforseo.com/dataforseo-bot)"
136.243.220.211 - - [25/Nov/2025:07:34:57 -0500] "GET /2025/11/25/ HTTP/1.1" 200 15058 "-" "Mozilla/5.0 (compatible; DataForSeoBot/1.0; +https://dataforseo.com/dataforseo-bot)"
136.243.220.211 - - [25/Nov/2025:07:35:00 -0500] "GET /category/catspinscasino/ HTTP/1.1" 200 15129 "-" "Mozilla/5.0 (compatible; DataForSeoBot/1.0; +https://dataforseo.com/dataforseo-bot)"
136.243.220.211 - - [25/Nov/2025:07:35:04 -0500] "GET /casino-ohne-lizenz-mit-drip/ HTTP/1.1" 200 13350 "-" "Mozilla/5.0 (compatible; DataForSeoBot/1.0; +https://dataforseo.com/dataforseo-bot)"
136.243.220.211 - - [25/Nov/2025:07:35:08 -0500] "GET /category/casinoamonbet/ HTTP/1.1" 200 15117 "-" "Mozilla/5.0 (compatible; DataForSeoBot/1.0; +https://dataforseo.com/dataforseo-bot)"
136.243.220.211 - - [25/Nov/2025:07:35:12 -0500] "GET /category/rodeoslotcasino/ HTTP/1.1" 200 15120 "-" "Mozilla/5.0 (compatible; DataForSeoBot/1.0; +https://dataforseo.com/dataforseo-bot)"
136.243.220.211 - - [25/Nov/2025:07:35:16 -0500] "GET /category/711casino/ HTTP/1.1" 200 15148 "-" "Mozilla/5.0 (compatible; DataForSeoBot/1.0; +https://dataforseo.com/dataforseo-bot)"
136.243.220.211 - - [25/Nov/2025:07:35:20 -0500] "GET /tag/amonbet-casino-review/page/4/ HTTP/1.1" 200 13539 "-" "Mozilla/5.0 (compatible; DataForSeoBot/1.0; +https://dataforseo.com/dataforseo-bot)"
136.243.220.211 - - [25/Nov/2025:07:35:24 -0500] "GET /ontdek-de-geheimen-van-kansberekening-bij-711-casino/ HTTP/1.1" 200 12645 "-" "Mozilla/5.0 (compatible; DataForSeoBot/1.0; +https://dataforseo.com/dataforseo-bot)"
136.243.220.211 - - [25/Nov/2025:07:35:29 -0500] "GET /casino-80-freispiele-ohne-einzahlung/ HTTP/1.1" 200 13499 "-" "Mozilla/5.0 (compatible; DataForSeoBot/1.0; +https://dataforseo.com/dataforseo-bot)"
136.243.220.211 - - [25/Nov/2025:07:35:32 -0500] "GET /tag/amonbet-casino-review/page/3/ HTTP/1.1" 200 15689 "-" "Mozilla/5.0 (compatible; DataForSeoBot/1.0; +https://dataforseo.com/dataforseo-bot)"
136.243.220.211 - - [25/Nov/2025:07:35:37 -0500] "GET /tag/amonbet-casino-review/page/2/ HTTP/1.1" 200 14880 "-" "Mozilla/5.0 (compatible; DataForSeoBot/1.0; +https://dataforseo.com/dataforseo-bot)"
136.243.220.211 - - [25/Nov/2025:07:35:41 -0500] "GET /casino-reims/ HTTP/1.1" 200 15811 "-" "Mozilla/5.0 (compatible; DataForSeoBot/1.0; +https://dataforseo.com/dataforseo-bot)"
157.1.136.10 - - [25/Nov/2025:07:36:20 -0500] "GET /premarket-trading-fed-chair-yellen-speaks/ HTTP/1.1" 404 11069 "https://tax-mfm.com/due-diligence-list/" "Mozilla/5.0 (compatible; Cotoyogi/4.0; +https://ds.rois.ac.jp/center8/crawler/)"
136.243.220.211 - - [25/Nov/2025:07:36:32 -0500] "GET /category/bonanzacirtycasino/ HTTP/1.1" 200 15137 "-" "Mozilla/5.0 (compatible; DataForSeoBot/1.0; +https://dataforseo.com/dataforseo-bot)"
220.181.51.118 - - [25/Nov/2025:07:36:33 -0500] "GET /?i=productse%2FE1065952.html HTTP/1.1" 200 15376 "-" "Mozilla/5.0 (Windows NT 10.0; WOW64) AppleWebKit/537.36 (KHTML, like Gecko) Chrome/48.0.2564.116 Safari/537.36"
136.243.220.211 - - [25/Nov/2025:07:36:35 -0500] "GET /category/casinobaxterbet/ HTTP/1.1" 200 15135 "-" "Mozilla/5.0 (compatible; DataForSeoBot/1.0; +https://dataforseo.com/dataforseo-bot)"
136.243.220.211 - - [25/Nov/2025:07:36:39 -0500] "GET /category/tenexcasino/page/4/ HTTP/1.1" 200 13542 "-" "Mozilla/5.0 (compatible; DataForSeoBot/1.0; +https://dataforseo.com/dataforseo-bot)"
116.179.33.148 - - [25/Nov/2025:07:36:44 -0500] "GET /wp-content/plugins/elementor/assets/js/frontend-modules.min.js?ver=3.33.2 HTTP/1.1" 200 23929 "-" "Mozilla/5.0 (Windows NT 10.0; Win64; x64) AppleWebKit/537.36 (KHTML, like Gecko) Chrome/99.0.4844.51 Safari/537.36"
116.179.33.212 - - [25/Nov/2025:07:36:44 -0500] "GET /wp-content/plugins/elementor/assets/js/webpack.runtime.min.js?ver=3.33.2 HTTP/1.1" 200 2481 "-" "Mozilla/5.0 (Windows NT 10.0; Win64; x64) AppleWebKit/537.36 (KHTML, like Gecko) Chrome/99.0.4844.51 Safari/537.36"
136.243.220.211 - - [25/Nov/2025:07:36:43 -0500] "GET /category/tenexcasino/page/3/ HTTP/1.1" 200 15694 "-" "Mozilla/5.0 (compatible; DataForSeoBot/1.0; +https://dataforseo.com/dataforseo-bot)"
116.179.33.205 - - [25/Nov/2025:07:36:46 -0500] "GET /wp-content/plugins/elementor-pro/assets/js/frontend.min.js?ver=3.33.1 HTTP/1.1" 200 6433 "-" "Mozilla/5.0 (Windows NT 10.0; Win64; x64) AppleWebKit/537.36 (KHTML, like Gecko) Chrome/99.0.4844.51 Safari/537.36"
136.243.220.211 - - [25/Nov/2025:07:36:48 -0500] "GET /category/tenexcasino/page/2/ HTTP/1.1" 200 14878 "-" "Mozilla/5.0 (compatible; DataForSeoBot/1.0; +https://dataforseo.com/dataforseo-bot)"
116.179.33.137 - - [25/Nov/2025:07:36:52 -0500] "GET /wp-content/plugins/elementor/assets/js/shared-frontend-handlers.03caa53373b56d3bab67.bundle.min.js HTTP/1.1" 200 2644 "-" "Mozilla/5.0 (Windows NT 10.0; Win64; x64) AppleWebKit/537.36 (KHTML, like Gecko) Chrome/99.0.4844.51 Safari/537.36"
136.243.220.211 - - [25/Nov/2025:07:36:51 -0500] "GET /tag/baxterbet-casino-mobile/ HTTP/1.1" 200 15129 "-" "Mozilla/5.0 (compatible; DataForSeoBot/1.0; +https://dataforseo.com/dataforseo-bot)"
116.179.33.71 - - [25/Nov/2025:07:36:53 -0500] "GET /wp-content/plugins/elementor/assets/js/text-editor.45609661e409413f1cef.bundle.min.js HTTP/1.1" 200 648 "-" "Mozilla/5.0 (Windows NT 10.0; Win64; x64) AppleWebKit/537.36 (KHTML, like Gecko) Chrome/99.0.4844.51 Safari/537.36"
136.243.220.211 - - [25/Nov/2025:07:36:55 -0500] "GET /category/instantcasino/page/4/ HTTP/1.1" 200 13540 "-" "Mozilla/5.0 (compatible; DataForSeoBot/1.0; +https://dataforseo.com/dataforseo-bot)"
136.243.220.211 - - [25/Nov/2025:07:37:00 -0500] "GET /category/instantcasino/page/2/ HTTP/1.1" 200 14876 "-" "Mozilla/5.0 (compatible; DataForSeoBot/1.0; +https://dataforseo.com/dataforseo-bot)"
136.243.220.211 - - [25/Nov/2025:07:37:03 -0500] "GET /category/instantcasino/page/3/ HTTP/1.1" 200 15692 "-" "Mozilla/5.0 (compatible; DataForSeoBot/1.0; +https://dataforseo.com/dataforseo-bot)"
136.243.220.211 - - [25/Nov/2025:07:37:07 -0500] "GET /2025/11/25/page/2/ HTTP/1.1" 200 14796 "-" "Mozilla/5.0 (compatible; DataForSeoBot/1.0; +https://dataforseo.com/dataforseo-bot)"
136.243.220.211 - - [25/Nov/2025:07:37:11 -0500] "GET /2025/11/25/page/4/ HTTP/1.1" 200 13459 "-" "Mozilla/5.0 (compatible; DataForSeoBot/1.0; +https://dataforseo.com/dataforseo-bot)"
136.243.220.211 - - [25/Nov/2025:07:37:15 -0500] "GET /2025/11/25/page/3/ HTTP/1.1" 200 15606 "-" "Mozilla/5.0 (compatible; DataForSeoBot/1.0; +https://dataforseo.com/dataforseo-bot)"
136.243.220.211 - - [25/Nov/2025:07:37:20 -0500] "GET /category/catspinscasino/page/3/ HTTP/1.1" 200 15697 "-" "Mozilla/5.0 (compatible; DataForSeoBot/1.0; +https://dataforseo.com/dataforseo-bot)"
136.243.220.211 - - [25/Nov/2025:07:37:23 -0500] "GET /category/catspinscasino/page/4/ HTTP/1.1" 200 13545 "-" "Mozilla/5.0 (compatible; DataForSeoBot/1.0; +https://dataforseo.com/dataforseo-bot)"
136.243.220.211 - - [25/Nov/2025:07:37:28 -0500] "GET /category/catspinscasino/page/2/ HTTP/1.1" 200 14882 "-" "Mozilla/5.0 (compatible; DataForSeoBot/1.0; +https://dataforseo.com/dataforseo-bot)"
136.243.220.211 - - [25/Nov/2025:07:37:31 -0500] "GET /tag/cool-cat-casino-free-spins-no-deposit-bonus-codes/ HTTP/1.1" 200 15161 "-" "Mozilla/5.0 (compatible; DataForSeoBot/1.0; +https://dataforseo.com/dataforseo-bot)"
136.243.220.211 - - [25/Nov/2025:07:37:36 -0500] "GET /category/casinoamonbet/page/2/ HTTP/1.1" 200 14879 "-" "Mozilla/5.0 (compatible; DataForSeoBot/1.0; +https://dataforseo.com/dataforseo-bot)"
136.243.220.211 - - [25/Nov/2025:07:37:40 -0500] "GET /category/casinoamonbet/page/4/ HTTP/1.1" 200 13546 "-" "Mozilla/5.0 (compatible; DataForSeoBot/1.0; +https://dataforseo.com/dataforseo-bot)"
136.243.220.211 - - [25/Nov/2025:07:37:43 -0500] "GET /category/casinoamonbet/page/3/ HTTP/1.1" 200 15699 "-" "Mozilla/5.0 (compatible; DataForSeoBot/1.0; +https://dataforseo.com/dataforseo-bot)"
136.243.220.211 - - [25/Nov/2025:07:37:47 -0500] "GET /category/rodeoslotcasino/page/4/ HTTP/1.1" 200 13546 "-" "Mozilla/5.0 (compatible; DataForSeoBot/1.0; +https://dataforseo.com/dataforseo-bot)"
136.243.220.211 - - [25/Nov/2025:07:37:51 -0500] "GET /category/rodeoslotcasino/page/3/ HTTP/1.1" 200 15701 "-" "Mozilla/5.0 (compatible; DataForSeoBot/1.0; +https://dataforseo.com/dataforseo-bot)"
136.243.220.211 - - [25/Nov/2025:07:37:55 -0500] "GET /category/rodeoslotcasino/page/2/ HTTP/1.1" 200 14885 "-" "Mozilla/5.0 (compatible; DataForSeoBot/1.0; +https://dataforseo.com/dataforseo-bot)"
136.243.220.211 - - [25/Nov/2025:07:37:59 -0500] "GET /category/711casino/page/2/ HTTP/1.1" 200 14875 "-" "Mozilla/5.0 (compatible; DataForSeoBot/1.0; +https://dataforseo.com/dataforseo-bot)"
136.243.220.211 - - [25/Nov/2025:07:38:03 -0500] "GET /category/711casino/page/4/ HTTP/1.1" 200 13540 "-" "Mozilla/5.0 (compatible; DataForSeoBot/1.0; +https://dataforseo.com/dataforseo-bot)"
136.243.220.211 - - [25/Nov/2025:07:38:07 -0500] "GET /category/711casino/page/3/ HTTP/1.1" 200 15690 "-" "Mozilla/5.0 (compatible; DataForSeoBot/1.0; +https://dataforseo.com/dataforseo-bot)"
136.243.220.211 - - [25/Nov/2025:07:38:12 -0500] "GET /category/bonanzacirtycasino/page/4/ HTTP/1.1" 200 13549 "-" "Mozilla/5.0 (compatible; DataForSeoBot/1.0; +https://dataforseo.com/dataforseo-bot)"
136.243.220.211 - - [25/Nov/2025:07:38:16 -0500] "GET /category/bonanzacirtycasino/page/2/ HTTP/1.1" 200 14893 "-" "Mozilla/5.0 (compatible; DataForSeoBot/1.0; +https://dataforseo.com/dataforseo-bot)"
38.93.230.31 - - [25/Nov/2025:07:38:20 -0500] "POST /wp-cron.php?doing_wp_cron=1764074300.8231029510498046875000 HTTP/1.1" 200 - "-" "WordPress/6.8.3; https://www.thetradingroom.com"
136.243.220.211 - - [25/Nov/2025:07:38:19 -0500] "GET /category/bonanzacirtycasino/page/3/ HTTP/1.1" 200 15708 "-" "Mozilla/5.0 (compatible; DataForSeoBot/1.0; +https://dataforseo.com/dataforseo-bot)"
136.243.220.211 - - [25/Nov/2025:07:38:25 -0500] "GET /category/casinobaxterbet/page/2/ HTTP/1.1" 200 14882 "-" "Mozilla/5.0 (compatible; DataForSeoBot/1.0; +https://dataforseo.com/dataforseo-bot)"
136.243.220.211 - - [25/Nov/2025:07:38:28 -0500] "GET /category/casinobaxterbet/page/4/ HTTP/1.1" 200 13547 "-" "Mozilla/5.0 (compatible; DataForSeoBot/1.0; +https://dataforseo.com/dataforseo-bot)"
136.243.220.211 - - [25/Nov/2025:07:38:32 -0500] "GET /category/casinobaxterbet/page/3/ HTTP/1.1" 200 15701 "-" "Mozilla/5.0 (compatible; DataForSeoBot/1.0; +https://dataforseo.com/dataforseo-bot)"
136.243.220.211 - - [25/Nov/2025:07:38:36 -0500] "GET /tag/baxterbet-casino-mobile/page/4/ HTTP/1.1" 200 13545 "-" "Mozilla/5.0 (compatible; DataForSeoBot/1.0; +https://dataforseo.com/dataforseo-bot)"
136.243.220.211 - - [25/Nov/2025:07:38:40 -0500] "GET /tag/baxterbet-casino-mobile/page/3/ HTTP/1.1" 200 15694 "-" "Mozilla/5.0 (compatible; DataForSeoBot/1.0; +https://dataforseo.com/dataforseo-bot)"
136.243.220.211 - - [25/Nov/2025:07:38:44 -0500] "GET /tag/baxterbet-casino-mobile/page/2/ HTTP/1.1" 200 14887 "-" "Mozilla/5.0 (compatible; DataForSeoBot/1.0; +https://dataforseo.com/dataforseo-bot)"
136.243.220.211 - - [25/Nov/2025:07:38:48 -0500] "GET /tag/cool-cat-casino-free-spins-no-deposit-bonus-codes/page/3/ HTTP/1.1" 200 15773 "-" "Mozilla/5.0 (compatible; DataForSeoBot/1.0; +https://dataforseo.com/dataforseo-bot)"
136.243.220.211 - - [25/Nov/2025:07:38:52 -0500] "GET /tag/cool-cat-casino-free-spins-no-deposit-bonus-codes/page/4/ HTTP/1.1" 200 13598 "-" "Mozilla/5.0 (compatible; DataForSeoBot/1.0; +https://dataforseo.com/dataforseo-bot)"
136.243.220.211 - - [25/Nov/2025:07:38:56 -0500] "GET /tag/cool-cat-casino-free-spins-no-deposit-bonus-codes/page/2/ HTTP/1.1" 200 14958 "-" "Mozilla/5.0 (compatible; DataForSeoBot/1.0; +https://dataforseo.com/dataforseo-bot)"
54.39.203.86 - - [25/Nov/2025:07:40:16 -0500] "GET /tag/intermarket-correlations/ HTTP/1.1" 200 15149 "-" "Mozilla/5.0 (compatible; AhrefsBot/7.0; +http://ahrefs.com/robot/)"
43.173.173.248 - - [25/Nov/2025:07:40:50 -0500] "GET /tag/risk-off HTTP/1.1" 301 - "-" "Mozilla/5.0 (Windows NT 6.1; Win64; x64) AppleWebKit/537.36 (KHTML, like Gecko) Chrome/126.0.6478.114 Safari/537.36"
43.173.173.248 - - [25/Nov/2025:07:40:52 -0500] "GET /tag/risk-off/ HTTP/1.1" 200 15127 "https://www.thetradingroom.com/tag/risk-off" "Mozilla/5.0 (Windows NT 6.1; Win64; x64) AppleWebKit/537.36 (KHTML, like Gecko) Chrome/126.0.6478.114 Safari/537.36"
114.119.141.203 - - [25/Nov/2025:07:41:21 -0500] "GET /2014/09/16/page/2 HTTP/1.1" 301 - "https://www.thetradingroom.com/2014/09/16" "Mozilla/5.0 (Linux; Android 7.0;) AppleWebKit/537.36 (KHTML, like Gecko) Mobile Safari/537.36 (compatible; PetalBot;+https://webmaster.petalsearch.com/site/petalbot)"
114.119.141.203 - - [25/Nov/2025:07:41:23 -0500] "GET /2014/09/16/page/2/ HTTP/1.1" 200 14804 "https://www.thetradingroom.com/2014/09/16" "Mozilla/5.0 (Linux; Android 7.0;) AppleWebKit/537.36 (KHTML, like Gecko) Mobile Safari/537.36 (compatible; PetalBot;+https://webmaster.petalsearch.com/site/petalbot)"
23.21.204.95 - - [25/Nov/2025:07:42:23 -0500] "GET /robots.txt HTTP/1.1" 200 105 "-" "Mozilla/5.0 AppleWebKit/537.36 (KHTML, like Gecko; compatible; Amazonbot/0.1; +https://developer.amazon.com/support/amazonbot) Chrome/119.0.6045.214 Safari/537.36"
44.207.69.106 - - [25/Nov/2025:07:42:23 -0500] "GET /market-outlook-2025/ HTTP/1.1" 200 15621 "-" "Mozilla/5.0 AppleWebKit/537.36 (KHTML, like Gecko; compatible; Amazonbot/0.1; +https://developer.amazon.com/support/amazonbot) Chrome/119.0.6045.214 Safari/537.36"
114.119.149.3 - - [25/Nov/2025:07:42:33 -0500] "GET /2014/05/18/page/2/ HTTP/1.1" 200 14804 "https://www.thetradingroom.com/2014/05/18/" "Mozilla/5.0 (Linux; Android 7.0;) AppleWebKit/537.36 (KHTML, like Gecko) Mobile Safari/537.36 (compatible; PetalBot;+https://webmaster.petalsearch.com/site/petalbot)"
220.181.108.84 - - [25/Nov/2025:07:43:24 -0500] "GET /pre-market-report/pre-market-activity-live-trading-room-3/attachment/japanese-yen-pic/ HTTP/1.1" 404 11091 "-" "Mozilla/5.0 (compatible; Baiduspider/2.0; +http://www.baidu.com/search/spider.html)"
85.203.45.106 - - [25/Nov/2025:07:45:44 -0500] "POST /xmlrpc.php HTTP/1.1" 200 672 "-" "Mozilla/5.0 (Windows NT 10.0; Win64; x64) AppleWebKit/537.36 (KHTML, like Gecko) Chrome/74.0.3729.169 Safari/537.36"
85.203.45.162 - - [25/Nov/2025:07:45:47 -0500] "POST /xmlrpc.php HTTP/1.1" 200 672 "-" "Mozilla/5.0 (Windows NT 10.0; Win64; x64) AppleWebKit/537.36 (KHTML, like Gecko) Chrome/74.0.3729.169 Safari/537.36"
162.241.219.158 - - [25/Nov/2025:07:48:28 -0500] "POST /xmlrpc.php HTTP/1.1" 200 225 "-" "Mozilla/5.0 (Windows NT 6.1; WOW64; Trident/7.0; MANM; MANM; rv:11.0) like Gecko"
46.70.79.207 - - [25/Nov/2025:07:48:53 -0500] "GET /wp-login.php HTTP/1.1" 200 2681 "-" "Mozilla/5.0 (Windows NT 10.0; Win64; x64) AppleWebKit/537.36 (KHTML, like Gecko) Chrome/124.0.0.0 Safari/537.36 WP-Bot/1.0 (+https://support.wordpress.com)"
194.87.216.140 - - [25/Nov/2025:07:48:54 -0500] "GET /wp-login.php HTTP/1.1" 200 2681 "-" "Mozilla/5.0 (Windows NT 10.0; Win64; x64) AppleWebKit/537.36 (KHTML, like Gecko) Chrome/124.0.0.0 Safari/537.36 WP-Bot/1.0 (+https://support.wordpress.com)"
46.70.79.207 - - [25/Nov/2025:07:48:54 -0500] "POST /wp-login.php HTTP/1.1" 302 - "https://www.thetradingroom.com/wp-login.php" "Mozilla/5.0 (Windows NT 10.0; Win64; x64) AppleWebKit/537.36 (KHTML, like Gecko) Chrome/124.0.0.0 Safari/537.36 WP-Bot/1.0 (+https://support.wordpress.com)"
194.87.216.140 - - [25/Nov/2025:07:48:57 -0500] "POST /wp-login.php HTTP/1.1" 302 - "https://www.thetradingroom.com/wp-login.php" "Mozilla/5.0 (Windows NT 10.0; Win64; x64) AppleWebKit/537.36 (KHTML, like Gecko) Chrome/124.0.0.0 Safari/537.36 WP-Bot/1.0 (+https://support.wordpress.com)"
46.70.79.207 - - [25/Nov/2025:07:48:57 -0500] "GET /wp-admin/profile.php HTTP/1.1" 200 29732 "https://www.thetradingroom.com/wp-login.php" "Mozilla/5.0 (Windows NT 10.0; Win64; x64) AppleWebKit/537.36 (KHTML, like Gecko) Chrome/124.0.0.0 Safari/537.36 WP-Bot/1.0 (+https://support.wordpress.com)"
194.87.216.140 - - [25/Nov/2025:07:49:01 -0500] "GET /wp-admin/profile.php HTTP/1.1" 200 29721 "https://www.thetradingroom.com/wp-login.php" "Mozilla/5.0 (Windows NT 10.0; Win64; x64) AppleWebKit/537.36 (KHTML, like Gecko) Chrome/124.0.0.0 Safari/537.36 WP-Bot/1.0 (+https://support.wordpress.com)"
46.70.79.207 - - [25/Nov/2025:07:49:02 -0500] "GET /wp-admin/plugins.php HTTP/1.1" 200 44701 "-" "Mozilla/5.0 (Windows NT 10.0; Win64; x64) AppleWebKit/537.36 (KHTML, like Gecko) Chrome/124.0.0.0 Safari/537.36 WP-Bot/1.0 (+https://support.wordpress.com)"
194.87.216.140 - - [25/Nov/2025:07:49:05 -0500] "GET /wp-admin/plugins.php HTTP/1.1" 200 44707 "-" "Mozilla/5.0 (Windows NT 10.0; Win64; x64) AppleWebKit/537.36 (KHTML, like Gecko) Chrome/124.0.0.0 Safari/537.36 WP-Bot/1.0 (+https://support.wordpress.com)"
46.70.79.207 - - [25/Nov/2025:07:49:07 -0500] "POST /wp-json/wp/v2/users/1/application-passwords HTTP/1.1" 201 298 "-" "Mozilla/5.0 (Windows NT 10.0; Win64; x64) AppleWebKit/537.36 (KHTML, like Gecko) Chrome/124.0.0.0 Safari/537.36 WP-Bot/1.0 (+https://support.wordpress.com)"
46.70.79.207 - - [25/Nov/2025:07:49:08 -0500] "GET /xmlrpc.php HTTP/1.1" 405 60 "-" "WP-Extra/1.2"
46.70.79.207 - - [25/Nov/2025:07:49:09 -0500] "GET /wp-json/wp/v2/users?search=bot&context=edit HTTP/1.1" 200 22 "-" "Mozilla/5.0 (Windows NT 10.0; Win64; x64) AppleWebKit/537.36 (KHTML, like Gecko) Chrome/124.0.0.0 Safari/537.36 WP-Bot/1.0 (+https://support.wordpress.com)"
194.87.216.140 - - [25/Nov/2025:07:49:10 -0500] "POST /wp-json/wp/v2/users/1/application-passwords HTTP/1.1" 201 296 "-" "Mozilla/5.0 (Windows NT 10.0; Win64; x64) AppleWebKit/537.36 (KHTML, like Gecko) Chrome/124.0.0.0 Safari/537.36 WP-Bot/1.0 (+https://support.wordpress.com)"
194.87.216.140 - - [25/Nov/2025:07:49:12 -0500] "GET /xmlrpc.php HTTP/1.1" 405 60 "-" "WP-Extra/1.2"
46.70.79.207 - - [25/Nov/2025:07:49:13 -0500] "POST /wp-json/wp/v2/users HTTP/1.1" 201 1189 "-" "Mozilla/5.0 (Windows NT 10.0; Win64; x64) AppleWebKit/537.36 (KHTML, like Gecko) Chrome/124.0.0.0 Safari/537.36 WP-Bot/1.0 (+https://support.wordpress.com)"
194.87.216.140 - - [25/Nov/2025:07:49:14 -0500] "GET /wp-json/wp/v2/users?search=bot&context=edit HTTP/1.1" 200 22 "-" "Mozilla/5.0 (Windows NT 10.0; Win64; x64) AppleWebKit/537.36 (KHTML, like Gecko) Chrome/124.0.0.0 Safari/537.36 WP-Bot/1.0 (+https://support.wordpress.com)"
209.50.162.94 - - [25/Nov/2025:07:49:15 -0500] "GET /wp-login.php HTTP/1.1" 200 2681 "-" "Mozilla/5.0 (Windows NT 10.0; Win64; x64; rv:127.0) Gecko/20100101 Firefox/127.0"
46.70.79.207 - - [25/Nov/2025:07:49:18 -0500] "POST /wp-json/wp/v2/users/5/application-passwords HTTP/1.1" 201 293 "-" "Mozilla/5.0 (Windows NT 10.0; Win64; x64) AppleWebKit/537.36 (KHTML, like Gecko) Chrome/124.0.0.0 Safari/537.36 WP-Bot/1.0 (+https://support.wordpress.com)"
194.87.216.140 - - [25/Nov/2025:07:49:19 -0500] "POST /wp-json/wp/v2/users HTTP/1.1" 500 99 "-" "Mozilla/5.0 (Windows NT 10.0; Win64; x64) AppleWebKit/537.36 (KHTML, like Gecko) Chrome/124.0.0.0 Safari/537.36 WP-Bot/1.0 (+https://support.wordpress.com)"
46.70.79.207 - - [25/Nov/2025:07:49:20 -0500] "GET /wp-admin/plugin-editor.php HTTP/1.1" 200 30229 "-" "Mozilla/5.0 (Windows NT 10.0; Win64; x64) AppleWebKit/537.36 (KHTML, like Gecko) Chrome/124.0.0.0 Safari/537.36 WP-Bot/1.0 (+https://support.wordpress.com)"
46.70.79.207 - - [25/Nov/2025:07:49:23 -0500] "POST /wp-admin/admin-ajax.php HTTP/1.1" 200 74 "-" "Mozilla/5.0 (Windows NT 10.0; Win64; x64) AppleWebKit/537.36 (KHTML, like Gecko) Chrome/124.0.0.0 Safari/537.36 WP-Bot/1.0 (+https://support.wordpress.com)"
46.70.79.207 - - [25/Nov/2025:07:49:24 -0500] "POST /wp-json/wp/v2/media HTTP/1.1" 500 124 "-" "Mozilla/5.0 (Windows NT 10.0; Win64; x64) AppleWebKit/537.36 (KHTML, like Gecko) Chrome/124.0.0.0 Safari/537.36 WP-Bot/1.0 (+https://support.wordpress.com)"
194.87.216.140 - - [25/Nov/2025:07:49:25 -0500] "POST /wp-json/wp/v2/users HTTP/1.1" 500 99 "-" "Mozilla/5.0 (Windows NT 10.0; Win64; x64) AppleWebKit/537.36 (KHTML, like Gecko) Chrome/124.0.0.0 Safari/537.36 WP-Bot/1.0 (+https://support.wordpress.com)"
209.50.162.94 - - [25/Nov/2025:07:49:26 -0500] "GET /wp-login.php?wp_lang=en_US HTTP/1.1" 200 2681 "-" "Mozilla/5.0 (Windows NT 10.0; Win64; x64) AppleWebKit/537.36 (KHTML, like Gecko) Chrome/124.0.6367.207 Safari/537.36"
46.70.79.207 - - [25/Nov/2025:07:49:28 -0500] "POST /wp-json/wp/v2/media HTTP/1.1" 500 124 "-" "Mozilla/5.0 (Windows NT 10.0; Win64; x64) AppleWebKit/537.36 (KHTML, like Gecko) Chrome/124.0.0.0 Safari/537.36 WP-Bot/1.0 (+https://support.wordpress.com)"
194.87.216.140 - - [25/Nov/2025:07:49:31 -0500] "POST /wp-json/wp/v2/users HTTP/1.1" 500 99 "-" "Mozilla/5.0 (Windows NT 10.0; Win64; x64) AppleWebKit/537.36 (KHTML, like Gecko) Chrome/124.0.0.0 Safari/537.36 WP-Bot/1.0 (+https://support.wordpress.com)"
209.50.162.94 - - [25/Nov/2025:07:49:31 -0500] "POST /wp-login.php?wp_lang=en_US HTTP/1.1" 302 - "https://www.thetradingroom.com/wp-login.php?wp_lang=en_US" "Mozilla/5.0 (Windows NT 10.0; Win64; x64) AppleWebKit/537.36 (KHTML, like Gecko) Chrome/124.0.6367.207 Safari/537.36"
46.70.79.207 - - [25/Nov/2025:07:49:32 -0500] "POST /wp-json/wp/v2/media HTTP/1.1" 500 124 "-" "Mozilla/5.0 (Windows NT 10.0; Win64; x64) AppleWebKit/537.36 (KHTML, like Gecko) Chrome/124.0.0.0 Safari/537.36 WP-Bot/1.0 (+https://support.wordpress.com)"
209.50.162.94 - - [25/Nov/2025:07:49:37 -0500] "GET /wp-admin/ HTTP/1.1" 200 29620 "https://www.thetradingroom.com/wp-login.php?wp_lang=en_US" "Mozilla/5.0 (Windows NT 10.0; Win64; x64) AppleWebKit/537.36 (KHTML, like Gecko) Chrome/124.0.6367.207 Safari/537.36"
46.70.79.207 - - [25/Nov/2025:07:49:41 -0500] "POST /wp-json/wp/v2/media HTTP/1.1" 500 124 "-" "Mozilla/5.0 (Windows NT 10.0; Win64; x64) AppleWebKit/537.36 (KHTML, like Gecko) Chrome/124.0.0.0 Safari/537.36 WP-Bot/1.0 (+https://support.wordpress.com)"
194.87.216.140 - - [25/Nov/2025:07:49:42 -0500] "POST /wp-json/wp/v2/users HTTP/1.1" 500 99 "-" "Mozilla/5.0 (Windows NT 10.0; Win64; x64) AppleWebKit/537.36 (KHTML, like Gecko) Chrome/124.0.0.0 Safari/537.36 WP-Bot/1.0 (+https://support.wordpress.com)"
46.70.79.207 - - [25/Nov/2025:07:49:48 -0500] "POST /wp-json/wp/v2/media HTTP/1.1" 500 124 "-" "Mozilla/5.0 (Windows NT 10.0; Win64; x64) AppleWebKit/537.36 (KHTML, like Gecko) Chrome/124.0.0.0 Safari/537.36 WP-Bot/1.0 (+https://support.wordpress.com)"
194.87.216.140 - - [25/Nov/2025:07:49:49 -0500] "POST /wp-json/wp/v2/users HTTP/1.1" 500 99 "-" "Mozilla/5.0 (Windows NT 10.0; Win64; x64) AppleWebKit/537.36 (KHTML, like Gecko) Chrome/124.0.0.0 Safari/537.36 WP-Bot/1.0 (+https://support.wordpress.com)"
209.50.162.94 - - [25/Nov/2025:07:49:52 -0500] "GET /wp-admin/plugins.php HTTP/1.1" 200 44688 "-" "Mozilla/5.0 (Windows NT 10.0; Win64; x64) AppleWebKit/537.36 (KHTML, like Gecko) Chrome/124.0.6367.207 Safari/537.36"
46.70.79.207 - - [25/Nov/2025:07:49:55 -0500] "POST /wp-json/wp/v2/media HTTP/1.1" 500 124 "-" "Mozilla/5.0 (Windows NT 10.0; Win64; x64) AppleWebKit/537.36 (KHTML, like Gecko) Chrome/124.0.0.0 Safari/537.36 WP-Bot/1.0 (+https://support.wordpress.com)"
46.70.79.207 - - [25/Nov/2025:07:49:58 -0500] "POST /xmlrpc.php HTTP/1.1" 200 206 "-" "Mozilla/5.0 (Windows NT 10.0; Win64; x64) AppleWebKit/537.36 (KHTML, like Gecko) Chrome/124.0.0.0 Safari/537.36 WP-Bot/1.0 (+https://support.wordpress.com)"
194.87.216.140 - - [25/Nov/2025:07:49:58 -0500] "POST /wp-json/wp/v2/users HTTP/1.1" 500 99 "-" "Mozilla/5.0 (Windows NT 10.0; Win64; x64) AppleWebKit/537.36 (KHTML, like Gecko) Chrome/124.0.0.0 Safari/537.36 WP-Bot/1.0 (+https://support.wordpress.com)"
46.70.79.207 - - [25/Nov/2025:07:50:03 -0500] "POST /wp-admin/admin-ajax.php HTTP/1.1" 200 74 "-" "Mozilla/5.0 (Windows NT 10.0; Win64; x64) AppleWebKit/537.36 (KHTML, like Gecko) Chrome/124.0.0.0 Safari/537.36 WP-Bot/1.0 (+https://support.wordpress.com)"
46.70.79.207 - - [25/Nov/2025:07:50:05 -0500] "GET /wp-json/wp/v2/roles?context=edit HTTP/1.1" 404 117 "-" "Mozilla/5.0 (Windows NT 10.0; Win64; x64) AppleWebKit/537.36 (KHTML, like Gecko) Chrome/124.0.0.0 Safari/537.36 WP-Bot/1.0 (+https://support.wordpress.com)"
209.50.162.94 - - [25/Nov/2025:07:50:05 -0500] "GET /wp-admin/plugin-install.php HTTP/1.1" 200 29310 "-" "Mozilla/5.0 (Windows NT 10.0; Win64; x64) AppleWebKit/537.36 (KHTML, like Gecko) Chrome/124.0.6367.207 Safari/537.36"
209.50.162.94 - - [25/Nov/2025:07:50:11 -0500] "POST /wp-admin/update.php?action=upload-plugin HTTP/1.1" 200 20955 "https://www.thetradingroom.com/wp-admin/update.php?action=upload-plugin" "Mozilla/5.0 (Windows NT 10.0; Win64; x64) AppleWebKit/537.36 (KHTML, like Gecko) Chrome/124.0.6367.207 Safari/537.36"
209.50.162.94 - - [25/Nov/2025:07:50:20 -0500] "GET /wp-admin/plugins.php?action=activate&plugin=no-scroll-file%2Fwpbasiccaheengine.php&_wpnonce=6792da6356 HTTP/1.1" 302 - "-" "Mozilla/5.0 (Windows NT 10.0; Win64; x64) AppleWebKit/537.36 (KHTML, like Gecko) Chrome/124.0.6367.207 Safari/537.36"
209.50.162.94 - - [25/Nov/2025:07:50:23 -0500] "GET /wp-admin/plugins.php?activate=true&plugin_status=all&paged=1&s= HTTP/1.1" 200 44779 "-" "Mozilla/5.0 (Windows NT 10.0; Win64; x64) AppleWebKit/537.36 (KHTML, like Gecko) Chrome/124.0.6367.207 Safari/537.36"
161.35.77.74 - - [25/Nov/2025:07:50:41 -0500] "POST /xmlrpc.php HTTP/1.1" 200 206 "-" "Mozilla/5.0 (Windows NT 10.0; Win64; x64; rv:84.0) Gecko/20100101 Firefox/84.0"
198.244.213.61 - - [25/Nov/2025:07:51:07 -0500] "GET /wp-login.php HTTP/1.1" 200 2681 "-" "Mozilla/5.0 (Windows NT 6.3; Win64; x64; Trident/7.0; Touch; MAARJS; rv:11.0) like Gecko"
198.244.213.61 - - [25/Nov/2025:07:51:09 -0500] "POST /wp-login.php HTTP/1.1" 200 2852 "https://www.thetradingroom.com/wp-login.php" "Mozilla/5.0 (Windows NT 6.3; Win64; x64; Trident/7.0; Touch; MAARJS; rv:11.0) like Gecko"
218.152.33.183 - - [25/Nov/2025:07:51:33 -0500] "GET /pre-market-trading-report-stocks-bonds-commodities-forex-66/ HTTP/1.1" 404 11462 "https://www.thetradingroom.com/" "Mozilla/5.0 (Macintosh; Intel Mac OS X 12_5) AppleWebKit/537.36 (KHTML, like Gecko) Chrome/114.0.0.0 YaBrowser/22.7.0 Yowser/2.5 Safari/537.36"
218.152.33.183 - - [25/Nov/2025:07:51:41 -0500] "GET / HTTP/1.1" 200 15756 "-" "Mozilla/5.0 (Macintosh; Intel Mac OS X 12_5) AppleWebKit/537.36 (KHTML, like Gecko) Chrome/114.0.0.0 YaBrowser/22.7.0 Yowser/2.5 Safari/537.36"
218.152.33.183 - - [25/Nov/2025:07:51:50 -0500] "GET /wp-login.php?action=register HTTP/1.1" 302 - "https://www.thetradingroom.com" "Mozilla/5.0 (Windows NT 6.3; Win64; x64) AppleWebKit/537.36 (KHTML, like Gecko) Chrome/103.0.0.0 Safari/537.36"
218.152.33.183 - - [25/Nov/2025:07:52:00 -0500] "GET /wp-login.php?registration=disabled HTTP/1.1" 200 2754 "https://www.thetradingroom.com/wp-login.php?action=register" "Mozilla/5.0 (Windows NT 6.3; Win64; x64) AppleWebKit/537.36 (KHTML, like Gecko) Chrome/103.0.0.0 Safari/537.36"
103.221.220.98 - - [25/Nov/2025:07:54:09 -0500] "GET /wp-login.php HTTP/1.1" 200 2681 "-" "Mozilla/5.0 (Windows NT 6.1; Win64; x64) AppleWebKit/537.36 (KHTML, like Gecko) Chrome/66.0.3359.170 Safari/537.36"
103.221.220.98 - - [25/Nov/2025:07:54:13 -0500] "POST /wp-login.php HTTP/1.1" 200 2815 "https://www.thetradingroom.com/wp-login.php" "Mozilla/5.0 (Windows NT 6.1; Win64; x64) AppleWebKit/537.36 (KHTML, like Gecko) Chrome/66.0.3359.170 Safari/537.36"
178.62.13.41 - - [25/Nov/2025:07:55:13 -0500] "POST /xmlrpc.php HTTP/1.1" 200 206 "-" "Mozilla/5.0 (Windows NT 10.0; Win64; x64; rv:58.0) Gecko/20100101 Firefox/58.0"
220.181.108.147 - - [25/Nov/2025:07:59:34 -0500] "GET /?i=productsr%2FJ579029.html HTTP/1.1" 200 15379 "-" "Mozilla/5.0 (compatible; Baiduspider/2.0; +http://www.baidu.com/search/spider.html)"
116.179.37.103 - - [25/Nov/2025:07:59:39 -0500] "GET /wp-content/plugins/elementor-pro/assets/js/frontend.min.js?ver=3.33.1 HTTP/1.1" 200 6433 "-" "Mozilla/5.0 (compatible; Baiduspider-render/2.0; +http://www.baidu.com/search/spider.html)"
116.179.37.124 - - [25/Nov/2025:07:59:39 -0500] "GET /wp-content/uploads/elementor/css/post-8.css?ver=1764075094 HTTP/1.1" 200 475 "-" "Mozilla/5.0 (compatible; Baiduspider-render/2.0; +http://www.baidu.com/search/spider.html)"
116.179.37.172 - - [25/Nov/2025:07:59:40 -0500] "GET /wp-content/uploads/elementor/css/post-10.css?ver=1764075103 HTTP/1.1" 200 2939 "-" "Mozilla/5.0 (compatible; Baiduspider-render/2.0; +http://www.baidu.com/search/spider.html)"
116.179.37.12 - - [25/Nov/2025:07:59:40 -0500] "GET /wp-content/plugins/contact-form-7/includes/css/styles.css?ver=6.1.3 HTTP/1.1" 200 1031 "-" "Mozilla/5.0 (compatible; Baiduspider-render/2.0; +http://www.baidu.com/search/spider.html)"
116.179.37.244 - - [25/Nov/2025:07:59:41 -0500] "GET /wp-content/uploads/elementor/css/post-144.css?ver=1764075094 HTTP/1.1" 200 1589 "-" "Mozilla/5.0 (compatible; Baiduspider-render/2.0; +http://www.baidu.com/search/spider.html)"
116.179.37.120 - - [25/Nov/2025:07:59:41 -0500] "GET /wp-content/uploads/elementor/css/post-392.css?ver=1764075094 HTTP/1.1" 200 127 "-" "Mozilla/5.0 (compatible; Baiduspider-render/2.0; +http://www.baidu.com/search/spider.html)"
82.208.114.6 - - [25/Nov/2025:08:00:43 -0500] "GET / HTTP/1.1" 200 15758 "https://yandex.ru/" "Mozilla/5.0 (Windows NT 10.0; Win64; x64) AppleWebKit/537.36 (KHTML, like Gecko) Chrome/128.0.0.0 YaBrowser/24.10.0.0 Safari/537.36"
82.208.114.6 - - [25/Nov/2025:08:00:45 -0500] "GET /wp-content/plugins/contact-form-7/includes/css/styles.css?ver=6.1.3 HTTP/1.1" 200 1031 "-" "Mozilla/5.0 (Windows NT 10.0; Win64; x64) AppleWebKit/537.36 (KHTML, like Gecko) Chrome/128.0.0.0 YaBrowser/24.10.0.0 Safari/537.36"
82.208.114.6 - - [25/Nov/2025:08:00:45 -0500] "GET /wp-content/themes/hello-elementor/assets/css/reset.css?ver=3.4.5 HTTP/1.1" 200 1792 "-" "Mozilla/5.0 (Windows NT 10.0; Win64; x64) AppleWebKit/537.36 (KHTML, like Gecko) Chrome/128.0.0.0 YaBrowser/24.10.0.0 Safari/537.36"
82.208.114.6 - - [25/Nov/2025:08:00:45 -0500] "GET /wp-content/themes/hello-elementor/assets/css/theme.css?ver=3.4.5 HTTP/1.1" 200 1271 "-" "Mozilla/5.0 (Windows NT 10.0; Win64; x64) AppleWebKit/537.36 (KHTML, like Gecko) Chrome/128.0.0.0 YaBrowser/24.10.0.0 Safari/537.36"
82.208.114.6 - - [25/Nov/2025:08:00:45 -0500] "GET /wp-content/themes/hello-elementor/assets/css/header-footer.css?ver=3.4.5 HTTP/1.1" 200 1423 "-" "Mozilla/5.0 (Windows NT 10.0; Win64; x64) AppleWebKit/537.36 (KHTML, like Gecko) Chrome/128.0.0.0 YaBrowser/24.10.0.0 Safari/537.36"
82.208.114.6 - - [25/Nov/2025:08:00:45 -0500] "GET /wp-content/uploads/elementor/css/post-8.css?ver=1764075094 HTTP/1.1" 200 475 "-" "Mozilla/5.0 (Windows NT 10.0; Win64; x64) AppleWebKit/537.36 (KHTML, like Gecko) Chrome/128.0.0.0 YaBrowser/24.10.0.0 Safari/537.36"
82.208.114.6 - - [25/Nov/2025:08:00:45 -0500] "GET /wp-content/plugins/elementor/assets/css/frontend.min.css?ver=3.33.2 HTTP/1.1" 200 7190 "-" "Mozilla/5.0 (Windows NT 10.0; Win64; x64) AppleWebKit/537.36 (KHTML, like Gecko) Chrome/128.0.0.0 YaBrowser/24.10.0.0 Safari/537.36"
82.208.114.6 - - [25/Nov/2025:08:00:45 -0500] "GET /wp-content/plugins/elementor/assets/css/widget-heading.min.css?ver=3.33.2 HTTP/1.1" 200 160 "-" "Mozilla/5.0 (Windows NT 10.0; Win64; x64) AppleWebKit/537.36 (KHTML, like Gecko) Chrome/128.0.0.0 YaBrowser/24.10.0.0 Safari/537.36"
82.208.114.6 - - [25/Nov/2025:08:00:45 -0500] "GET /wp-content/plugins/elementor/assets/css/widget-icon-list.min.css?ver=3.33.2 HTTP/1.1" 200 1031 "-" "Mozilla/5.0 (Windows NT 10.0; Win64; x64) AppleWebKit/537.36 (KHTML, like Gecko) Chrome/128.0.0.0 YaBrowser/24.10.0.0 Safari/537.36"
82.208.114.6 - - [25/Nov/2025:08:00:45 -0500] "GET /wp-content/plugins/elementor/assets/css/widget-image.min.css?ver=3.33.2 HTTP/1.1" 200 135 "-" "Mozilla/5.0 (Windows NT 10.0; Win64; x64) AppleWebKit/537.36 (KHTML, like Gecko) Chrome/128.0.0.0 YaBrowser/24.10.0.0 Safari/537.36"
82.208.114.6 - - [25/Nov/2025:08:00:45 -0500] "GET /wp-content/plugins/elementor/assets/css/widget-divider.min.css?ver=3.33.2 HTTP/1.1" 200 741 "-" "Mozilla/5.0 (Windows NT 10.0; Win64; x64) AppleWebKit/537.36 (KHTML, like Gecko) Chrome/128.0.0.0 YaBrowser/24.10.0.0 Safari/537.36"
82.208.114.6 - - [25/Nov/2025:08:00:45 -0500] "GET /wp-content/plugins/elementor-pro/assets/css/widget-flip-box.min.css?ver=3.33.1 HTTP/1.1" 200 1380 "-" "Mozilla/5.0 (Windows NT 10.0; Win64; x64) AppleWebKit/537.36 (KHTML, like Gecko) Chrome/128.0.0.0 YaBrowser/24.10.0.0 Safari/537.36"
82.208.114.6 - - [25/Nov/2025:08:00:45 -0500] "GET /wp-content/uploads/elementor/css/post-10.css?ver=1764075103 HTTP/1.1" 200 2939 "-" "Mozilla/5.0 (Windows NT 10.0; Win64; x64) AppleWebKit/537.36 (KHTML, like Gecko) Chrome/128.0.0.0 YaBrowser/24.10.0.0 Safari/537.36"
82.208.114.6 - - [25/Nov/2025:08:00:45 -0500] "GET /wp-content/plugins/elementor/assets/lib/animations/styles/e-animation-grow.min.css?ver=3.33.2 HTTP/1.1" 200 118 "-" "Mozilla/5.0 (Windows NT 10.0; Win64; x64) AppleWebKit/537.36 (KHTML, like Gecko) Chrome/128.0.0.0 YaBrowser/24.10.0.0 Safari/537.36"
82.208.114.6 - - [25/Nov/2025:08:00:45 -0500] "GET /wp-content/uploads/elementor/css/post-392.css?ver=1764075094 HTTP/1.1" 200 127 "-" "Mozilla/5.0 (Windows NT 10.0; Win64; x64) AppleWebKit/537.36 (KHTML, like Gecko) Chrome/128.0.0.0 YaBrowser/24.10.0.0 Safari/537.36"
82.208.114.6 - - [25/Nov/2025:08:00:45 -0500] "GET /wp-content/uploads/elementor/css/post-144.css?ver=1764075094 HTTP/1.1" 200 1589 "-" "Mozilla/5.0 (Windows NT 10.0; Win64; x64) AppleWebKit/537.36 (KHTML, like Gecko) Chrome/128.0.0.0 YaBrowser/24.10.0.0 Safari/537.36"
82.208.114.6 - - [25/Nov/2025:08:00:45 -0500] "GET /wp-content/plugins/essential-addons-for-elementor-lite/assets/front-end/css/view/general.min.css?ver=6.5.1 HTTP/1.1" 200 1596 "-" "Mozilla/5.0 (Windows NT 10.0; Win64; x64) AppleWebKit/537.36 (KHTML, like Gecko) Chrome/128.0.0.0 YaBrowser/24.10.0.0 Safari/537.36"
82.208.114.6 - - [25/Nov/2025:08:00:45 -0500] "GET /wp-content/uploads/elementor/google-fonts/css/roboto.css?ver=1748907502 HTTP/1.1" 200 2882 "-" "Mozilla/5.0 (Windows NT 10.0; Win64; x64) AppleWebKit/537.36 (KHTML, like Gecko) Chrome/128.0.0.0 YaBrowser/24.10.0.0 Safari/537.36"
82.208.114.6 - - [25/Nov/2025:08:00:45 -0500] "GET /wp-content/uploads/elementor/google-fonts/css/robotoslab.css?ver=1748907505 HTTP/1.1" 200 963 "-" "Mozilla/5.0 (Windows NT 10.0; Win64; x64) AppleWebKit/537.36 (KHTML, like Gecko) Chrome/128.0.0.0 YaBrowser/24.10.0.0 Safari/537.36"
82.208.114.6 - - [25/Nov/2025:08:00:45 -0500] "GET /wp-content/uploads/elementor/google-fonts/css/opensans.css?ver=1748907512 HTTP/1.1" 200 2593 "-" "Mozilla/5.0 (Windows NT 10.0; Win64; x64) AppleWebKit/537.36 (KHTML, like Gecko) Chrome/128.0.0.0 YaBrowser/24.10.0.0 Safari/537.36"
82.208.114.6 - - [25/Nov/2025:08:00:45 -0500] "GET /wp-content/uploads/elementor/google-fonts/css/aronesans.css?ver=1748907513 HTTP/1.1" 200 562 "-" "Mozilla/5.0 (Windows NT 10.0; Win64; x64) AppleWebKit/537.36 (KHTML, like Gecko) Chrome/128.0.0.0 YaBrowser/24.10.0.0 Safari/537.36"
82.208.114.6 - - [25/Nov/2025:08:00:45 -0500] "GET /wp-content/uploads/elementor/google-fonts/css/opensanshebrew.css?ver=1748907515 HTTP/1.1" 200 435 "-" "Mozilla/5.0 (Windows NT 10.0; Win64; x64) AppleWebKit/537.36 (KHTML, like Gecko) Chrome/128.0.0.0 YaBrowser/24.10.0.0 Safari/537.36"
82.208.114.6 - - [25/Nov/2025:08:00:45 -0500] "GET /wp-includes/js/jquery/jquery-migrate.min.js?ver=3.4.1 HTTP/1.1" 200 4872 "-" "Mozilla/5.0 (Windows NT 10.0; Win64; x64) AppleWebKit/537.36 (KHTML, like Gecko) Chrome/128.0.0.0 YaBrowser/24.10.0.0 Safari/537.36"
82.208.114.6 - - [25/Nov/2025:08:00:45 -0500] "GET /wp-includes/js/jquery/jquery.min.js?ver=3.7.1 HTTP/1.1" 200 30368 "-" "Mozilla/5.0 (Windows NT 10.0; Win64; x64) AppleWebKit/537.36 (KHTML, like Gecko) Chrome/128.0.0.0 YaBrowser/24.10.0.0 Safari/537.36"
82.208.114.6 - - [25/Nov/2025:08:00:45 -0500] "GET /wp-content/uploads/2024/12/tr-logo-gold-trans-1024x332-1.png HTTP/1.1" 200 40724 "-" "Mozilla/5.0 (Windows NT 10.0; Win64; x64) AppleWebKit/537.36 (KHTML, like Gecko) Chrome/128.0.0.0 YaBrowser/24.10.0.0 Safari/537.36"
82.208.114.6 - - [25/Nov/2025:08:00:45 -0500] "GET /wp-content/uploads/2024/12/I-newton-Final-logo-01-2-1-1024x820.png HTTP/1.1" 200 27190 "-" "Mozilla/5.0 (Windows NT 10.0; Win64; x64) AppleWebKit/537.36 (KHTML, like Gecko) Chrome/128.0.0.0 YaBrowser/24.10.0.0 Safari/537.36"
